000
CXUS55 KGJT 010910
CF6CEZ
PRELIMINARY LOCAL CLIMATOLOGICAL DATA (WS FORM: F-6)
STATION: CORTEZ CO
MONTH: SEPTEMBER
YEAR: 2023
LATITUDE: 37 17 N
LONGITUDE: 108 38 W
TEMPERATURE IN F: :PCPN: SNOW: WIND :SUNSHINE: SKY :PK WND
================================================================================
1 2 3 4 5 6A 6B 7 8 9 10 11 12 13 14 15 16 17 18
12Z AVG MX 2MIN
DY MAX MIN AVG DEP HDD CDD WTR SNW DPTH SPD SPD DIR MIN PSBL S-S WX SPD DR
================================================================================
1 90 54 72 6 0 7 0.00 M M 7.4 17 250 M M 0 29 240
2 84 60 72 6 0 7 0.02 M M 5.3 18 220 M M 3 8 26 290
3 85 56 71 5 0 6 T M M 6.9 17 210 M M 2 26 220
4 79 51 65 0 0 0 0.00 M M 7.3 21 290 M M 3 27 290
5 83 43 63 -2 2 0 0.00 M M 6.1 17 210 M M 1 24 210
6 87 42 65 0 0 0 0.00 M M 5.8 18 210 M M 0 25 200
7 88 42 65 1 0 0 0.00 M M 5.1 20 290 M M 0 27 300
8 89 39 64 0 1 0 0.00 M M 6.1 18 300 M M 0 24 260
9 91 44 68 4 0 3 0.00 M M 6.2 15 250 M M 0 25 250
10 88 46 67 3 0 2 0.07 M M 8.3 25 310 M M 3 1 36 290
11 81 53 67 4 0 2 0.01 M M 4.2 14 290 M M 4 1 18 310
12 77 50 64 1 1 0 0.91 M M 6.0 23 270 M M 6 138 30 270
13 72 51 62 0 3 0 0.02 M M 3.6 13 70 M M 5 1 17 70
14 72 46 59 -3 6 0 T M M 5.4 18 290 M M 4 3 25 360
15 66 46 56 -6 9 0 0.05 M M 3.7 15 360 M M 6 13 19 350
16 76 41 59 -2 6 0 0.00 M M 3.4 10 50 M M 0 13 230
17 81 43 62 1 3 0 0.00 M M 4.1 17 290 M M 1 23 290
18 77 44 61 0 4 0 0.10 M M 6.6 32 200 M M 3 13 42 210
19 79 42 61 1 4 0 0.00 M M 5.2 17 300 M M 0 8 24 290
20 78 39 59 -1 6 0 0.00 M M 7.8 24 120 M M 0 31 120
21 79 53 66 7 0 1 0.00 M M 10.6 24 200 M M 1 33 200
22 78 38 58 -1 7 0 0.00 M M 7.9 22 210 M M 0 28 210
23 72 48 60 1 5 0 0.09 M M 6.2 23 290 M M 4 1 35 290
24 73 42 58 0 7 0 T M M 4.9 15 80 M M 1 1 18 200
25 79 36 58 0 7 0 0.00 M M 5.3 13 50 M M 0 19 240
26 82 39 61 4 4 0 0.00 M M 5.7 14 200 M M 0 25 280
27 82 36 59 2 6 0 0.00 M M 5.3 16 190 M M 0 23 200
28 80 37 59 3 6 0 0.00 M M 6.6 20 210 M M 0 27 210
29 81 35 58 2 7 0 0.00 M M 4.9 17 220 M M 0 31 200
30 82 41 62 6 3 0 T M M 7.2 30 160 M M 1 3 47 140
================================================================================
SM 2411 1337 97 28 1.27 M 179.1 M 48
================================================================================
AV 80.4 44.6 6.0 FASTST M M 2 MAX(MPH)
MISC ----> 32 200 47 140
================================================================================
NOTES:
# LAST OF SEVERAL OCCURRENCES
COLUMN 17 PEAK WIND IN M.P.H.
PRELIMINARY LOCAL CLIMATOLOGICAL DATA (WS FORM: F-6) , PAGE 2
STATION: CORTEZ CO
MONTH: SEPTEMBER
YEAR: 2023
LATITUDE: 37 17 N
LONGITUDE: 108 38 W
[TEMPERATURE DATA] [PRECIPITATION DATA] SYMBOLS USED IN COLUMN 16
AVERAGE MONTHLY: 62.5 TOTAL FOR MONTH: 1.27 1 = FOG OR MIST
DPTR FM NORMAL: 1.1 DPTR FM NORMAL: -0.31 2 = FOG REDUCING VISIBILITY
HIGHEST: 91 ON 9 GRTST 24HR 0.93 ON 12-13 TO 1/4 MILE OR LESS
LOWEST: 35 ON 29 3 = THUNDER
SNOW, ICE PELLETS, HAIL 4 = ICE PELLETS
TOTAL MONTH: M 5 = HAIL
GRTST 24HR M ON M 6 = FREEZING RAIN OR DRIZZLE
GRTST DEPTH: M ON M 7 = DUSTSTORM OR SANDSTORM:
VSBY 1/2 MILE OR LESS
8 = SMOKE OR HAZE
[NO. OF DAYS WITH] [WEATHER - DAYS WITH] 9 = BLOWING SNOW
X = TORNADO
MAX 32 OR BELOW: 0 0.01 INCH OR MORE: 8
MAX 90 OR ABOVE: 2 0.10 INCH OR MORE: 2
MIN 32 OR BELOW: 0 0.50 INCH OR MORE: 1
MIN 0 OR BELOW: 0 1.00 INCH OR MORE: 0
[HDD (BASE 65) ]
TOTAL THIS MO. 97 CLEAR (SCALE 0-3) 23
DPTR FM NORMAL -37 PTCLDY (SCALE 4-7) 7
TOTAL FM JUL 1 97 CLOUDY (SCALE 8-10) 0
DPTR FM NORMAL -48
[CDD (BASE 65) ]
TOTAL THIS MO. 28
DPTR FM NORMAL 3 [PRESSURE DATA]
TOTAL FM JAN 1 579 HIGHEST SLP M ON M
DPTR FM NORMAL 90 LOWEST SLP 29.69 ON 30
[REMARKS]
#FINAL-09-23#