000
CXUS53 KPAH 010800
CF6CGI
PRELIMINARY LOCAL CLIMATOLOGICAL DATA (WS FORM: F-6)
STATION: CAPE GIRARDEAU MO
MONTH: DECEMBER
YEAR: 2021
LATITUDE: 37 13 N
LONGITUDE: 89 35 W
TEMPERATURE IN F: :PCPN: SNOW: WIND :SUNSHINE: SKY :PK WND
================================================================================
1 2 3 4 5 6A 6B 7 8 9 10 11 12 13 14 15 16 17 18
12Z AVG MX 2MIN
DY MAX MIN AVG DEP HDD CDD WTR SNW DPTH SPD SPD DIR MIN PSBL S-S WX SPD DR
================================================================================
1 59 37 48 6 17 0 0.10 M M 4.3 15 140 M M 3 128 19 140
2 72 35 54 13 11 0 0.00 M M 5.2 14 230 M M 2 12 17 250
3 72 36 54 13 11 0 0.00 M M 2.9 12 190 M M 0 12 17 190
4 61 43 52 11 13 0 0.00 M M 9.2 18 40 M M 1 24 50
5 67 44 56 16 9 0 0.23 M M 14.3 26 280 M M 10 13 40 190
6 60 30 45 5 20 0 1.72 M M 12.2 32 350 M M 3 13 44 360
7 38 28 33 -7 32 0 0.00 M M 5.5 13 60 M M 3 15 70
8 51 27 39 -1 26 0 0.00 M M 3.2 12 340 M M 1 15 340
9 57 37 47 8 18 0 0.00 M M 9.2 20 190 M M 6 1 31 180
10 73 56 65 26 0 0 0.27 M M 11.7 38 210 M M 9 123 58 220
11 69 29 49 10 16 0 0.33 M M 12.5 37 210 M M 3 13 57 210
12 50 25 38 -1 27 0 0.00 M M 5.0 16 200 M M 0 21 180
13 54 28 41 3 24 0 0.00 M M 4.7 14 190 M M 0 17 160
14 66 35 51 13 14 0 0.02 M M 5.5 15 170 M M 6 23 170
15 64 60 62 24 3 0 0.00 M M 18.0 29 170 M M 10 18 41 160
16 65 42 54 16 11 0 0.55 M M 12.2 30 200 M M 8 13 43 170
17 52 42 47 9 18 0 1.09 M M 6.2 16 70 M M 8 1 20 70
18 58 34 46 8 19 0 0.97 M M 12.8 24 290 M M 8 13 36 260
19 44 28 36 -1 29 0 0.00 M M 5.8 14 30 M M 5 18 17 40
20 45 25 35 -2 30 0 0.00 M M 1.5 7 200 M M 0 1 10 270
21 51 26 39 2 26 0 0.00 M M 3.9 12 190 M M 0 18 16 350
22 46 27 37 0 28 0 0.00 M M 6.0 14 60 M M 0 17 60
23 56 27 42 5 23 0 0.00 M M 9.2 21 190 M M 6 34 210
24 65 54 60 24 5 0 0.00 M M 17.2 29 210 M M 8 43 190
25 74 47 61 25 4 0 0.00 M M 12.1 25 250 M M 3 1 34 240
26 68 38 53 17 12 0 0.00 M M 9.0 25 200 M M 9 128 38 210
27 73 52 63 27 2 0 0.00 M M 11.2 21 360 M M 6 33 190
28 68 51 60 24 5 0 0.33 M M 9.6 28 210 M M 10 12 41 250
29 55 41 48 12 17 0 0.11 M M 6.6 17 30 M M 7 12 22 30
30 54 45 50 14 15 0 0.00 M M 4.4 10 180 M M 10 1 14 170
31 66 51 59 24 6 0 0.11 M M 10.1 24 200 M M 9 128 34 200
================================================================================
SM 1853 1180 491 0 5.83 M 261.2 M 154
================================================================================
AV 59.8 38.1 8.4 FASTST M M 5 MAX(MPH)
MISC ----> 38 210 58 220
================================================================================
NOTES:
# LAST OF SEVERAL OCCURRENCES
COLUMN 17 PEAK WIND IN M.P.H.
PRELIMINARY LOCAL CLIMATOLOGICAL DATA (WS FORM: F-6) , PAGE 2
STATION: CAPE GIRARDEAU MO
MONTH: DECEMBER
YEAR: 2021
LATITUDE: 37 13 N
LONGITUDE: 89 35 W
[TEMPERATURE DATA] [PRECIPITATION DATA] SYMBOLS USED IN COLUMN 16
AVERAGE MONTHLY: 48.9 TOTAL FOR MONTH: 5.83 1 = FOG OR MIST
DPTR FM NORMAL: 10.9 DPTR FM NORMAL: 2.21 2 = FOG REDUCING VISIBILITY
HIGHEST: 74 ON 25 GRTST 24HR 2.01 ON 17-18 TO 1/4 MILE OR LESS
LOWEST: 25 ON 20,12 3 = THUNDER
SNOW, ICE PELLETS, HAIL 4 = ICE PELLETS
TOTAL MONTH: M 5 = HAIL
GRTST 24HR M ON M 6 = FREEZING RAIN OR DRIZZLE
GRTST DEPTH: M ON M 7 = DUSTSTORM OR SANDSTORM:
VSBY 1/2 MILE OR LESS
8 = SMOKE OR HAZE
[NO. OF DAYS WITH] [WEATHER - DAYS WITH] 9 = BLOWING SNOW
X = TORNADO
MAX 32 OR BELOW: 0 0.01 INCH OR MORE: 12
MAX 90 OR ABOVE: 0 0.10 INCH OR MORE: 11
MIN 32 OR BELOW: 11 0.50 INCH OR MORE: 4
MIN 0 OR BELOW: 0 1.00 INCH OR MORE: 2
[HDD (BASE 65) ]
TOTAL THIS MO. 491 CLEAR (SCALE 0-3) 14
DPTR FM NORMAL -344 PTCLDY (SCALE 4-7) 8
TOTAL FM JUL 1 1238 CLOUDY (SCALE 8-10) 9
DPTR FM NORMAL -424
[CDD (BASE 65) ]
TOTAL THIS MO. 0
DPTR FM NORMAL 0 [PRESSURE DATA]
TOTAL FM JAN 1 1670 HIGHEST SLP M ON M
DPTR FM NORMAL 104 LOWEST SLP 29.49 ON 11
[REMARKS]
#FINAL-12-21#