000
CXUS53 KPAH 010830
CF6CGI
PRELIMINARY LOCAL CLIMATOLOGICAL DATA (WS FORM: F-6)
STATION: CAPE GIRARDEAU MO
MONTH: NOVEMBER
YEAR: 2023
LATITUDE: 37 13 N
LONGITUDE: 89 35 W
TEMPERATURE IN F: :PCPN: SNOW: WIND :SUNSHINE: SKY :PK WND
================================================================================
1 2 3 4 5 6A 6B 7 8 9 10 11 12 13 14 15 16 17 18
12Z AVG MX 2MIN
DY MAX MIN AVG DEP HDD CDD WTR SNW DPTH SPD SPD DIR MIN PSBL S-S WX SPD DR
================================================================================
1 48 25 37 -15 28 0 0.00 M M 2.5 9 260 M M 0 13 250
2 56 28 42 -10 23 0 0.00 M M 6.5 16 190 M M 0 24 220
3 63 30 47 -5 18 0 0.00 M M 8.4 23 180 M M 0 30 190
4 70 48 59 8 6 0 0.00 M M 4.0 13 240 M M 0 8 18 240
5 71 38 55 4 10 0 0.00 M M 2.7 9 170 M M 0 18 13 150
6 78 51 65 15 0 0 0.00 M M 10.5 25 180 M M 3 36 210
7 79 55 67 17 0 2 0.00 M M 6.0 14 180 M M 1 18 200
8 75 60 68 18 0 3 T M M 12.5 25 210 M M 5 44 210
9 69 49 59 10 6 0 T M M 12.1 23 30 M M 5 8 32 30
10 65 37 51 2 14 0 0.01 M M 4.7 20 360 M M 1 25 360
11 60 34 47 -1 18 0 0.00 M M 6.8 13 60 M M 0 17 50
12 66 36 51 3 14 0 0.00 M M 1.3 8 50 M M 0 8 12 60
13 71 32 52 4 13 0 0.00 M M 1.6 14 50 M M 0 18 50
14 65 32 49 2 16 0 0.00 M M 2.7 14 120 M M 0 17 110
15 69 28 49 2 16 0 0.00 M M 2.7 10 160 M M 3 8 15 170
16 72 42 57 11 8 0 T M M 6.8 16 190 M M 5 1 21 180
17 67 43 55 9 10 0 T M M 8.1 14 10 M M 6 21 360
18 59 30 45 -1 20 0 0.00 M M 3.2 9 10 M M 0 16 360
19 60 28 44 -1 21 0 T M M 1.8 9 30 M M 1 11 120
20 59 48 54 9 11 0 0.28 M M 6.6 29 130 M M 7 1 40 120
21 53 40 47 2 18 0 0.00 M M 9.3 20 330 M M 8 1 27 330
22 48 32 40 -4 25 0 0.00 M M 5.1 13 330 M M 5 16 330
23 59 27 43 -1 22 0 0.00 M M 2.7 12 250 M M 0 12 17 260
24 50 32 41 -3 24 0 0.00 M M 10.4 20 40 M M 0 27 50
25 51 30 41 -2 24 0 0.00 M M 4.1 12 30 M M 0 15 30
26 47 27 37 -6 28 0 0.18 M M 7.5 24 310 M M 6 18 32 300
27 47 22 35 -8 30 0 0.00 M M 7.1 17 280 M M 0 23 290
28 39 23 31 -11 34 0 0.00 M M 6.5 15 340 M M 0 22 300
29 57 26 42 0 23 0 0.00 M M 6.8 14 240 M M 0 18 200
30 55 38 47 5 18 0 0.18 M M 8.1 20 190 M M 6 1 27 200
================================================================================
SM 1828 1071 498 5 0.65 M 179.1 M 62
================================================================================
AV 60.9 35.7 6.0 FASTST M M 2 MAX(MPH)
MISC ----> 29 130 44 210
================================================================================
NOTES:
# LAST OF SEVERAL OCCURRENCES
COLUMN 17 PEAK WIND IN M.P.H.
PRELIMINARY LOCAL CLIMATOLOGICAL DATA (WS FORM: F-6) , PAGE 2
STATION: CAPE GIRARDEAU MO
MONTH: NOVEMBER
YEAR: 2023
LATITUDE: 37 13 N
LONGITUDE: 89 35 W
[TEMPERATURE DATA] [PRECIPITATION DATA] SYMBOLS USED IN COLUMN 16
AVERAGE MONTHLY: 48.3 TOTAL FOR MONTH: 0.65 1 = FOG OR MIST
DPTR FM NORMAL: 1.6 DPTR FM NORMAL: -3.60 2 = FOG REDUCING VISIBILITY
HIGHEST: 79 ON 7 GRTST 24HR 0.28 ON 19-20 TO 1/4 MILE OR LESS
LOWEST: 22 ON 27 3 = THUNDER
SNOW, ICE PELLETS, HAIL 4 = ICE PELLETS
TOTAL MONTH: M 5 = HAIL
GRTST 24HR M ON M 6 = FREEZING RAIN OR DRIZZLE
GRTST DEPTH: M ON M 7 = DUSTSTORM OR SANDSTORM:
VSBY 1/2 MILE OR LESS
8 = SMOKE OR HAZE
[NO. OF DAYS WITH] [WEATHER - DAYS WITH] 9 = BLOWING SNOW
X = TORNADO
MAX 32 OR BELOW: 0 0.01 INCH OR MORE: 4
MAX 90 OR ABOVE: 0 0.10 INCH OR MORE: 3
MIN 32 OR BELOW: 16 0.50 INCH OR MORE: 0
MIN 0 OR BELOW: 0 1.00 INCH OR MORE: 0
[HDD (BASE 65) ]
TOTAL THIS MO. 498 CLEAR (SCALE 0-3) 21
DPTR FM NORMAL -52 PTCLDY (SCALE 4-7) 9
TOTAL FM JUL 1 702 CLOUDY (SCALE 8-10) 0
DPTR FM NORMAL -123
[CDD (BASE 65) ]
TOTAL THIS MO. 5
DPTR FM NORMAL 2 [PRESSURE DATA]
TOTAL FM JAN 1 1558 HIGHEST SLP 30.52 ON 1
DPTR FM NORMAL -8 LOWEST SLP 29.70 ON 8
[REMARKS]
#FINAL-11-23#