000
CXUS51 KRLX 241132
CF6CKB
PRELIMINARY LOCAL CLIMATOLOGICAL DATA (WS FORM: F-6)
STATION: CLARKSBURG WV
MONTH: APRIL
YEAR: 2024
LATITUDE: 39 16 N
LONGITUDE: 80 14 W
TEMPERATURE IN F: :PCPN: SNOW: WIND :SUNSHINE: SKY :PK WND
================================================================================
1 2 3 4 5 6A 6B 7 8 9 10 11 12 13 14 15 16 17 18
12Z AVG MX 2MIN
DY MAX MIN AVG DEP HDD CDD WTR SNW DPTH SPD SPD DIR MIN PSBL S-S WX SPD DR
================================================================================
1 69 54 62 12 3 0 0.23 M M 3.6 17 350 M M 8 13 24 340
2 71 58 65 15 0 0 0.70 M M 6.1 24 290 M M 8 13 33 280
3 62 40 51 0 14 0 0.82 M M 7.8 18 270 M M 8 13 27 290
4 45 34 40 -11 25 0 0.23 M M 7.9 24 230 M M 9 1 36 220
5 45 36 41 -11 24 0 0.12 M M 9.6 22 320 M M 10 1 33 290
6 50 35 43 -9 22 0 T M M 6.6 16 310 M M 8 23 330
7 62 28 45 -7 20 0 0.00 M M 1.2 9 30 M M 0 13 30
8 75 44 60 7 5 0 T M M 4.4 21 210 M M 7 29 230
9 72 50 61 8 4 0 0.00 M M 7.6 18 220 M M 6 1 28 210
10 68 55 62 8 3 0 0.01 M M 5.6 14 200 M M 9 1 19 200
11 76 58 67 13 0 2 0.92 M M 6.8 20 160 M M 8 13 30 170
12 58 47 53 -1 12 0 0.46 M M 16.1 28 250 M M 10 1 42 250
13 62 45 54 -1 11 0 0.00 M M 12.4 24 300 M M 3 38 250
14 81 44 63 8 2 0 0.00 M M 10.6 28 230 M M 0 38 250
15 82 57 70 15 0 5 0.00 M M 8.1 17 280 M M 5 3 28 220
16 83 47 65 9 0 0 0.00 M M 3.6 17 170 M M 1 27 160
17 83 57 70 14 0 5 0.30 M M 8.1 36 280 M M 5 3 51 270
18 75 53 64 8 1 0 0.00 M M 3.2 14 280 M M 4 20 270
19 72 49 61 4 4 0 0.06 M M 5.4 15 230 M M 6 1 22 260
20 64 42 53 -4 12 0 0.00 M M 9.7 24 300 M M 3 36 290
21 52 35 44 -13 21 0 0.00 M M 4.9 15 280 M M 6 20 280
22 61 29 45 -13 20 0 0.00 M M 1.7 12 260 M M 0 17 260
23 72 35 54 -4 11 0 T M M 6.0 23 210 M M 2 8 36 300
================================================================================
SM 1540 1032 214 12 3.85 M 157.0 M 126
================================================================================
AV 67.0 44.9 6.8 FASTST M M 5 MAX(MPH)
MISC ----> 36 280 51 270
================================================================================
NOTES:
# LAST OF SEVERAL OCCURRENCES
COLUMN 17 PEAK WIND IN M.P.H.
PRELIMINARY LOCAL CLIMATOLOGICAL DATA (WS FORM: F-6) , PAGE 2
STATION: CLARKSBURG WV
MONTH: APRIL
YEAR: 2024
LATITUDE: 39 16 N
LONGITUDE: 80 14 W
[TEMPERATURE DATA] [PRECIPITATION DATA] SYMBOLS USED IN COLUMN 16
AVERAGE MONTHLY: 55.9 TOTAL FOR MONTH: 3.85 1 = FOG OR MIST
DPTR FM NORMAL: 1.7 DPTR FM NORMAL: 0.87 2 = FOG REDUCING VISIBILITY
HIGHEST: 83 ON 17,16 GRTST 24HR 1.43 ON 2- 3 TO 1/4 MILE OR LESS
LOWEST: 28 ON 7 3 = THUNDER
SNOW, ICE PELLETS, HAIL 4 = ICE PELLETS
TOTAL MONTH: M 5 = HAIL
GRTST 24HR M ON M 6 = FREEZING RAIN OR DRIZZLE
GRTST DEPTH: M ON M 7 = DUSTSTORM OR SANDSTORM:
VSBY 1/2 MILE OR LESS
8 = SMOKE OR HAZE
[NO. OF DAYS WITH] [WEATHER - DAYS WITH] 9 = BLOWING SNOW
X = TORNADO
MAX 32 OR BELOW: 0 0.01 INCH OR MORE: 10
MAX 90 OR ABOVE: 0 0.10 INCH OR MORE: 8
MIN 32 OR BELOW: 2 0.50 INCH OR MORE: 3
MIN 0 OR BELOW: 0 1.00 INCH OR MORE: 0
[HDD (BASE 65) ]
TOTAL THIS MO. 214 CLEAR (SCALE 0-3) 7
DPTR FM NORMAL -47 PTCLDY (SCALE 4-7) 10
TOTAL FM JUL 1 4016 CLOUDY (SCALE 8-10) 6
DPTR FM NORMAL -466
[CDD (BASE 65) ]
TOTAL THIS MO. 12
DPTR FM NORMAL -1 [PRESSURE DATA]
TOTAL FM JAN 1 12 HIGHEST SLP M ON M
DPTR FM NORMAL -3 LOWEST SLP 29.25 ON 11
[REMARKS]