000
CXUS54 KHGX 011515
CF6CLL
PRELIMINARY LOCAL CLIMATOLOGICAL DATA (WS FORM: F-6)
STATION: COLLEGE STATION
MONTH: MAY
YEAR: 2020
LATITUDE: 30 34 N
LONGITUDE: 96 22 W
TEMPERATURE IN F: :PCPN: SNOW: WIND :SUNSHINE: SKY :PK WND
================================================================================
1 2 3 4 5 6A 6B 7 8 9 10 11 12 13 14 15 16 17 18
12Z AVG MX 2MIN
DY MAX MIN AVG DEP HDD CDD WTR SNW DPTH SPD SPD DIR MIN PSBL S-S WX SPD DR
================================================================================
1 86 58 72 0 0 7 0.00 0.0 0 10.1 21 150 M M 0 25 140
2 88 64 76 3 0 11 0.00 0.0 0 12.4 22 150 M M 2 28 150
3 90 69 80 7 0 15 0.00 0.0 0 11.8 21 170 M M 3 27 170
4 91 72 82 9 0 17 0.00 0.0 0 12.9 21 150 M M 5 29 160
5 83 70 77 4 0 12 T 0.0 0 9.0 20 360 M M 8 25 360
6 85 62 74 0 0 9 0.00 0.0 0 8.6 17 50 M M 2 22 20
7 86 59 73 -1 0 8 0.00 0.0 0 12.6 26 170 M M 4 39 150
8 88 61 75 1 0 10 0.00 0.0 0 16.2 31 360 M M 7 40 360
9 74 59 67 -7 0 2 0.00 0.0 0 10.7 21 60 M M 2 27 70
10 80 53 67 -8 0 2 0.00 0.0 0 5.6 14 60 M M 0 18 60
11 84 58 71 -4 0 6 0.00 0.0 0 9.2 20 160 M M 0 25 150
12 79 66 73 -2 0 8 1.36 0.0 0 8.0 24 270 M M 5 13 28 270
13 88 67 78 2 0 13 0.00 0.0 0 8.7 17 140 M M 5 1 27 120
14 91 71 81 5 0 16 T 0.0 0 9.1 18 160 M M 5 1 23 160
15 92 70 81 5 0 16 T 0.0 0 9.0 29 110 M M 4 1 37 110
16 76 65 71 -5 0 6 1.10 0.0 0 10.5 22 300 M M 8 13 28 40
17 86 66 76 0 0 11 0.04 0.0 0 8.0 20 300 M M 2 25 310
18 92 65 79 2 0 14 0.00 0.0 0 3.7 14 170 M M 0 17 170
19 94 69 82 5 0 17 0.00 0.0 0 8.2 17 170 M M 1 21 170
20 93 74 84 7 0 19 0.00 0.0 0 8.4 16 150 M M 3 1 22 160
21 90 75 83 5 0 18 0.00 0.0 0 11.2 20 160 M M 4 1 28 150
22 93 75 84 6 0 19 0.00 0.0 0 12.7 26 170 M M 4 34 170
23 93 78 86 8 0 21 0.00 0.0 0 11.9 21 160 M M 4 26 170
24 88 66 77 -1 0 12 0.26 0.0 0 11.4 31 170 M M 5 13 37 170
25 78 67 73 -5 0 8 0.05 0.0 0 8.0 20 320 M M 6 24 320
26 83 66 75 -4 0 10 0.02 0.0 0 5.1 16 170 M M 2 38 21 140
27 86 62 74 -5 0 9 1.28 0.0 0 6.1 48 360 M M 2 13 62 360
28 89 63 76 -3 0 11 0.00 0.0 0 4.0 10 40 M M 2 14 310
29 88 68 78 -1 0 13 0.00 0.0 0 8.5 23 20 M M 0 27 20
30 87 67 77 -3 0 12 0.00 0.0 0 6.3 13 40 M M 1 17 10
31 86 71 79 -1 0 14 0.00 0.0 0 6.2 14 110 M M 3 17 60
================================================================================
SM 2687 2056 0 366 4.11 0.0 284.1 M 99
================================================================================
AV 86.7 66.3 9.2 FASTST M M 3 MAX(MPH)
MISC ----> # 48 360 # 62 360
================================================================================
NOTES:
# LAST OF SEVERAL OCCURRENCES
COLUMN 17 PEAK WIND IN M.P.H.
PRELIMINARY LOCAL CLIMATOLOGICAL DATA (WS FORM: F-6) , PAGE 2
STATION: COLLEGE STATION
MONTH: MAY
YEAR: 2020
LATITUDE: 30 34 N
LONGITUDE: 96 22 W
[TEMPERATURE DATA] [PRECIPITATION DATA] SYMBOLS USED IN COLUMN 16
AVERAGE MONTHLY: 76.5 TOTAL FOR MONTH: 4.11 1 = FOG OR MIST
DPTR FM NORMAL: 0.3 DPTR FM NORMAL: -0.22 2 = FOG REDUCING VISIBILITY
HIGHEST: 94 ON 19 GRTST 24HR 1.36 ON 12-12 TO 1/4 MILE OR LESS
LOWEST: 53 ON 10 3 = THUNDER
SNOW, ICE PELLETS, HAIL 4 = ICE PELLETS
TOTAL MONTH: 0.0 INCH 5 = HAIL
GRTST 24HR 0.0 6 = FREEZING RAIN OR DRIZZLE
GRTST DEPTH: 0 7 = DUSTSTORM OR SANDSTORM:
VSBY 1/2 MILE OR LESS
8 = SMOKE OR HAZE
[NO. OF DAYS WITH] [WEATHER - DAYS WITH] 9 = BLOWING SNOW
X = TORNADO
MAX 32 OR BELOW: 0 0.01 INCH OR MORE: 7
MAX 90 OR ABOVE: 10 0.10 INCH OR MORE: 4
MIN 32 OR BELOW: 0 0.50 INCH OR MORE: 3
MIN 0 OR BELOW: 0 1.00 INCH OR MORE: 3
[HDD (BASE 65) ]
TOTAL THIS MO. 0 CLEAR (SCALE 0-3) 15
DPTR FM NORMAL -2 PTCLDY (SCALE 4-7) 15
TOTAL FM JUL 1 1215 CLOUDY (SCALE 8-10) 1
DPTR FM NORMAL -393
[CDD (BASE 65) ]
TOTAL THIS MO. 366
DPTR FM NORMAL 17 [PRESSURE DATA]
TOTAL FM JAN 1 751 HIGHEST SLP 30.25 ON 10
DPTR FM NORMAL 163 LOWEST SLP 29.57 ON 16
[REMARKS]
#FINAL-05-20#