000
CXUS51 KILN 010528
CF6CMH
PRELIMINARY LOCAL CLIMATOLOGICAL DATA (WS FORM: F-6)
STATION: COLUMBUS OH
MONTH: OCTOBER
YEAR: 2023
LATITUDE: 40 0 N
LONGITUDE: 82 53 W
TEMPERATURE IN F: :PCPN: SNOW: WIND :SUNSHINE: SKY :PK WND
================================================================================
1 2 3 4 5 6A 6B 7 8 9 10 11 12 13 14 15 16 17 18
12Z AVG MX 2MIN
DY MAX MIN AVG DEP HDD CDD WTR SNW DPTH SPD SPD DIR MIN PSBL S-S WX SPD DR
================================================================================
1 83 57 70 9 0 5 0.00 0.0 0 3.1 12 40 M M 0 15 30
2 86 59 73 12 0 8 0.00 0.0 0 2.3 12 80 M M 0 14 90
3 87 59 73 13 0 8 0.00 0.0 0 3.3 10 140 M M 1 13 130
4 87 59 73 13 0 8 0.00 0.0 0 4.6 13 140 M M 4 1 16 150
5 79 63 71 11 0 6 0.28 0.0 0 6.0 20 280 M M 9 18 23 280
6 75 51 63 4 2 0 0.02 0.0 0 9.3 28 290 M M 6 1 34 290
7 61 43 52 -7 13 0 T 0.0 0 12.5 22 310 M M 6 30 290
8 54 43 49 -9 16 0 T 0.0 0 8.1 18 270 M M 8 23 290
9 62 46 54 -4 11 0 0.00 0.0 0 6.9 16 290 M M 9 21 290
10 65 41 53 -5 12 0 0.00 0.0 0 8.1 20 270 M M 4 26 250
11 69 39 54 -3 11 0 0.00 0.0 0 5.5 17 270 M M 3 22 280
12 76 50 63 6 2 0 T 0.0 0 4.1 14 30 M M 4 17 40
13 74 50 62 6 3 0 0.01 0.0 0 9.0 16 110 M M 2 21 90
14 67 50 59 3 6 0 0.63 0.0 0 10.4 24 280 M M 10 1 28 280
15 56 47 52 -4 13 0 0.19 0.0 0 11.1 21 320 M M 9 1 27 330
16 57 46 52 -3 13 0 0.01 0.0 0 8.8 18 340 M M 10 18 21 320
17 56 49 53 -2 12 0 0.00 0.0 0 5.0 12 330 M M 10 13 340
18 63 39 51 -3 14 0 0.00 0.0 0 4.7 14 190 M M 5 1 18 170
19 66 48 57 3 8 0 0.72 0.0 0 8.5 18 190 M M 10 1 24 180
20 57 52 55 1 10 0 0.21 0.0 0 9.5 20 300 M M 10 1 25 310
21 61 43 52 -1 13 0 T 0.0 0 8.7 17 290 M M 7 1 23 290
22 56 38 47 -6 18 0 0.00 0.0 0 7.8 18 330 M M 5 1 23 340
23 65 34 50 -2 15 0 0.00 0.0 0 3.2 13 140 M M 1 20 140
24 78 44 61 9 4 0 0.00 0.0 0 4.8 14 170 M M 4 18 200
25 72 59 66 14 0 1 0.00 0.0 0 6.1 17 200 M M 9 23 210
26 75 54 65 14 0 0 0.00 0.0 0 6.6 18 200 M M 8 24 190
27 68 62 65 14 0 0 0.09 0.0 0 8.0 15 200 M M 9 1 19 200
28 66 53 60 10 5 0 0.18 0.0 0 7.8 17 350 M M 10 1 21 330
29 56 52 54 4 11 0 0.37 0.0 0 4.2 13 320 M M 10 1 19 350
30 54 35 45 -5 20 0 0.40 0.0 0 9.5 20 310 M M 9 1 26 310
31 47 29 38 -11 27 0 T T 0 8.3 25 290 M M 6 31 290
================================================================================
SM 2078 1494 259 36 3.11 T 215.8 M 198
================================================================================
AV 67.0 48.2 7.0 FASTST M M 6 MAX(MPH)
MISC ----> 28 290 34 290
================================================================================
NOTES:
# LAST OF SEVERAL OCCURRENCES
COLUMN 17 PEAK WIND IN M.P.H.
PRELIMINARY LOCAL CLIMATOLOGICAL DATA (WS FORM: F-6) , PAGE 2
STATION: COLUMBUS OH
MONTH: OCTOBER
YEAR: 2023
LATITUDE: 40 0 N
LONGITUDE: 82 53 W
[TEMPERATURE DATA] [PRECIPITATION DATA] SYMBOLS USED IN COLUMN 16
AVERAGE MONTHLY: 57.6 TOTAL FOR MONTH: 3.11 1 = FOG OR MIST
DPTR FM NORMAL: 2.4 DPTR FM NORMAL: 0.21 2 = FOG REDUCING VISIBILITY
HIGHEST: 87 ON 4, 3 GRTST 24HR 0.92 ON 19-20 TO 1/4 MILE OR LESS
LOWEST: 29 ON 31 3 = THUNDER
SNOW, ICE PELLETS, HAIL 4 = ICE PELLETS
TOTAL MONTH: T 5 = HAIL
GRTST 24HR T ON 31-31 6 = FREEZING RAIN OR DRIZZLE
GRTST DEPTH: 0 7 = DUSTSTORM OR SANDSTORM:
VSBY 1/2 MILE OR LESS
8 = SMOKE OR HAZE
[NO. OF DAYS WITH] [WEATHER - DAYS WITH] 9 = BLOWING SNOW
X = TORNADO
MAX 32 OR BELOW: 0 0.01 INCH OR MORE: 12
MAX 90 OR ABOVE: 0 0.10 INCH OR MORE: 8
MIN 32 OR BELOW: 1 0.50 INCH OR MORE: 2
MIN 0 OR BELOW: 0 1.00 INCH OR MORE: 0
[HDD (BASE 65) ]
TOTAL THIS MO. 259 CLEAR (SCALE 0-3) 5
DPTR FM NORMAL -64 PTCLDY (SCALE 4-7) 11
TOTAL FM JUL 1 268 CLOUDY (SCALE 8-10) 15
DPTR FM NORMAL -120
[CDD (BASE 65) ]
TOTAL THIS MO. 36
DPTR FM NORMAL 18 [PRESSURE DATA]
TOTAL FM JAN 1 992 HIGHEST SLP M ON M
DPTR FM NORMAL -77 LOWEST SLP 29.55 ON 20
[REMARKS]
#FINAL-10-23#