047
CXUS53 KILX 012300
CF6CMI
PRELIMINARY LOCAL CLIMATOLOGICAL DATA (WS FORM: F-6)
STATION: CHAMPAIGN IL AIRPORT
MONTH: SEPTEMBER
YEAR: 2020
LATITUDE: 40 1 N
LONGITUDE: 88 17 W
TEMPERATURE IN F: :PCPN: SNOW: WIND :SUNSHINE: SKY :PK WND
================================================================================
1 2 3 4 5 6A 6B 7 8 9 10 11 12 13 14 15 16 17 18
12Z AVG MX 2MIN
DY MAX MIN AVG DEP HDD CDD WTR SNW DPTH SPD SPD DIR MIN PSBL S-S WX SPD DR
================================================================================
1 80 67 74 4 0 9 0.17 M M 4.1 13 150 M M 8 12 19 150
2 84 65 75 5 0 10 0.00 M M 4.7 13 270 M M 4 1 17 260
3 87 56 72 2 0 7 0.00 M M 8.2 22 270 M M 5 12 30 280
4 77 50 64 -6 1 0 0.00 M M 6.9 17 310 M M 0 25 300
5 85 52 69 0 0 4 0.00 M M 6.7 17 250 M M 0 24 220
6 83 59 71 2 0 6 1.15 M M 9.2 31 10 M M 2 13 43 10
7 81 66 74 5 0 9 0.00 M M 8.2 17 190 M M 8 27 190
8 86 62 74 6 0 9 0.47 M M 6.7 38 360 M M 4 13 59 350
9 85 64 75 7 0 10 0.00 M M 5.9 15 30 M M 5 12 19 30
10 75 64 70 2 0 5 0.00 M M 8.7 14 50 M M 9 1 19 40
11 76 63 70 2 0 5 0.00 M M 8.2 14 70 M M 8 1 19 90
12 74 64 69 2 0 4 0.67 M M 6.2 14 160 M M 9 18 20 140
13 78 57 68 1 0 3 0.00 M M 5.1 13 330 M M 5 12 17 350
14 75 56 66 0 0 1 0.00 M M 8.2 14 70 M M 0 19 60
15 78 54 66 0 0 1 0.00 M M 5.6 12 130 M M 0 15 120
16 80 49 65 -1 0 0 0.00 M M 4.7 10 300 M M 0 15 300
17 76 55 66 1 0 1 0.00 M M 11.3 20 30 M M 5 1 28 40
18 67 47 57 -8 8 0 0.00 M M 11.6 18 30 M M 0 30 20
19 68 41 55 -9 10 0 0.00 M M 7.6 12 90 M M 0 18 100
20 75 42 59 -5 6 0 0.00 M M 8.2 16 100 M M 0 26 110
21 78 43 61 -3 4 0 0.00 M M 5.7 12 150 M M 0 16 150
22 77 47 62 -1 3 0 0.00 M M 4.0 12 190 M M 0 17 180
23 76 47 62 -1 3 0 0.00 M M 5.6 12 180 M M 0 18 160
24 79 49 64 2 1 0 0.00 M M 5.2 12 170 M M 0 8 17 180
25 81 50 66 4 0 1 0.00 M M 6.0 15 150 M M 1 1 19 210
26 85 59 72 11 0 7 0.00 M M 11.5 22 160 M M 3 1 32 170
27 81 55 68 7 0 3 0.02 M M 10.0 23 340 M M 5 31 340
28 67 47 57 -3 8 0 0.21 M M 9.1 22 280 M M 7 1 31 270
29 62 42 52 -8 13 0 0.00 M M 7.4 14 270 M M 5 20 280
30 73 43 58 -2 7 0 T M M 11.0 28 300 M M 3 39 300
================================================================================
SM 2329 1615 64 95 2.69 M 221.5 M 96
================================================================================
AV 77.6 53.8 7.4 FASTST M M 3 MAX(MPH)
MISC ----> # 38 360 # 59 350
================================================================================
NOTES:
# LAST OF SEVERAL OCCURRENCES
COLUMN 17 PEAK WIND IN M.P.H.
PRELIMINARY LOCAL CLIMATOLOGICAL DATA (WS FORM: F-6) , PAGE 2
STATION: CHAMPAIGN IL AIRPORT
MONTH: SEPTEMBER
YEAR: 2020
LATITUDE: 40 1 N
LONGITUDE: 88 17 W
[TEMPERATURE DATA] [PRECIPITATION DATA] SYMBOLS USED IN COLUMN 16
AVERAGE MONTHLY: 65.7 TOTAL FOR MONTH: 2.69 1 = FOG OR MIST
DPTR FM NORMAL: 0.2 DPTR FM NORMAL: -0.59 2 = FOG REDUCING VISIBILITY
HIGHEST: 87 ON 3 GRTST 24HR 1.15 ON 6- 6 TO 1/4 MILE OR LESS
LOWEST: 41 ON 19 3 = THUNDER
SNOW, ICE PELLETS, HAIL 4 = ICE PELLETS
TOTAL MONTH: M 5 = HAIL
GRTST 24HR M ON M 6 = FREEZING RAIN OR DRIZZLE
GRTST DEPTH: M ON M 7 = DUSTSTORM OR SANDSTORM:
VSBY 1/2 MILE OR LESS
8 = SMOKE OR HAZE
[NO. OF DAYS WITH] [WEATHER - DAYS WITH] 9 = BLOWING SNOW
X = TORNADO
MAX 32 OR BELOW: 0 0.01 INCH OR MORE: 6
MAX 90 OR ABOVE: 0 0.10 INCH OR MORE: 5
MIN 32 OR BELOW: 0 0.50 INCH OR MORE: 2
MIN 0 OR BELOW: 0 1.00 INCH OR MORE: 1
[HDD (BASE 65) ]
TOTAL THIS MO. 64 CLEAR (SCALE 0-3) 15
DPTR FM NORMAL -19 PTCLDY (SCALE 4-7) 12
TOTAL FM JUL 1 66 CLOUDY (SCALE 8-10) 3
DPTR FM NORMAL -26
[CDD (BASE 65) ]
TOTAL THIS MO. 95
DPTR FM NORMAL -3 [PRESSURE DATA]
TOTAL FM JAN 1 1040 HIGHEST SLP 30.43 ON 20
DPTR FM NORMAL 115 LOWEST SLP 29.67 ON 30
[REMARKS]
#FINAL-09-20#