000
CXUS53 KARX 011809
CF6CMY
PRELIMINARY LOCAL CLIMATOLOGICAL DATA (WS FORM: F-6)
STATION: SPARTA - FORT MCCOY WI
MONTH: MARCH
YEAR: 2020
LATITUDE: 43 58 N
LONGITUDE: 90 44 W
TEMPERATURE IN F: :PCPN: SNOW: WIND :SUNSHINE: SKY :PK WND
================================================================================
1 2 3 4 5 6A 6B 7 8 9 10 11 12 13 14 15 16 17 18
12Z AVG MX 2MIN
DY MAX MIN AVG DEP HDD CDD WTR SNW DPTH SPD SPD DIR MIN PSBL S-S WX SPD DR
================================================================================
1 51 32 42 M 23 0 0.00 0.0 M 6.9 10 260 M M 1 17 250
2 41 27 34 M 31 0 0.00 0.0 M 5.2 10 300 M M 5 17 250
3 44 22 33 M 32 0 M M M 7.0 20 280 M M 5 24 280
4 43 22 33 M 32 0 0.00 0.0 M 4.4 10 310 M M 2 16 330
5 43 30 37 M 28 0 M M M 10.9 20 330 M M 9 1 31 330
6 40 18 29 M 36 0 0.00 0.0 M 5.4 17 330 M M 1 30 330
7 54 17 36 M 29 0 0.00 0.0 M 7.2 17 190 M M 0 25 190
8 64 45 55 M 10 0 0.00 0.0 0 7.5 13 190 M M 0 22 190
9 55 32 44 M 21 0 0.07 0.0 0 5.6 10 340 M M 8 1 16 210
10 49 19 34 M 31 0 0.16 0.0 0 3.5 10 330 M M 5 16 340
11 42 32 37 M 28 0 0.12 0.0 0 1.2 5 100 M M 7 1 M M
12 46 32 39 M 26 0 0.47 0.0 0 9.4 21 300 M M 9 28 290
13 42 28 35 M 30 0 0.00 0.0 0 11.3 18 270 M M 1 29 270
14 36 20 28 M 37 0 0.00 0.0 0 3.0 8 10 M M 5 M M
15 41 13 27 M 38 0 0.00 0.0 0 2.7 7 130 M M 2 M M
16 38 23 31 M 34 0 0.00 0.0 0 4.3 12 260 M M 10 18 260
17 46 22 34 M 31 0 0.00 0.0 0 5.8 17 290 M M 2 24 290
18 40 34 37 M 28 0 T 0.0 0 5.5 9 110 M M 10 1 M M
19 39 34 37 M 28 0 0.81 0.0 0 6.0 10 340 M M 10 1 M M
20 35 17 26 M 39 0 M M M 11.2 18 320 M M 6 25 320
21 37 13 25 M 40 0 0.00 0.0 0 4.1 9 100 M M 4 M M
22 42 28 35 M 30 0 0.00 0.0 0 8.3 15 120 M M 4 22 130
23 43 31 37 M 28 0 M M M 1.7 6 270 M M 10 M M
24 50 36 43 M 22 0 0.00 0.0 0 4.5 13 170 M M 9 17 130
25 49 37 43 M 22 0 0.44 0.0 0 4.0 9 360 M M 9 1 M M
26 45 33 39 M 26 0 0.00 0.0 0 2.0 7 80 M M 9 M M
27 58 30 44 M 21 0 0.17 0.0 0 6.3 15 80 M M 5 18 100
28 43 38 41 M 24 0 0.42 0.0 0 11.4 21 100 M M 9 1 31 100
29 43 38 41 M 24 0 0.18 0.0 0 8.7 16 300 M M 10 25 300
30 58 34 46 M 19 0 0.00 0.0 0 8.5 15 320 M M 1 20 360
31 47 25 36 M 29 0 0.00 0.0 0 5.2 12 90 M M 4 17 80
================================================================================
SM 1404 862 877 0 2.84 0.0 188.7 M 172
================================================================================
AV 45.3 27.8 6.1 FASTST M M 6 MAX(MPH)
MISC ----> # 21 300 # 31 330
================================================================================
NOTES:
# LAST OF SEVERAL OCCURRENCES
COLUMN 17 PEAK WIND IN M.P.H.
PRELIMINARY LOCAL CLIMATOLOGICAL DATA (WS FORM: F-6) , PAGE 2
STATION: SPARTA - FORT MCCOY WI
MONTH: MARCH
YEAR: 2020
LATITUDE: 43 58 N
LONGITUDE: 90 44 W
[TEMPERATURE DATA] [PRECIPITATION DATA] SYMBOLS USED IN COLUMN 16
AVERAGE MONTHLY: 36.6 TOTAL FOR MONTH: 2.84 1 = FOG OR MIST
DPTR FM NORMAL: M DPTR FM NORMAL: M 2 = FOG REDUCING VISIBILITY
HIGHEST: 64 ON 8 GRTST 24HR 0.81 ON 19-19 TO 1/4 MILE OR LESS
LOWEST: 13 ON 21,15 3 = THUNDER
SNOW, ICE PELLETS, HAIL 4 = ICE PELLETS
TOTAL MONTH: 0.0 INCH 5 = HAIL
GRTST 24HR 0.0 6 = FREEZING RAIN OR DRIZZLE
GRTST DEPTH: 0 7 = DUSTSTORM OR SANDSTORM:
VSBY 1/2 MILE OR LESS
8 = SMOKE OR HAZE
[NO. OF DAYS WITH] [WEATHER - DAYS WITH] 9 = BLOWING SNOW
X = TORNADO
MAX 32 OR BELOW: 0 0.01 INCH OR MORE: 9
MAX 90 OR ABOVE: 0 0.10 INCH OR MORE: 8
MIN 32 OR BELOW: 22 0.50 INCH OR MORE: 1
MIN 0 OR BELOW: 0 1.00 INCH OR MORE: 0
[HDD (BASE 65) ]
TOTAL THIS MO. 877 CLEAR (SCALE 0-3) 9
DPTR FM NORMAL M PTCLDY (SCALE 4-7) 11
TOTAL FM JUL 1 6814 CLOUDY (SCALE 8-10) 11
DPTR FM NORMAL M
[CDD (BASE 65) ]
TOTAL THIS MO. 0
DPTR FM NORMAL M [PRESSURE DATA]
TOTAL FM JAN 1 0 HIGHEST SLP M ON M
DPTR FM NORMAL M LOWEST SLP M ON M
[REMARKS]
#FINAL-03-20#