000
CXUS53 KTOP 120106
CF6CNK
PRELIMINARY LOCAL CLIMATOLOGICAL DATA (WS FORM: F-6)
STATION: CONCORDIA KS
MONTH: JULY
YEAR: 2021
LATITUDE: 39 32 N
LONGITUDE: 97 39 W
TEMPERATURE IN F: :PCPN: SNOW: WIND :SUNSHINE: SKY :PK WND
================================================================================
1 2 3 4 5 6A 6B 7 8 9 10 11 12 13 14 15 16 17 18
12Z AVG MX 2MIN
DY MAX MIN AVG DEP HDD CDD WTR SNW DPTH SPD SPD DIR MIN PSBL S-S WX SPD DR
================================================================================
1 87 68 78 0 0 13 0.00 M M 5.0 16 40 M M 0 21 60
2 88 62 75 -3 0 10 0.00 M M 4.9 13 130 M M 1 18 19 130
3 91 68 80 2 0 15 0.00 M M 10.7 18 170 M M 0 28 160
4 93 67 80 2 0 15 0.00 M M 11.1 18 180 M M 1 28 150
5 93 71 82 4 0 17 0.00 M M 10.6 17 170 M M 1 8 27 160
6 93 69 81 2 0 16 0.00 M M 9.4 18 190 M M 1 23 170
7 86 66 76 -3 0 11 0.27 M M 8.2 17 10 M M 5 13 24 20
8 92 61 77 -2 0 12 0.00 M M 8.5 17 170 M M 0 1 26 170
9 102 68 85 6 0 20 0.66 M M 15.6 37 310 M M 1 38 48 310
10 87 67 77 -2 0 12 1.03 M M 13.0 45 290 M M 3 13 61 270
11 82 64 73 -6 0 8 0.00 M M 11.2 21 350 M M 5 27 350
12 85 60 73 -6 0 8 0.00 M M 3.9 12 170 M M 1 1 17 310
13 92 59 76 -3 0 11 0.00 M M 6.4 17 170 M M 0 8 24 170
14 95 70 83 4 0 18 0.23 M M 15.4 29 200 M M 2 138 38 200
15 82 67 75 -4 0 10 0.43 M M 7.6 22 170 M M 7 13 29 160
16 83 67 75 -4 0 10 0.00 M M 5.5 12 130 M M 5 12 16 140
17 87 67 77 -2 0 12 0.20 M M 6.8 21 310 M M 3 13 30 300
18 83 66 75 -4 0 10 0.00 M M 5.5 14 140 M M 4 12 18 90
19 84 62 73 -6 0 8 0.00 M M 3.9 13 70 M M 1 1 19 100
20 86 63 75 -4 0 10 0.00 M M 4.0 10 140 M M 0 1 17 140
21 86 67 77 -2 0 12 0.00 M M 8.4 16 200 M M 1 8 23 210
22 92 67 80 1 0 15 0.00 M M 13.2 20 180 M M 0 8 30 200
23 96 72 84 5 0 19 0.00 M M 12.3 18 170 M M 0 8 26 180
24 99 74 87 8 0 22 0.00 M M 8.9 17 220 M M 1 3 24 180
25 89 67 78 -1 0 13 0.63 M M 7.5 38 20 M M 4 13 58 20
26 90 70 80 1 0 15 0.00 M M 7.1 16 150 M M 4 128 22 130
27 94 68 81 2 0 16 0.00 M M 5.4 12 160 M M 0 17 210
28 98 75 87 8 0 22 0.00 M M 10.2 16 170 M M 0 22 200
29 100 76 88 9 0 23 0.00 M M 8.2 17 200 M M 0 8 25 200
30 99 74 87 8 0 22 0.00 M M 7.3 16 190 M M 1 12 21 180
31 83 71 77 -2 0 12 0.21 M M 8.6 21 190 M M 2 138 28 180
================================================================================
SM 2797 2093 0 437 3.66 M 264.3 M 54
================================================================================
AV 90.2 67.5 8.5 FASTST M M 2 MAX(MPH)
MISC ----> 45 290 61 270
================================================================================
NOTES:
# LAST OF SEVERAL OCCURRENCES
COLUMN 17 PEAK WIND IN M.P.H.
PRELIMINARY LOCAL CLIMATOLOGICAL DATA (WS FORM: F-6) , PAGE 2
STATION: CONCORDIA KS
MONTH: JULY
YEAR: 2021
LATITUDE: 39 32 N
LONGITUDE: 97 39 W
[TEMPERATURE DATA] [PRECIPITATION DATA] SYMBOLS USED IN COLUMN 16
AVERAGE MONTHLY: 78.9 TOTAL FOR MONTH: 3.66 1 = FOG OR MIST
DPTR FM NORMAL: 0.0 DPTR FM NORMAL: -0.49 2 = FOG REDUCING VISIBILITY
HIGHEST: 102 ON 9 GRTST 24HR 1.69 ON 9-10 TO 1/4 MILE OR LESS
LOWEST: 59 ON 13 3 = THUNDER
SNOW, ICE PELLETS, HAIL 4 = ICE PELLETS
TOTAL MONTH: 0.0 INCH 5 = HAIL
GRTST 24HR M ON M 6 = FREEZING RAIN OR DRIZZLE
GRTST DEPTH: 0 7 = DUSTSTORM OR SANDSTORM:
VSBY 1/2 MILE OR LESS
8 = SMOKE OR HAZE
[NO. OF DAYS WITH] [WEATHER - DAYS WITH] 9 = BLOWING SNOW
X = TORNADO
MAX 32 OR BELOW: 0 0.01 INCH OR MORE: 8
MAX 90 OR ABOVE: 16 0.10 INCH OR MORE: 8
MIN 32 OR BELOW: 0 0.50 INCH OR MORE: 3
MIN 0 OR BELOW: 0 1.00 INCH OR MORE: 1
[HDD (BASE 65) ]
TOTAL THIS MO. 0 CLEAR (SCALE 0-3) 24
DPTR FM NORMAL 0 PTCLDY (SCALE 4-7) 7
TOTAL FM JUL 1 0 CLOUDY (SCALE 8-10) 0
DPTR FM NORMAL 0
[CDD (BASE 65) ]
TOTAL THIS MO. 437
DPTR FM NORMAL 7 [PRESSURE DATA]
TOTAL FM JAN 1 915 HIGHEST SLP 30.19 ON 18
DPTR FM NORMAL 92 LOWEST SLP 29.71 ON 9
[REMARKS]
#FINAL-07-21#