000
CXUS54 KMAF 011110
CF6CNM
PRELIMINARY LOCAL CLIMATOLOGICAL DATA (WS FORM: F-6)
STATION: CARLSBAD
MONTH: APRIL
YEAR: 2021
LATITUDE: 32 20 N
LONGITUDE: 104 15 W
TEMPERATURE IN F: :PCPN: SNOW: WIND :SUNSHINE: SKY :PK WND
================================================================================
1 2 3 4 5 6A 6B 7 8 9 10 11 12 13 14 15 16 17 18
12Z AVG MX 2MIN
DY MAX MIN AVG DEP HDD CDD WTR SNW DPTH SPD SPD DIR MIN PSBL S-S WX SPD DR
================================================================================
1 67 37 52 -7 13 0 0.00 M M 10.7 22 140 M M 0 28 130
2 80 43 62 3 3 0 0.00 M M 9.8 18 150 M M 0 26 160
3 75 51 63 3 2 0 0.00 M M 7.0 18 110 M M 2 23 100
4 74 48 61 1 4 0 0.00 M M 10.3 18 140 M M 3 24 140
5 92 53 73 13 0 8 0.00 M M 10.6 23 180 M M 3 1 29 200
6 89 53 71 11 0 6 0.00 M M 19.6 38 260 M M 0 45 270
7 85 49 67 6 0 2 0.00 M M 8.9 23 360 M M 0 30 250
8 90 49 70 9 0 5 0.00 M M 13.4 37 260 M M 0 46 250
9 88 57 73 12 0 8 0.00 M M 16.2 31 340 M M 0 40 340
10 75 40 58 -4 7 0 0.00 M M 9.7 21 190 M M 0 26 180
11 88 45 67 5 0 2 0.00 M M 9.6 22 270 M M 0 29 250
12 75 53 64 2 1 0 0.00 M M 12.7 36 320 M M 0 8 43 320
13 68 47 58 -4 7 0 0.00 M M 9.4 17 130 M M 6 22 140
14 71 50 61 -2 4 0 0.00 M M 8.9 21 90 M M 5 25 90
15 61 50 56 -7 9 0 0.00 M M 9.8 20 140 M M 7 1 23 140
16 73 46 60 -3 5 0 T M M 11.3 25 70 M M 3 128 33 80
17 47 40 44 -20 21 0 0.01 M M 6.5 16 50 M M 8 20 60
18 55 42 49 -15 16 0 0.01 M M 3.7 9 270 M M 7 12 260
19 72 38 55 -9 10 0 0.00 M M 7.0 17 160 M M 1 23 160
20 60 38 49 -15 16 0 0.00 M M 13.0 39 330 M M 1 47 320
21 61 35 48 -17 17 0 0.00 M M 11.4 21 150 M M 0 26 160
22 75 37 56 -9 9 0 0.00 M M 12.4 22 150 M M 0 28 150
23 80 47 64 -1 1 0 0.00 M M 14.5 37 240 M M 1 12 45 250
24 81 48 65 -1 0 0 0.00 M M 9.9 22 150 M M 0 28 150
25 93 48 71 5 0 6 0.00 M M 9.6 23 260 M M 0 30 200
26 85 54 70 4 0 5 0.00 M M 10.4 28 260 M M 0 35 270
27 86 55 71 4 0 6 0.00 M M 14.1 25 280 M M 0 32 270
28 75 54 65 -2 0 0 T M M 13.5 30 300 M M 6 36 290
29 55 50 53 -14 12 0 1.79 M M 9.9 24 20 M M 10 1 28 20
30 68 52 60 -8 5 0 0.06 M M 7.1 15 50 M M 8 1 18 10
================================================================================
SM 2244 1409 162 48 1.87 M 320.9 M 71
================================================================================
AV 74.8 47.0 10.7 FASTST M M 2 MAX(MPH)
MISC ----> 39 330 47 320
================================================================================
NOTES:
# LAST OF SEVERAL OCCURRENCES
COLUMN 17 PEAK WIND IN M.P.H.
PRELIMINARY LOCAL CLIMATOLOGICAL DATA (WS FORM: F-6) , PAGE 2
STATION: CARLSBAD
MONTH: APRIL
YEAR: 2021
LATITUDE: 32 20 N
LONGITUDE: 104 15 W
[TEMPERATURE DATA] [PRECIPITATION DATA] SYMBOLS USED IN COLUMN 16
AVERAGE MONTHLY: 60.9 TOTAL FOR MONTH: 1.87 1 = FOG OR MIST
DPTR FM NORMAL: -2.3 DPTR FM NORMAL: 1.31 2 = FOG REDUCING VISIBILITY
HIGHEST: 93 ON 25 GRTST 24HR 1.85 ON 29-30 TO 1/4 MILE OR LESS
LOWEST: 35 ON 21 3 = THUNDER
SNOW, ICE PELLETS, HAIL 4 = ICE PELLETS
TOTAL MONTH: M 5 = HAIL
GRTST 24HR M ON M 6 = FREEZING RAIN OR DRIZZLE
GRTST DEPTH: M ON M 7 = DUSTSTORM OR SANDSTORM:
VSBY 1/2 MILE OR LESS
8 = SMOKE OR HAZE
[NO. OF DAYS WITH] [WEATHER - DAYS WITH] 9 = BLOWING SNOW
X = TORNADO
MAX 32 OR BELOW: 0 0.01 INCH OR MORE: 4
MAX 90 OR ABOVE: 3 0.10 INCH OR MORE: 1
MIN 32 OR BELOW: 0 0.50 INCH OR MORE: 1
MIN 0 OR BELOW: 0 1.00 INCH OR MORE: 1
[HDD (BASE 65) ]
TOTAL THIS MO. 162 CLEAR (SCALE 0-3) 20
DPTR FM NORMAL 41 PTCLDY (SCALE 4-7) 8
TOTAL FM JUL 1 2921 CLOUDY (SCALE 8-10) 2
DPTR FM NORMAL 116
[CDD (BASE 65) ]
TOTAL THIS MO. 48
DPTR FM NORMAL -19 [PRESSURE DATA]
TOTAL FM JAN 1 53 HIGHEST SLP 30.45 ON 1
DPTR FM NORMAL -24 LOWEST SLP 29.48 ON 9
[REMARKS]
#FINAL-04-21#