000
CXUS53 KICT 011410
CF6CNU
PRELIMINARY LOCAL CLIMATOLOGICAL DATA (WS FORM: F-6)
STATION: CHANUTE KS
MONTH: APRIL
YEAR: 2022
LATITUDE: 37 40 N
LONGITUDE: 95 29 W
TEMPERATURE IN F: :PCPN: SNOW: WIND :SUNSHINE: SKY :PK WND
================================================================================
1 2 3 4 5 6A 6B 7 8 9 10 11 12 13 14 15 16 17 18
12Z AVG MX 2MIN
DY MAX MIN AVG DEP HDD CDD WTR SNW DPTH SPD SPD DIR MIN PSBL S-S WX SPD DR
================================================================================
1 64 30 47 -7 18 0 0.00 M M 7.4 16 130 M M 1 22 150
2 67 44 56 2 9 0 0.02 M M 8.1 17 340 M M 3 8 23 330
3 72 45 59 5 6 0 0.08 M M 11.1 22 160 M M 3 38 28 160
4 70 47 59 5 6 0 T M M 6.8 15 50 M M 6 12 21 40
5 78 49 64 9 1 0 0.00 M M 12.9 29 350 M M 8 42 360
6 67 43 55 0 10 0 0.03 M M 13.2 30 290 M M 4 41 290
7 58 42 50 -5 15 0 T M M 19.5 35 310 M M 5 49 320
8 57 34 46 -10 19 0 0.00 M M 14.6 29 330 M M 6 40 350
9 72 28 50 -6 15 0 0.00 M M 9.9 23 160 M M 0 30 170
10 85 57 71 15 0 6 0.00 M M 16.8 32 190 M M 1 44 200
11 71 55 63 7 2 0 T M M 8.8 18 110 M M 3 25 90
12 85 57 71 14 0 6 0.00 M M 22.8 38 190 M M 7 51 180
13 71 33 52 -5 13 0 0.10 M M 13.7 31 300 M M 6 13 43 290
14 67 30 49 -8 16 0 0.00 M M 9.8 24 230 M M 0 39 230
15 81 51 66 8 0 1 0.00 M M 11.2 22 350 M M 1 31 340
16 62 43 53 -5 12 0 0.00 M M 15.7 25 40 M M 8 36 40
17 52 41 47 -11 18 0 T M M 10.6 20 80 M M 10 18 28 80
18 62 34 48 -10 17 0 0.00 M M 8.4 18 360 M M 5 26 320
19 64 31 48 -11 17 0 0.07 M M 10.3 21 140 M M 5 29 150
20 67 50 59 0 6 0 T M M 13.6 28 170 M M 9 12 39 170
21 80 49 65 6 0 0 0.04 M M 9.9 20 120 M M 8 12 27 130
22 83 70 77 17 0 12 0.00 M M 21.5 35 170 M M 7 46 170
23 77 64 71 11 0 6 0.02 M M 24.2 37 180 M M 4 3 52 190
24 70 50 60 0 5 0 0.40 M M 5.9 21 330 M M 7 13 26 360
25 65 40 53 -7 12 0 0.00 M M 9.3 18 340 M M 0 27 340
26 69 36 53 -8 12 0 0.00 M M 5.5 13 160 M M 0 16 170
27 78 44 61 0 4 0 0.00 M M 14.2 26 180 M M 1 36 180
28 76 62 69 8 0 4 T M M 13.9 23 180 M M 8 32 190
29 80 58 69 7 0 4 1.08 M M 17.0 35 180 M M 9 13 47 170
30 70 48 59 -3 6 0 T M M 11.6 25 300 M M 3 3 37 270
================================================================================
SM 2120 1365 239 39 1.84 M 378.2 M 138
================================================================================
AV 70.7 45.5 12.6 FASTST M M 5 MAX(MPH)
MISC ----> 38 190 52 190
================================================================================
NOTES:
# LAST OF SEVERAL OCCURRENCES
COLUMN 17 PEAK WIND IN M.P.H.
PRELIMINARY LOCAL CLIMATOLOGICAL DATA (WS FORM: F-6) , PAGE 2
STATION: CHANUTE KS
MONTH: APRIL
YEAR: 2022
LATITUDE: 37 40 N
LONGITUDE: 95 29 W
[TEMPERATURE DATA] [PRECIPITATION DATA] SYMBOLS USED IN COLUMN 16
AVERAGE MONTHLY: 58.1 TOTAL FOR MONTH: 1.84 1 = FOG OR MIST
DPTR FM NORMAL: 0.4 DPTR FM NORMAL: -2.41 2 = FOG REDUCING VISIBILITY
HIGHEST: 85 ON 12,10 GRTST 24HR 1.08 ON 29-29 TO 1/4 MILE OR LESS
LOWEST: 28 ON 9 3 = THUNDER
SNOW, ICE PELLETS, HAIL 4 = ICE PELLETS
TOTAL MONTH: M 5 = HAIL
GRTST 24HR M ON M 6 = FREEZING RAIN OR DRIZZLE
GRTST DEPTH: M ON M 7 = DUSTSTORM OR SANDSTORM:
VSBY 1/2 MILE OR LESS
8 = SMOKE OR HAZE
[NO. OF DAYS WITH] [WEATHER - DAYS WITH] 9 = BLOWING SNOW
X = TORNADO
MAX 32 OR BELOW: 0 0.01 INCH OR MORE: 9
MAX 90 OR ABOVE: 0 0.10 INCH OR MORE: 3
MIN 32 OR BELOW: 4 0.50 INCH OR MORE: 1
MIN 0 OR BELOW: 0 1.00 INCH OR MORE: 1
[HDD (BASE 65) ]
TOTAL THIS MO. 239 CLEAR (SCALE 0-3) 11
DPTR FM NORMAL -10 PTCLDY (SCALE 4-7) 15
TOTAL FM JUL 1 3620 CLOUDY (SCALE 8-10) 4
DPTR FM NORMAL -535
[CDD (BASE 65) ]
TOTAL THIS MO. 39
DPTR FM NORMAL 9 [PRESSURE DATA]
TOTAL FM JAN 1 42 HIGHEST SLP 30.46 ON 26
DPTR FM NORMAL 5 LOWEST SLP 29.37 ON 12
[REMARKS]
#FINAL-04-22#