000
CXUS55 KGJT 011644
CF6CNY
PRELIMINARY LOCAL CLIMATOLOGICAL DATA (WS FORM: F-6)
STATION: CANYONLANDS AIRPORT UT
MONTH: JUNE
YEAR: 2020
LATITUDE: 38 46 N
LONGITUDE: 109 45 W
TEMPERATURE IN F: :PCPN: SNOW: WIND :SUNSHINE: SKY :PK WND
================================================================================
1 2 3 4 5 6A 6B 7 8 9 10 11 12 13 14 15 16 17 18
12Z AVG MX 2MIN
DY MAX MIN AVG DEP HDD CDD WTR SNW DPTH SPD SPD DIR MIN PSBL S-S WX SPD DR
================================================================================
1 95 71 83 15 0 18 0.00 M M 11.0 28 240 M M 0 36 230
2 95 57 76 8 0 11 0.00 M M 5.8 18 310 M M 0 25 290
3 95 60 78 9 0 13 0.00 M M 6.2 31 270 M M 0 8 38 260
4 98 57 78 9 0 13 T M M 5.4 31 150 M M 0 38 48 170
5 100 60 80 11 0 15 T M M 11.8 58 160 M M 1 38 74 150
6 79 53 66 -4 0 1 0.82 M M 11.5 32 320 M M 4 13 45 300
7 83 52 68 -2 0 3 0.00 M M 16.5 36 250 M M 2 49 230
8 62 47 55 -15 10 0 T M M 14.3 36 280 M M 2 47 270
9 71 40 56 -15 9 0 0.00 M M 6.1 15 320 M M 0 18 320
10 81 48 65 -6 0 0 0.00 M M 4.5 13 290 M M 0 16 230
11 90 50 70 -1 0 5 0.00 M M 4.6 16 80 M M 0 22 30
12 97 63 80 8 0 15 0.00 M M 8.1 24 210 M M 0 35 210
13 95 70 83 11 0 18 0.00 M M 16.5 36 210 M M 0 57 200
14 88 60 74 2 0 9 0.00 M M 11.6 25 210 M M 0 35 240
15 93 55 74 1 0 9 0.00 M M 9.5 26 190 M M 0 50 210
16 92 66 79 6 0 14 0.00 M M 16.3 36 230 M M 1 8 48 210
17 85 58 72 -2 0 7 0.00 M M 17.3 31 310 M M 0 39 320
18 82 50 66 -8 0 1 0.00 M M 5.8 21 300 M M 0 27 310
19 84 53 69 -5 0 4 0.00 M M 6.3 18 310 M M 0 26 260
20 91 50 71 -3 0 6 0.00 M M 4.2 17 250 M M 0 8 24 330
21 96 59 78 3 0 13 0.00 M M 5.0 22 240 M M 0 29 260
22 96 64 80 5 0 15 0.00 M M 10.2 23 320 M M 0 32 330
23 97 61 79 3 0 14 0.00 M M 6.3 20 300 M M 0 29 300
24 99 61 80 4 0 15 0.00 M M 5.9 29 260 M M 0 39 260
25 101 67 84 8 0 19 0.00 M M 8.4 28 30 M M 0 42 30
26 96 69 83 7 0 18 0.03 M M 9.0 47 300 M M 0 8 61 310
27 97 60 79 2 0 14 0.00 M M 7.4 24 270 M M 0 30 270
28 96 71 84 7 0 19 T M M 18.8 36 230 M M 0 49 240
29 83 64 74 -3 0 9 0.00 M M 20.7 30 200 M M 4 40 210
30 83 52 68 -10 0 3 0.00 M M 10.2 26 260 M M 1 36 240
================================================================================
SM 2700 1748 19 301 0.85 M 295.2 M 15
================================================================================
AV 90.0 58.3 9.8 FASTST M M 1 MAX(MPH)
MISC ----> # 58 160 # 74 150
================================================================================
NOTES:
# LAST OF SEVERAL OCCURRENCES
COLUMN 17 PEAK WIND IN M.P.H.
PRELIMINARY LOCAL CLIMATOLOGICAL DATA (WS FORM: F-6) , PAGE 2
STATION: CANYONLANDS AIRPORT UT
MONTH: JUNE
YEAR: 2020
LATITUDE: 38 46 N
LONGITUDE: 109 45 W
[TEMPERATURE DATA] [PRECIPITATION DATA] SYMBOLS USED IN COLUMN 16
AVERAGE MONTHLY: 74.1 TOTAL FOR MONTH: 0.85 1 = FOG OR MIST
DPTR FM NORMAL: 1.1 DPTR FM NORMAL: 0.35 2 = FOG REDUCING VISIBILITY
HIGHEST: 101 ON 25 GRTST 24HR 0.82 ON 6- 6 TO 1/4 MILE OR LESS
LOWEST: 40 ON 9 3 = THUNDER
SNOW, ICE PELLETS, HAIL 4 = ICE PELLETS
TOTAL MONTH: M 5 = HAIL
GRTST 24HR M ON M 6 = FREEZING RAIN OR DRIZZLE
GRTST DEPTH: M ON M 7 = DUSTSTORM OR SANDSTORM:
VSBY 1/2 MILE OR LESS
8 = SMOKE OR HAZE
[NO. OF DAYS WITH] [WEATHER - DAYS WITH] 9 = BLOWING SNOW
X = TORNADO
MAX 32 OR BELOW: 0 0.01 INCH OR MORE: 2
MAX 90 OR ABOVE: 19 0.10 INCH OR MORE: 1
MIN 32 OR BELOW: 0 0.50 INCH OR MORE: 1
MIN 0 OR BELOW: 0 1.00 INCH OR MORE: 0
[HDD (BASE 65) ]
TOTAL THIS MO. 19 CLEAR (SCALE 0-3) 28
DPTR FM NORMAL 2 PTCLDY (SCALE 4-7) 2
TOTAL FM JUL 1 5537 CLOUDY (SCALE 8-10) 0
DPTR FM NORMAL -40
[CDD (BASE 65) ]
TOTAL THIS MO. 301
DPTR FM NORMAL 46 [PRESSURE DATA]
TOTAL FM JAN 1 431 HIGHEST SLP 30.20 ON 9
DPTR FM NORMAL 112 LOWEST SLP 29.21 ON 28
[REMARKS]
#FINAL-06-20#