000
CXUS55 KPUB 021724
CF6COS
PRELIMINARY LOCAL CLIMATOLOGICAL DATA (WS FORM: F-6)
STATION: COLORADO SPRINGS CO
MONTH: MAY
YEAR: 2022
LATITUDE: 38 49 N
LONGITUDE: 104 43 W
TEMPERATURE IN F: :PCPN: SNOW: WIND :SUNSHINE: SKY :PK WND
================================================================================
1 2 3 4 5 6A 6B 7 8 9 10 11 12 13 14 15 16 17 18
12Z AVG MX 2MIN
DY MAX MIN AVG DEP HDD CDD WTR SNW DPTH SPD SPD DIR MIN PSBL S-S WX SPD DR
================================================================================
1 67 38 53 2 12 0 T 0.0 0 12.6 29 350 M M 6 37 360
2 55 37 46 -6 19 0 T 0.0 0 19.8 45 10 M M 6 54 360
3 63 34 49 -3 16 0 0.00 0.0 0 13.0 31 110 M M 8 18 39 110
4 58 42 50 -2 15 0 0.28 0.0 0 12.4 30 330 M M 8 1 39 330
5 73 42 58 5 7 0 0.00 0.0 0 8.5 21 350 M M 6 29 340
6 83 44 64 11 1 0 0.00 0.0 0 7.0 20 190 M M 6 26 200
7 91 52 72 18 0 7 0.00 0.0 0 16.6 36 230 M M 6 44 230
8 81 48 65 11 0 0 0.00 0.0 0 18.7 43 230 M M 3 8 56 230
9 85 52 69 15 0 4 0.00 0.0 0 22.2 38 200 M M 2 8 50 210
10 77 45 61 6 4 0 0.00 0.0 0 12.1 24 160 M M 3 35 140
11 91 49 70 15 0 5 0.00 0.0 0 13.9 36 210 M M 5 45 190
12 77 57 67 11 0 2 0.00 0.0 0 21.9 43 220 M M 2 55 240
13 77 45 61 5 4 0 0.00 0.0 0 14.7 31 240 M M 4 42 230
14 80 55 68 12 0 3 0.00 0.0 0 8.5 21 130 M M 5 29 150
15 80 50 65 8 0 0 0.00 0.0 0 12.5 23 160 M M 4 29 10
16 81 48 65 8 0 0 0.00 0.0 0 6.6 29 290 M M 5 43 290
17 90 54 72 14 0 7 0.00 0.0 0 10.1 36 30 M M 5 46 40
18 81 54 68 10 0 3 0.01 0.0 0 10.6 25 130 M M 5 3 37 180
19 89 45 67 9 0 2 0.00 0.0 0 14.0 36 220 M M 6 46 230
20 45 32 39 -20 26 0 0.83 5.7 0 10.7 29 20 M M 9 1 36 10
21 37 30 34 -25 31 0 0.32 4.6 9 4.5 12 210 M M 9 1 13 210
22 48 34 41 -18 24 0 0.06 T T 8.0 15 130 M M 10 12 22 130
23 59 39 49 -11 16 0 0.13 0.0 0 8.3 23 20 M M 9 1 31 20
24 58 41 50 -10 15 0 0.14 0.0 0 9.4 20 170 M M 9 13 25 310
25 69 41 55 -6 10 0 0.00 0.0 0 14.1 31 360 M M 2 40 360
26 79 45 62 1 3 0 0.00 0.0 0 8.2 18 170 M M 3 26 170
27 88 50 69 8 0 4 0.00 0.0 0 9.9 41 220 M M 6 56 220
28 86 52 69 7 0 4 0.00 0.0 0 13.4 35 220 M M 6 45 220
29 80 54 67 5 0 2 0.01 0.0 0 13.2 38 340 M M 5 50 340
30 69 50 60 -2 5 0 0.00 0.0 0 13.8 33 270 M M 5 54 270
31 68 43 56 -7 9 0 0.24 0.0 0 11.6 25 330 M M 7 1 36 340
================================================================================
SM 2265 1402 217 43 2.02 10.3 380.8 M 175
================================================================================
AV 73.1 45.2 12.3 FASTST M M 6 MAX(MPH)
MISC ----> 45 10 # 56 220
================================================================================
NOTES:
# LAST OF SEVERAL OCCURENCES
COLUMN 17 PEAK WIND IN M.P.H.
PRELIMINARY LOCAL CLIMATOLOGICAL DATA (WS FORM: F-6) , PAGE 2
STATION: COLORADO SPRINGS CO
MONTH: MAY
YEAR: 2022
LATITUDE: 38 49 N
LONGITUDE: 104 43 W
[TEMPERATURE DATA] [PRECIPITATION DATA] SYMBOLS USED IN COLUMN 16
AVERAGE MONTHLY: 59.1 TOTAL FOR MONTH: 2.02 1 = FOG OR MIST
DPTR FM NORMAL: 2.0 DPTR FM NORMAL: 0.03 2 = FOG REDUCING VISIBILITY
HIGHEST: 91 ON 11, 7 GRTST 24HR 1.14 ON 20-21 TO 1/4 MILE OR LESS
LOWEST: 30 ON 21 3 = THUNDER
SNOW, ICE PELLETS, HAIL 4 = ICE PELLETS
TOTAL MONTH: 10.3 INCHES 5 = HAIL
GRTST 24HR 10.3 ON 20-21 6 = FREEZING RAIN OR DRIZZLE
GRTST DEPTH 9 ON 21 7 = DUSTSTORM OR SANDSTORM:
VSBY 1/2 MILE OR LESS
8 = SMOKE OR HAZE
[NO. OF DAYS WITH] [WEATHER - DAYS WITH] 9 = BLOWING SNOW
X = TORNADO
MAX 32 OR BELOW: 0 0.01 INCH OR MORE: 9
MAX 90 OR ABOVE: 3 0.10 INCH OR MORE: 6
MIN 32 OR BELOW: 2 0.50 INCH OR MORE: 1
MIN 0 OR BELOW: 0 1.00 INCH OR MORE: 0
[HDD (BASE 65) ]
TOTAL THIS MO. 217 CLEAR (SCALE 0-3) 6
DPTR FM NORMAL -45 PTCLDY (SCALE 4-7) 18
TOTAL FM JUL 1 5037 CLOUDY (SCALE 8-10) 7
DPTR FM NORMAL -801
[CDD (BASE 65) ]
TOTAL THIS MO. 43
DPTR FM NORMAL 26 [PRESSURE DATA]
TOTAL FM JAN 1 46 HIGHEST SLP 30.48 ON 21
DPTR FM NORMAL 28 LOWEST SLP 29.15 ON 29
[REMARKS]
#FINAL-05-22#