000
CXUS54 KCRP 011210
CF6COT
PRELIMINARY LOCAL CLIMATOLOGICAL DATA (WS FORM: F-6)
STATION: COTULLA
MONTH: AUGUST
YEAR: 2022
LATITUDE: 28 27 N
LONGITUDE: 99 13 W
TEMPERATURE IN F: :PCPN: SNOW: WIND :SUNSHINE: SKY :PK WND
================================================================================
1 2 3 4 5 6A 6B 7 8 9 10 11 12 13 14 15 16 17 18
12Z AVG MX 2MIN
DY MAX MIN AVG DEP HDD CDD WTR SNW DPTH SPD SPD DIR MIN PSBL S-S WX SPD DR
================================================================================
1 105 77 91 3 0 26 0.00 0.0 0 10.7 22 130 M M 1 31 150
2 108 79 94 6 0 29 0.00 0.0 0 13.6 25 140 M M 0 34 140
3 109 80 95 7 0 30 0.00 0.0 0 14.1 24 120 M M 1 33 110
4 108 79 94 6 0 29 0.00 0.0 0 13.0 24 130 M M 1 33 130
5 106 78 92 4 0 27 0.00 0.0 0 11.7 25 130 M M 1 41 110
6 103 80 92 4 0 27 0.00 0.0 0 11.8 25 140 M M 2 35 120
7 106 78 92 4 0 27 0.00 0.0 0 12.8 25 130 M M 1 37 130
8 105 78 92 4 0 27 0.06 0.0 0 7.8 29 170 M M 2 3 46 180
9 103 76 90 2 0 25 0.00 0.0 0 7.3 20 150 M M 2 3 34 70
10 106 77 92 4 0 27 0.00 0.0 0 8.2 18 140 M M 1 27 140
11 107 77 92 4 0 27 T 0.0 0 5.5 24 320 M M 1 36 310
12 106 78 92 4 0 27 T 0.0 0 7.1 21 100 M M 3 32 90
13 104 77 91 3 0 26 0.00 0.0 0 7.6 21 110 M M 3 32 100
14 91 77 84 -4 0 19 0.40 0.0 0 11.6 22 100 M M 5 1 29 110
15 81 73 77 -11 0 12 4.05 0.0 0 11.3 22 130 M M 8 123 34 120
16 99 78 89 1 0 24 0.10 0.0 0 10.5 17 130 M M 5 1 41 120
17 99 77 88 0 0 23 0.00 0.0 0 7.5 17 140 M M 2 1 25 130
18 102 78 90 2 0 25 0.00 0.0 0 7.6 15 150 M M 0 22 150
19 101 79 90 2 0 25 0.00 0.0 0 9.6 23 130 M M 1 33 150
20 100 77 89 1 0 24 0.00 0.0 0 11.5 23 130 M M 2 28 120
21 99 80 90 2 0 25 0.00 0.0 0 7.8 20 130 M M 5 25 130
22 102 77 90 3 0 25 0.65 0.0 0 8.1 30 10 M M 3 13 46 360
23 94 76 85 -2 0 20 0.00 0.0 0 4.8 13 80 M M 5 13 18 70
24 95 77 86 -1 0 21 0.04 0.0 0 4.9 14 50 M M 4 3 20 20
25 87 76 82 -5 0 17 0.85 0.0 0 2.0 16 100 M M 4 13 23 70
26 97 75 86 -1 0 21 0.00 0.0 0 3.7 13 160 M M 1 1 20 150
27 97 77 87 1 0 22 0.00 0.0 0 7.5 20 130 M M 1 26 130
28 98 78 88 2 0 23 0.00 0.0 M 9.9 18 130 M M 2 24 130
29 98 78 88 2 0 23 0.00 0.0 M 8.3 22 130 M M 2 27 140
30 91 77 84 -2 0 19 1.14 0.0 0 8.1 18 280 M M 3 123 28 280
31 91 77 84 -2 0 19 1.14 0.0 0 6.1 23 130 M M 3 123 31 130
================================================================================
SM 3098 2401 0 741 8.43 0.0 272.0 M 75
================================================================================
AV 99.9 77.5 8.8 FASTST M M 2 MAX(MPH)
MISC ----> 30 10 # 46 180
================================================================================
NOTES:
# LAST OF SEVERAL OCCURRENCES
COLUMN 17 PEAK WIND IN M.P.H.
PRELIMINARY LOCAL CLIMATOLOGICAL DATA (WS FORM: F-6) , PAGE 2
STATION: COTULLA
MONTH: AUGUST
YEAR: 2022
LATITUDE: 28 27 N
LONGITUDE: 99 13 W
[TEMPERATURE DATA] [PRECIPITATION DATA] SYMBOLS USED IN COLUMN 16
AVERAGE MONTHLY: 88.7 TOTAL FOR MONTH: 8.43 1 = FOG OR MIST
DPTR FM NORMAL: 1.0 DPTR FM NORMAL: 6.76 2 = FOG REDUCING VISIBILITY
HIGHEST: 109 ON 3 GRTST 24HR 4.42 ON 14-15 TO 1/4 MILE OR LESS
LOWEST: 73 ON 15 3 = THUNDER
SNOW, ICE PELLETS, HAIL 4 = ICE PELLETS
TOTAL MONTH: 0.0 INCH 5 = HAIL
GRTST 24HR 0.0 6 = FREEZING RAIN OR DRIZZLE
GRTST DEPTH: 0 7 = DUSTSTORM OR SANDSTORM:
VSBY 1/2 MILE OR LESS
8 = SMOKE OR HAZE
[NO. OF DAYS WITH] [WEATHER - DAYS WITH] 9 = BLOWING SNOW
X = TORNADO
MAX 32 OR BELOW: 0 0.01 INCH OR MORE: 9
MAX 90 OR ABOVE: 29 0.10 INCH OR MORE: 7
MIN 32 OR BELOW: 0 0.50 INCH OR MORE: 5
MIN 0 OR BELOW: 0 1.00 INCH OR MORE: 3
[HDD (BASE 65) ]
TOTAL THIS MO. 0 CLEAR (SCALE 0-3) 23
DPTR FM NORMAL 0 PTCLDY (SCALE 4-7) 8
TOTAL FM JUL 1 0 CLOUDY (SCALE 8-10) 0
DPTR FM NORMAL 0
[CDD (BASE 65) ]
TOTAL THIS MO. 741
DPTR FM NORMAL 39 [PRESSURE DATA]
TOTAL FM JAN 1 3746 HIGHEST SLP 30.06 ON 10
DPTR FM NORMAL 758 LOWEST SLP 29.70 ON 3
[REMARKS]
#FINAL-08-22#