000
CXUS53 KLSX 011500
CF6COU
PRELIMINARY LOCAL CLIMATOLOGICAL DATA (WS FORM: F-6)
STATION: COLUMBIA ASOS
MONTH: FEBRUARY
YEAR: 2021
LATITUDE: 38 49 N
LONGITUDE: 92 13 W
TEMPERATURE IN F: :PCPN: SNOW: WIND :SUNSHINE: SKY :PK WND
================================================================================
1 2 3 4 5 6A 6B 7 8 9 10 11 12 13 14 15 16 17 18
12Z AVG MX 2MIN
DY MAX MIN AVG DEP HDD CDD WTR SNW DPTH SPD SPD DIR MIN PSBL S-S WX SPD DR
================================================================================
1 33 27 30 -1 35 0 0.00 0.0 0 11.9 21 330 M M 10 26 340
2 43 28 36 5 29 0 0.00 0.0 0 3.6 10 10 M M 5 13 10
3 54 26 40 9 25 0 0.00 0.0 0 11.1 21 150 M M 0 1 29 160
4 43 24 34 2 31 0 0.15 T 0 15.2 32 310 M M 7 18 45 310
5 41 21 31 -1 34 0 T T 0 11.1 22 300 M M 4 32 310
6 27 6 17 -15 48 0 0.04 0.6 0 10.1 20 360 M M 5 1 24 360
7 12 2 7 -25 58 0 0.03 0.4 T 8.5 15 50 M M 7 19 50
8 16 11 14 -18 51 0 0.12 1.1 1 9.6 16 10 M M 10 18 22 20
9 16 9 13 -20 52 0 T T 3 10.6 15 20 M M 10 8 19 10
10 15 11 13 -20 52 0 0.03 0.3 3 11.9 17 30 M M 10 18 26 20
11 17 11 14 -19 51 0 T T 3 13.1 20 10 M M 10 26 20
12 13 3 8 -25 57 0 0.00 0.0 3 14.0 20 10 M M 4 25 340
13 12 0 6 -28 59 0 0.00 0.0 2 12.7 18 360 M M 6 23 310
14 4 -3 1 -33 64 0 0.08 1.1 2 15.4 21 360 M M 7 26 360
15 0 -4 -2 -36 67 0 0.21 2.9 5 14.1 21 340 M M 10 8 24 360
16 13 -8 3 -32 62 0 T T 6 5.7 13 320 M M 1 8 16 320
17 18 4 11 -24 54 0 0.13 1.6 5 8.1 13 80 M M 7 1 16 70
18 22 1 12 -23 53 0 T 0.1 7 6.6 16 350 M M 0 20 340
19 30 5 18 -18 47 0 0.00 0.0 6 5.4 13 240 M M 1 16 240
20 41 14 28 -8 37 0 0.00 0.0 5 8.2 17 210 M M 1 24 150
21 43 31 37 1 28 0 0.01 0.0 4 14.9 28 190 M M 6 18 38 200
22 54 28 41 4 24 0 0.00 0.0 2 13.3 24 240 M M 2 33 240
23 67 35 51 14 14 0 0.00 0.0 0 9.9 22 260 M M 0 31 250
24 53 32 43 6 22 0 0.00 0.0 0 11.2 21 320 M M 2 26 330
25 47 24 36 -2 29 0 0.00 0.0 0 5.2 12 360 M M 3 15 350
26 49 30 40 2 25 0 0.00 0.0 0 7.7 18 130 M M 7 28 100
27 63 33 48 10 17 0 0.21 0.0 0 9.1 20 150 M M 3 123 26 150
28 55 34 45 6 20 0 0.03 0.0 0 10.1 22 320 M M 7 13 29 330
================================================================================
SM 901 435 1145 0 1.04 8.1 288.3 M 145
================================================================================
AV 32.2 15.5 10.3 FASTST M M 5 MAX(MPH)
MISC ----> 32 310 45 310
================================================================================
NOTES:
# LAST OF SEVERAL OCCURRENCES
COLUMN 17 PEAK WIND IN M.P.H.
PRELIMINARY LOCAL CLIMATOLOGICAL DATA (WS FORM: F-6) , PAGE 2
STATION: COLUMBIA ASOS
MONTH: FEBRUARY
YEAR: 2021
LATITUDE: 38 49 N
LONGITUDE: 92 13 W
[TEMPERATURE DATA] [PRECIPITATION DATA] SYMBOLS USED IN COLUMN 16
AVERAGE MONTHLY: 23.9 TOTAL FOR MONTH: 1.04 1 = FOG OR MIST
DPTR FM NORMAL: -10.5 DPTR FM NORMAL: -1.21 2 = FOG REDUCING VISIBILITY
HIGHEST: 67 ON 23 GRTST 24HR 0.24 ON 27-28 TO 1/4 MILE OR LESS
LOWEST: -8 ON 16 3 = THUNDER
SNOW, ICE PELLETS, HAIL 4 = ICE PELLETS
TOTAL MONTH: 8.1 INCHES 5 = HAIL
GRTST 24HR 2.9 ON 15-15 6 = FREEZING RAIN OR DRIZZLE
GRTST DEPTH: 7 ON 18 7 = DUSTSTORM OR SANDSTORM:
VSBY 1/2 MILE OR LESS
8 = SMOKE OR HAZE
[NO. OF DAYS WITH] [WEATHER - DAYS WITH] 9 = BLOWING SNOW
X = TORNADO
MAX 32 OR BELOW: 14 0.01 INCH OR MORE: 11
MAX 90 OR ABOVE: 0 0.10 INCH OR MORE: 5
MIN 32 OR BELOW: 25 0.50 INCH OR MORE: 0
MIN 0 OR BELOW: 4 1.00 INCH OR MORE: 0
[HDD (BASE 65) ]
TOTAL THIS MO. 1145 CLEAR (SCALE 0-3) 10
DPTR FM NORMAL 288 PTCLDY (SCALE 4-7) 12
TOTAL FM JUL 1 3798 CLOUDY (SCALE 8-10) 6
DPTR FM NORMAL -148
[CDD (BASE 65) ]
TOTAL THIS MO. 0
DPTR FM NORMAL 0 [PRESSURE DATA]
TOTAL FM JAN 1 0 HIGHEST SLP 30.62 ON 14
DPTR FM NORMAL 0 LOWEST SLP 29.50 ON 4
[REMARKS]
#FINAL-02-21#