000
CXUS55 KRIW 011110
CF6CPR
PRELIMINARY LOCAL CLIMATOLOGICAL DATA (WS FORM: F-6)
STATION: CASPER WY
MONTH: JANUARY
YEAR: 2023
LATITUDE: 42 55 N
LONGITUDE: 106 28 W
TEMPERATURE IN F: :PCPN: SNOW: WIND :SUNSHINE: SKY :PK WND
================================================================================
1 2 3 4 5 6A 6B 7 8 9 10 11 12 13 14 15 16 17 18
12Z AVG MX 2MIN
DY MAX MIN AVG DEP HDD CDD WTR SNW DPTH SPD SPD DIR MIN PSBL S-S WX SPD DR
================================================================================
1 29 24 27 3 38 0 0.27 7.3 T 12.2 20 40 M M 10 1 25 60
2 27 23 25 1 40 0 0.23 5.9 7 17.7 26 70 M M 10 12 33 80
3 26 18 22 -2 43 0 T 0.1 8 10.6 22 220 M M 6 1 28 220
4 22 8 15 -9 50 0 0.00 0.0 7 16.8 26 220 M M 0 32 220
5 33 11 22 -3 43 0 0.00 0.0 5 19.6 33 210 M M 0 8 43 210
6 35 19 27 2 38 0 0.00 0.0 5 10.7 20 220 M M 6 25 230
7 31 21 26 1 39 0 0.00 0.0 4 16.1 26 210 M M 1 33 210
8 34 26 30 5 35 0 0.00 0.0 4 22.5 36 220 M M 1 47 200
9 36 24 30 5 35 0 0.00 0.0 4 26.1 43 210 M M 1 9 55 210
10 36 24 30 5 35 0 0.16 T 3 13.6 36 210 M M 4 1 46 220
11 33 21 27 2 38 0 0.55 5.8 6 9.1 20 10 M M 10 1 23 360
12 29 19 24 -1 41 0 T 0.2 8 19.3 30 200 M M 1 38 210
13 39 28 34 9 31 0 0.00 0.0 8 20.2 35 210 M M 0 44 210
14 39 32 36 11 29 0 0.00 0.0 5 24.1 40 220 M M 0 51 220
15 39 28 34 9 31 0 0.00 0.0 5 8.1 24 210 M M 7 29 220
16 34 19 27 2 38 0 0.00 0.0 5 12.2 24 210 M M 5 30 200
17 26 7 17 -8 48 0 0.07 1.6 5 4.5 10 30 M M 7 12 12 30
18 27 10 19 -6 46 0 0.17 2.7 8 11.1 23 210 M M 5 1 31 220
19 25 14 20 -5 45 0 0.00 0.0 7 17.4 28 210 M M 2 36 210
20 26 3 15 -10 50 0 0.00 0.0 6 5.7 13 260 M M 3 16 250
21 26 11 19 -6 46 0 T T 6 13.8 25 210 M M 10 1 31 210
22 26 17 22 -3 43 0 0.05 1.4 6 14.0 32 210 M M 7 1 41 220
23 27 16 22 -3 43 0 0.11 1.3 8 9.1 23 210 M M 7 1 31 220
24 25 14 20 -5 45 0 T T 6 13.1 18 240 M M 5 M M
25 25 16 21 -4 44 0 T T 6 10.3 23 290 M M 9 1 30 290
26 28 13 21 -4 44 0 0.00 0.0 5 22.5 38 210 M M 6 9 46 210
27 31 24 28 3 37 0 0.06 1.2 6 16.6 35 210 M M 9 19 43 220
28 26 -3 12 -13 53 0 0.27 9.0 7 17.0 38 20 M M 10 1289 46 20
29 -3 -17 -10 -35 75 0 0.05 0.5 6 8.7 17 30 M M 9 18 21 30
30 -1 -21 -11 -36 76 0 0.00 0.0 6 14.0 25 220 M M 0 31 220
31 14 -5 5 -20 60 0 0.00 0.0 6 28.3 41 200 M M 0 89 53 190
================================================================================
SM 850 444 1359 0 1.99 37.0 465.0 M 151
================================================================================
AV 27.4 14.3 15.0 FASTST M M 5 MAX(MPH)
MISC ----> 43 210 55 210
================================================================================
NOTES:
# LAST OF SEVERAL OCCURRENCES
COLUMN 17 PEAK WIND IN M.P.H.
PRELIMINARY LOCAL CLIMATOLOGICAL DATA (WS FORM: F-6) , PAGE 2
STATION: CASPER WY
MONTH: JANUARY
YEAR: 2023
LATITUDE: 42 55 N
LONGITUDE: 106 28 W
[TEMPERATURE DATA] [PRECIPITATION DATA] SYMBOLS USED IN COLUMN 16
AVERAGE MONTHLY: 20.9 TOTAL FOR MONTH: 1.99 1 = FOG OR MIST
DPTR FM NORMAL: -4.2 DPTR FM NORMAL: 1.50 2 = FOG REDUCING VISIBILITY
HIGHEST: 39 ON 15,14 GRTST 24HR 0.80 ON 10-11 TO 1/4 MILE OR LESS
LOWEST: -21 ON 30 3 = THUNDER
SNOW, ICE PELLETS, HAIL 4 = ICE PELLETS
TOTAL MONTH: 37.1 INCHES 5 = HAIL
GRTST 24HR 9.0 ON 28-28 6 = FREEZING RAIN OR DRIZZLE
GRTST DEPTH: 8 ON 23,18 7 = DUSTSTORM OR SANDSTORM:
VSBY 1/2 MILE OR LESS
8 = SMOKE OR HAZE
[NO. OF DAYS WITH] [WEATHER - DAYS WITH] 9 = BLOWING SNOW
X = TORNADO
MAX 32 OR BELOW: 21 0.01 INCH OR MORE: 11
MAX 90 OR ABOVE: 0 0.10 INCH OR MORE: 7
MIN 32 OR BELOW: 31 0.50 INCH OR MORE: 1
MIN 0 OR BELOW: 4 1.00 INCH OR MORE: 0
[HDD (BASE 65) ]
TOTAL THIS MO. 1359 CLEAR (SCALE 0-3) 11
DPTR FM NORMAL 122 PTCLDY (SCALE 4-7) 12
TOTAL FM JUL 1 4476 CLOUDY (SCALE 8-10) 8
DPTR FM NORMAL 183
[CDD (BASE 65) ]
TOTAL THIS MO. 0
DPTR FM NORMAL 0 [PRESSURE DATA]
TOTAL FM JAN 1 0 HIGHEST SLP 30.54 ON 29
DPTR FM NORMAL 0 LOWEST SLP 29.40 ON 15
[REMARKS]
#FINAL-01-23#