000
CXUS56 KSGX 011045
CF6CRQ
PRELIMINARY LOCAL CLIMATOLOGICAL DATA (WS FORM: F-6)
STATION: CARLSBAD PALOMAR AIRPORT CA
MONTH: MAY
YEAR: 2023
LATITUDE: 33 7 N
LONGITUDE: 117 17 W
TEMPERATURE IN F: :PCPN: SNOW: WIND :SUNSHINE: SKY :PK WND
================================================================================
1 2 3 4 5 6A 6B 7 8 9 10 11 12 13 14 15 16 17 18
12Z AVG MX 2MIN
DY MAX MIN AVG DEP HDD CDD WTR SNW DPTH SPD SPD DIR MIN PSBL S-S WX SPD DR
================================================================================
1 62 56 59 -2 6 0 T M M 8.7 16 260 M M 10 21 260
2 62 54 58 -4 7 0 0.02 M M 5.9 15 240 M M 6 24 250
3 63 53 58 -4 7 0 0.03 M M 6.7 16 250 M M 5 1 22 240
4 63 54 59 -3 6 0 0.28 M M 8.2 17 190 M M 7 1 23 190
5 63 54 59 -3 6 0 0.05 M M 4.1 13 250 M M 7 1 16 260
6 64 50 57 -5 8 0 0.00 M M 4.2 16 250 M M 1 23 250
7 66 53 60 -2 5 0 0.00 M M 4.4 14 260 M M 3 19 260
8 65 54 60 -2 5 0 0.00 M M 3.5 13 250 M M 3 17 260
9 65 56 61 -1 4 0 0.00 M M 8.0 18 260 M M 7 24 260
10 64 56 60 -2 5 0 0.00 M M 6.6 15 230 M M 5 20 260
11 65 57 61 -1 4 0 0.00 M M 5.1 14 250 M M 7 18 250
12 65 59 62 0 3 0 0.00 M M 4.2 13 260 M M 10 19 260
13 64 58 61 -1 4 0 0.00 M M 4.9 10 220 M M 10 14 260
14 66 58 62 0 3 0 0.00 M M 4.9 12 210 M M 9 1 19 260
15 64 59 62 0 3 0 0.00 M M 3.1 10 240 M M 10 1 13 280
16 67 57 62 -1 3 0 0.00 M M 3.4 13 240 M M 5 18 16 250
17 62 58 60 -3 5 0 0.00 M M 3.1 10 210 M M 9 1 12 250
18 66 58 62 -1 3 0 0.00 M M 4.5 13 250 M M 9 1 17 250
19 64 59 62 -1 3 0 0.00 M M 4.2 10 250 M M 10 18 15 250
20 64 60 62 -1 3 0 0.00 M M 4.2 12 250 M M 10 14 260
21 67 60 64 1 1 0 0.00 M M 4.4 13 240 M M 9 1 16 260
22 63 59 61 -2 4 0 0.00 M M 3.3 9 230 M M 10 18 12 240
23 61 58 60 -3 5 0 0.00 M M 5.2 9 210 M M 10 1 12 250
24 63 56 60 -3 5 0 0.00 M M 5.4 12 210 M M 10 1 16 260
25 65 59 62 -1 3 0 0.00 M M 5.9 15 230 M M 10 19 230
26 67 59 63 0 2 0 0.00 M M 5.8 15 240 M M 6 24 250
27 66 59 63 0 2 0 0.00 M M 5.3 13 270 M M 9 17 290
28 65 59 62 -1 3 0 T M M 4.3 12 250 M M 10 1 15 260
29 65 58 62 -1 3 0 0.03 M M 5.0 12 250 M M 10 1 15 250
30 65 58 62 -1 3 0 T M M 5.2 15 250 M M 10 1 20 300
31 64 58 61 -2 4 0 T M M 5.0 12 230 M M 10 16 240
================================================================================
SM 1995 1766 128 0 0.41 M 156.7 M 247
================================================================================
AV 64.4 57.0 5.1 FASTST M M 8 MAX(MPH)
MISC ----> 18 260 # 24 250
================================================================================
NOTES:
# LAST OF SEVERAL OCCURRENCES
COLUMN 17 PEAK WIND IN M.P.H.
PRELIMINARY LOCAL CLIMATOLOGICAL DATA (WS FORM: F-6) , PAGE 2
STATION: CARLSBAD PALOMAR AIRPORT CA
MONTH: MAY
YEAR: 2023
LATITUDE: 33 7 N
LONGITUDE: 117 17 W
[TEMPERATURE DATA] [PRECIPITATION DATA] SYMBOLS USED IN COLUMN 16
AVERAGE MONTHLY: 60.7 TOTAL FOR MONTH: 0.41 1 = FOG OR MIST
DPTR FM NORMAL: -1.8 DPTR FM NORMAL: 0.13 2 = FOG REDUCING VISIBILITY
HIGHEST: 67 ON 26,21 GRTST 24HR 0.33 ON 4- 5 TO 1/4 MILE OR LESS
LOWEST: 50 ON 6 3 = THUNDER
SNOW, ICE PELLETS, HAIL 4 = ICE PELLETS
TOTAL MONTH: M 5 = HAIL
GRTST 24HR M ON M 6 = FREEZING RAIN OR DRIZZLE
GRTST DEPTH: M ON M 7 = DUSTSTORM OR SANDSTORM:
VSBY 1/2 MILE OR LESS
8 = SMOKE OR HAZE
[NO. OF DAYS WITH] [WEATHER - DAYS WITH] 9 = BLOWING SNOW
X = TORNADO
MAX 32 OR BELOW: 0 0.01 INCH OR MORE: 5
MAX 90 OR ABOVE: 0 0.10 INCH OR MORE: 1
MIN 32 OR BELOW: 0 0.50 INCH OR MORE: 0
MIN 0 OR BELOW: 0 1.00 INCH OR MORE: 0
[HDD (BASE 65) ]
TOTAL THIS MO. 128 CLEAR (SCALE 0-3) 1
DPTR FM NORMAL 39 PTCLDY (SCALE 4-7) 11
TOTAL FM JUL 1 1738 CLOUDY (SCALE 8-10) 19
DPTR FM NORMAL 258
[CDD (BASE 65) ]
TOTAL THIS MO. 0
DPTR FM NORMAL -12 [PRESSURE DATA]
TOTAL FM JAN 1 5 HIGHEST SLP 30.10 ON 7
DPTR FM NORMAL -30 LOWEST SLP 29.82 ON 18
[REMARKS]
#FINAL-05-23#