000
CXUS54 KFWD 010830
CF6CRS
PRELIMINARY LOCAL CLIMATOLOGICAL DATA (WS FORM: F-6)
STATION: CORSICANA
MONTH: DECEMBER
YEAR: 2022
LATITUDE: 32 1 N
LONGITUDE: 96 24 W
TEMPERATURE IN F: :PCPN: SNOW: WIND :SUNSHINE: SKY :PK WND
================================================================================
1 2 3 4 5 6A 6B 7 8 9 10 11 12 13 14 15 16 17 18
12Z AVG MX 2MIN
DY MAX MIN AVG DEP HDD CDD WTR SNW DPTH SPD SPD DIR MIN PSBL S-S WX SPD DR
================================================================================
1 58 35 47 -6 18 0 0.00 M M 8.0 15 150 M M 4 22 110
2 70 49 60 8 5 0 0.06 M M 12.7 26 210 M M 10 1 38 200
3 69 52 61 9 4 0 0.00 M M 10.7 23 340 M M 10 30 350
4 59 50 55 3 10 0 0.06 M M 5.0 12 350 M M 10 18 17 350
5 75 54 65 13 0 0 0.02 M M 12.5 25 210 M M 6 1 34 200
6 80 67 74 23 0 9 T M M 11.8 25 220 M M 5 32 220
7 81 69 75 24 0 10 T M M 9.8 18 200 M M 8 24 190
8 80 66 73 22 0 8 T M M 9.2 21 210 M M 8 27 210
9 76 65 71 20 0 6 0.00 M M 5.8 14 200 M M 7 18 18 210
10 78 60 69 19 0 4 0.20 M M 8.8 18 220 M M 9 1 23 360
11 63 55 59 9 6 0 0.13 M M 7.5 17 310 M M 10 1 22 320
12 67 57 62 12 3 0 0.01 M M 9.9 20 140 M M 10 1 28 150
13 76 54 65 15 0 0 0.07 M M 10.8 24 310 M M 10 13 35 200
14 65 39 52 2 13 0 0.02 M M 8.4 26 280 M M 5 38 270
15 58 35 47 -3 18 0 0.00 M M 5.3 12 270 M M 0 8 16 320
16 45 38 42 -7 23 0 0.05 M M 5.5 15 10 M M 5 22 360
17 54 33 44 -5 21 0 0.00 M M 6.2 15 340 M M 0 8 22 340
18 56 28 42 -7 23 0 0.00 M M 6.2 14 120 M M 3 18 100
19 50 42 46 -3 19 0 0.32 M M 7.9 18 140 M M 10 1 24 140
20 54 38 46 -3 19 0 0.03 M M 6.3 15 10 M M 7 1 22 30
21 52 33 43 -6 22 0 0.00 M M 5.8 13 200 M M 0 1 17 200
22 47 14 31 -17 34 0 T M M 16.5 33 310 M M 5 18 46 320
23 28 13 21 -27 44 0 0.00 M M 13.0 23 340 M M 0 33 330
24 39 18 29 -19 36 0 0.00 M M 4.4 10 330 M M 1 17 330
25 50 20 35 -13 30 0 0.00 M M 6.2 13 210 M M 0 20 160
26 55 29 42 -6 23 0 0.00 M M 8.9 16 360 M M 0 24 350
27 51 24 38 -10 27 0 0.00 M M 7.8 14 150 M M 0 20 10
28 72 35 54 6 11 0 0.00 M M 15.9 31 190 M M 0 42 220
29 77 55 66 18 0 1 0.58 M M 9.4 23 210 M M 6 13 32 220
30 60 47 54 6 11 0 0.00 M M 4.0 12 150 M M 7 12 15 180
31 74 48 61 13 4 0 T M M 9.4 21 210 M M 2 12 27 190
================================================================================
SM 1919 1322 424 38 1.55 M 269.6 M 158
================================================================================
AV 61.9 42.6 8.7 FASTST M M 5 MAX(MPH)
MISC ----> 33 310 46 320
================================================================================
NOTES:
# LAST OF SEVERAL OCCURRENCES
COLUMN 17 PEAK WIND IN M.P.H.
PRELIMINARY LOCAL CLIMATOLOGICAL DATA (WS FORM: F-6) , PAGE 2
STATION: CORSICANA
MONTH: DECEMBER
YEAR: 2022
LATITUDE: 32 1 N
LONGITUDE: 96 24 W
[TEMPERATURE DATA] [PRECIPITATION DATA] SYMBOLS USED IN COLUMN 16
AVERAGE MONTHLY: 52.3 TOTAL FOR MONTH: 1.55 1 = FOG OR MIST
DPTR FM NORMAL: 2.7 DPTR FM NORMAL: -1.68 2 = FOG REDUCING VISIBILITY
HIGHEST: 81 ON 7 GRTST 24HR 0.58 ON 29-29 TO 1/4 MILE OR LESS
LOWEST: 13 ON 23 3 = THUNDER
SNOW, ICE PELLETS, HAIL 4 = ICE PELLETS
TOTAL MONTH: M 5 = HAIL
GRTST 24HR M ON M 6 = FREEZING RAIN OR DRIZZLE
GRTST DEPTH: M ON M 7 = DUSTSTORM OR SANDSTORM:
VSBY 1/2 MILE OR LESS
8 = SMOKE OR HAZE
[NO. OF DAYS WITH] [WEATHER - DAYS WITH] 9 = BLOWING SNOW
X = TORNADO
MAX 32 OR BELOW: 1 0.01 INCH OR MORE: 12
MAX 90 OR ABOVE: 0 0.10 INCH OR MORE: 4
MIN 32 OR BELOW: 7 0.50 INCH OR MORE: 1
MIN 0 OR BELOW: 0 1.00 INCH OR MORE: 0
[HDD (BASE 65) ]
TOTAL THIS MO. 424 CLEAR (SCALE 0-3) 11
DPTR FM NORMAL -61 PTCLDY (SCALE 4-7) 11
TOTAL FM JUL 1 759 CLOUDY (SCALE 8-10) 9
DPTR FM NORMAL -46
[CDD (BASE 65) ]
TOTAL THIS MO. 38
DPTR FM NORMAL 29 [PRESSURE DATA]
TOTAL FM JAN 1 3286 HIGHEST SLP 30.82 ON 23
DPTR FM NORMAL 516 LOWEST SLP 29.67 ON 13
[REMARKS]
#FINAL-12-22#