000
CXUS54 KFWD 010730
CF6CRS
PRELIMINARY LOCAL CLIMATOLOGICAL DATA (WS FORM: F-6)
STATION: CORSICANA
MONTH: MARCH
YEAR: 2024
LATITUDE: 32 1 N
LONGITUDE: 96 24 W
TEMPERATURE IN F: :PCPN: SNOW: WIND :SUNSHINE: SKY :PK WND
================================================================================
1 2 3 4 5 6A 6B 7 8 9 10 11 12 13 14 15 16 17 18
12Z AVG MX 2MIN
DY MAX MIN AVG DEP HDD CDD WTR SNW DPTH SPD SPD DIR MIN PSBL S-S WX SPD DR
================================================================================
1 69 45 57 2 8 0 0.00 M M 4.6 14 150 M M 5 18 18 140
2 81 51 66 11 0 1 0.00 M M 12.1 21 170 M M 0 18 31 170
3 81 60 71 15 0 6 0.00 M M 12.3 21 180 M M 4 1 30 220
4 84 67 76 20 0 11 0.00 M M 10.6 20 220 M M 5 29 200
5 83 64 74 18 0 9 0.06 M M 6.1 14 70 M M 3 138 19 60
6 81 59 70 14 0 5 0.00 M M 6.4 14 160 M M 4 18 18 180
7 72 65 69 12 0 4 0.01 M M 7.0 21 120 M M 7 138 27 120
8 75 50 63 6 2 0 0.35 M M 9.8 28 310 M M 7 13 37 330
9 61 45 53 -4 12 0 0.00 M M 12.5 24 340 M M 6 32 350
10 65 38 52 -6 13 0 0.00 M M 3.1 7 50 M M 0 11 120
11 72 52 62 4 3 0 0.00 M M 6.4 16 170 M M 4 21 180
12 77 54 66 8 0 1 0.00 M M 11.8 22 200 M M 3 31 170
13 80 65 73 15 0 8 T M M 14.6 22 160 M M 5 28 170
14 82 70 76 18 0 11 0.00 M M 10.3 18 170 M M 9 25 180
15 73 60 67 8 0 2 0.03 M M 8.7 24 310 M M 9 138 32 340
16 67 60 64 5 1 0 0.66 M M 7.6 14 70 M M 10 138 18 60
17 71 58 65 6 0 0 0.12 M M 9.1 17 10 M M 8 13 26 30
18 63 46 55 -5 10 0 0.00 M M 8.6 20 30 M M 2 29 30
19 66 37 52 -8 13 0 0.00 M M 6.0 14 210 M M 0 8 18 230
20 69 49 59 -1 6 0 0.00 M M 8.9 16 170 M M 3 20 180
21 62 58 60 0 5 0 0.77 M M 6.9 20 310 M M 9 13 25 300
22 67 55 61 0 4 0 T M M 8.5 20 340 M M 6 1 30 360
23 72 62 67 6 0 2 0.00 M M 2.4 10 120 M M 0 16 120
24 71 58 65 4 0 0 0.00 M M 17.1 29 160 M M 5 39 160
25 75 51 63 2 2 0 1.33 M M 9.0 25 250 M M 6 13 37 270
26 61 40 51 -11 14 0 0.00 M M 7.5 18 330 M M 0 26 340
27 69 41 55 -7 10 0 0.00 M M 5.5 13 300 M M 1 3 16 290
28 74 45 60 -2 5 0 0.00 M M 6.6 16 160 M M 0 21 210
29 79 57 68 6 0 3 0.00 M M 16.5 25 170 M M 0 37 180
30 79 59 69 7 0 4 0.00 M M 11.4 21 230 M M 5 27 220
31 81 66 74 11 0 9 0.00 M M 12.7 21 170 M M 6 28 170
================================================================================
SM 2262 1687 108 76 3.33 M 280.7 M 132
================================================================================
AV 73.0 54.4 9.1 FASTST M M 4 MAX(MPH)
MISC ----> 29 160 39 160
================================================================================
NOTES:
# LAST OF SEVERAL OCCURRENCES
COLUMN 17 PEAK WIND IN M.P.H.
PRELIMINARY LOCAL CLIMATOLOGICAL DATA (WS FORM: F-6) , PAGE 2
STATION: CORSICANA
MONTH: MARCH
YEAR: 2024
LATITUDE: 32 1 N
LONGITUDE: 96 24 W
[TEMPERATURE DATA] [PRECIPITATION DATA] SYMBOLS USED IN COLUMN 16
AVERAGE MONTHLY: 63.7 TOTAL FOR MONTH: 3.33 1 = FOG OR MIST
DPTR FM NORMAL: 4.7 DPTR FM NORMAL: -0.25 2 = FOG REDUCING VISIBILITY
HIGHEST: 84 ON 4 GRTST 24HR 1.33 ON 25-25 TO 1/4 MILE OR LESS
LOWEST: 37 ON 19 3 = THUNDER
SNOW, ICE PELLETS, HAIL 4 = ICE PELLETS
TOTAL MONTH: M 5 = HAIL
GRTST 24HR M ON M 6 = FREEZING RAIN OR DRIZZLE
GRTST DEPTH: M ON M 7 = DUSTSTORM OR SANDSTORM:
VSBY 1/2 MILE OR LESS
8 = SMOKE OR HAZE
[NO. OF DAYS WITH] [WEATHER - DAYS WITH] 9 = BLOWING SNOW
X = TORNADO
MAX 32 OR BELOW: 0 0.01 INCH OR MORE: 8
MAX 90 OR ABOVE: 0 0.10 INCH OR MORE: 5
MIN 32 OR BELOW: 0 0.50 INCH OR MORE: 3
MIN 0 OR BELOW: 0 1.00 INCH OR MORE: 1
[HDD (BASE 65) ]
TOTAL THIS MO. 108 CLEAR (SCALE 0-3) 9
DPTR FM NORMAL -116 PTCLDY (SCALE 4-7) 17
TOTAL FM JUL 1 1552 CLOUDY (SCALE 8-10) 5
DPTR FM NORMAL -388
[CDD (BASE 65) ]
TOTAL THIS MO. 76
DPTR FM NORMAL 38 [PRESSURE DATA]
TOTAL FM JAN 1 116 HIGHEST SLP M ON M
DPTR FM NORMAL 62 LOWEST SLP 29.48 ON 25
[REMARKS]
#FINAL-03-24#