000
CXUS54 KFWD 010830
CF6CRS
PRELIMINARY LOCAL CLIMATOLOGICAL DATA (WS FORM: F-6)
STATION: CORSICANA
MONTH: DECEMBER
YEAR: 2021
LATITUDE: 32 1 N
LONGITUDE: 96 24 W
TEMPERATURE IN F: :PCPN: SNOW: WIND :SUNSHINE: SKY :PK WND
================================================================================
1 2 3 4 5 6A 6B 7 8 9 10 11 12 13 14 15 16 17 18
12Z AVG MX 2MIN
DY MAX MIN AVG DEP HDD CDD WTR SNW DPTH SPD SPD DIR MIN PSBL S-S WX SPD DR
================================================================================
1 76 51 64 11 1 0 0.00 M M 8.4 17 280 M M 0 1 22 290
2 80 50 65 13 0 0 0.00 M M 6.2 13 200 M M 3 12 17 200
3 78 61 70 18 0 5 T M M 10.5 18 190 M M 5 1 25 180
4 75 61 68 16 0 3 0.00 M M 7.1 17 200 M M 8 1 25 200
5 78 64 71 19 0 6 0.00 M M 10.3 24 200 M M 8 35 210
6 73 40 57 6 8 0 0.08 M M 13.5 28 350 M M 3 1 41 10
7 64 35 50 -1 15 0 0.00 M M 6.0 13 170 M M 0 17 160
8 64 46 55 4 10 0 0.00 M M 7.6 17 160 M M 3 1 22 160
9 79 59 69 18 0 4 0.00 M M 13.6 28 200 M M 6 1 37 210
10 84 68 76 26 0 11 0.00 M M 13.8 28 190 M M 6 18 43 200
11 70 37 54 4 11 0 0.00 M M 10.9 29 340 M M 2 40 340
12 59 30 45 -5 20 0 0.00 M M 6.2 15 130 M M 0 19 110
13 62 42 52 2 13 0 T M M 7.4 14 150 M M 6 18 17 130
14 72 57 65 15 0 0 0.17 M M 6.7 14 150 M M 10 12 18 180
15 81 68 75 25 0 10 0.00 M M 15.9 26 170 M M 8 39 170
16 79 69 74 25 0 9 T M M 10.3 22 200 M M 8 28 200
17 80 69 75 26 0 10 0.00 M M 12.6 24 160 M M 7 34 170
18 70 42 56 7 9 0 1.19 M M 14.5 26 300 M M 8 13 36 330
19 51 35 43 -6 22 0 T M M 7.9 20 10 M M 3 25 360
20 53 38 46 -3 19 0 0.05 M M 3.6 10 120 M M 6 1 14 130
21 62 33 48 -1 17 0 0.00 M M 4.3 12 180 M M 3 12 15 170
22 70 45 58 10 7 0 0.00 M M 10.8 18 170 M M 1 25 160
23 75 53 64 16 1 0 0.00 M M 16.1 26 200 M M 3 36 200
24 79 63 71 23 0 6 0.00 M M 20.5 31 210 M M 4 43 200
25 80 61 71 23 0 6 0.00 M M 11.1 22 210 M M 2 1 32 210
26 80 58 69 21 0 4 0.00 M M 13.2 23 180 M M 4 12 31 180
27 76 64 70 22 0 5 0.00 M M 11.5 22 200 M M 7 29 210
28 80 61 71 23 0 6 T M M 12.9 23 180 M M 5 1 32 180
29 78 56 67 19 0 2 T M M 6.8 15 170 M M 5 128 20 180
30 81 50 66 18 0 1 0.00 M M 5.1 12 200 M M 0 18 15 180
31 75 60 68 20 0 3 0.00 M M 10.6 24 170 M M 7 18 35 180
================================================================================
SM 2264 1626 153 91 1.49 M 315.9 M 141
================================================================================
AV 73.0 52.5 10.2 FASTST M M 5 MAX(MPH)
MISC ----> 31 210 # 43 200
================================================================================
NOTES:
# LAST OF SEVERAL OCCURRENCES
COLUMN 17 PEAK WIND IN M.P.H.
PRELIMINARY LOCAL CLIMATOLOGICAL DATA (WS FORM: F-6) , PAGE 2
STATION: CORSICANA
MONTH: DECEMBER
YEAR: 2021
LATITUDE: 32 1 N
LONGITUDE: 96 24 W
[TEMPERATURE DATA] [PRECIPITATION DATA] SYMBOLS USED IN COLUMN 16
AVERAGE MONTHLY: 62.7 TOTAL FOR MONTH: 1.49 1 = FOG OR MIST
DPTR FM NORMAL: 13.1 DPTR FM NORMAL: -1.74 2 = FOG REDUCING VISIBILITY
HIGHEST: 84 ON 10 GRTST 24HR 1.19 ON 18-18 TO 1/4 MILE OR LESS
LOWEST: 30 ON 12 3 = THUNDER
SNOW, ICE PELLETS, HAIL 4 = ICE PELLETS
TOTAL MONTH: M 5 = HAIL
GRTST 24HR M ON M 6 = FREEZING RAIN OR DRIZZLE
GRTST DEPTH: M ON M 7 = DUSTSTORM OR SANDSTORM:
VSBY 1/2 MILE OR LESS
8 = SMOKE OR HAZE
[NO. OF DAYS WITH] [WEATHER - DAYS WITH] 9 = BLOWING SNOW
X = TORNADO
MAX 32 OR BELOW: 0 0.01 INCH OR MORE: 4
MAX 90 OR ABOVE: 0 0.10 INCH OR MORE: 2
MIN 32 OR BELOW: 1 0.50 INCH OR MORE: 1
MIN 0 OR BELOW: 0 1.00 INCH OR MORE: 1
[HDD (BASE 65) ]
TOTAL THIS MO. 153 CLEAR (SCALE 0-3) 10
DPTR FM NORMAL -332 PTCLDY (SCALE 4-7) 18
TOTAL FM JUL 1 387 CLOUDY (SCALE 8-10) 3
DPTR FM NORMAL -418
[CDD (BASE 65) ]
TOTAL THIS MO. 91
DPTR FM NORMAL 82 [PRESSURE DATA]
TOTAL FM JAN 1 2793 HIGHEST SLP 30.42 ON 19
DPTR FM NORMAL 23 LOWEST SLP 29.61 ON 28
[REMARKS]
#FINAL-12-21#