000
CXUS54 KFWD 070343
CF6CRS
PRELIMINARY LOCAL CLIMATOLOGICAL DATA (WS FORM: F-6)
STATION: CORSICANA
MONTH: NOVEMBER
YEAR: 2020
LATITUDE: 32 1 N
LONGITUDE: 96 24 W
TEMPERATURE IN F: :PCPN: SNOW: WIND :SUNSHINE: SKY :PK WND
================================================================================
1 2 3 4 5 6A 6B 7 8 9 10 11 12 13 14 15 16 17 18
12Z AVG MX 2MIN
DY MAX MIN AVG DEP HDD CDD WTR SNW DPTH SPD SPD DIR MIN PSBL S-S WX SPD DR
================================================================================
1 74 46 60 -3 5 0 0.00 M M 7.4 20 40 M M 0 29 30
2 71 42 57 -6 8 0 0.00 M M 5.0 12 110 M M 0 16 170
3 77 44 61 -1 4 0 0.00 M M 7.8 13 190 M M 0 20 170
4 77 46 62 0 3 0 0.00 M M 9.5 18 160 M M 0 25 160
5 78 58 68 6 0 3 0.00 M M 8.0 16 170 M M 4 18 22 170
6 78 58 68 7 0 3 0.00 M M 7.0 13 150 M M 3 1 18 150
7 78 53 66 5 0 1 0.00 M M 5.0 12 120 M M 0 1 16 130
8 77 58 68 8 0 3 0.00 M M 8.1 16 160 M M 3 12 21 160
9 83 63 73 13 0 8 0.00 M M 10.4 22 160 M M 5 1 27 160
10 79 54 67 7 0 2 T M M 7.9 17 160 M M 6 1 24 160
11 78 45 62 3 3 0 0.00 M M 5.9 9 90 M M 0 8 13 60
12 82 53 68 9 0 3 0.00 M M 6.1 13 200 M M 2 18 170
13 78 61 70 12 0 5 0.00 M M 3.8 10 150 M M 7 15 330
14 85 68 77 19 0 12 0.00 M M 13.0 28 220 M M 5 37 200
15 73 43 58 0 7 0 0.00 M M 9.3 29 340 M M 1 43 350
16 72 40 56 -1 9 0 0.00 M M 4.5 13 160 M M 0 8 16 160
17 75 41 58 1 7 0 0.00 M M 4.6 14 110 M M 0 19 110
18 76 46 61 5 4 0 0.00 M M 9.5 20 150 M M 0 24 150
19 80 51 66 10 0 1 0.00 M M 11.3 22 180 M M 2 1 33 200
20 80 62 71 16 0 6 0.00 M M 9.0 16 180 M M 7 24 170
21 78 62 70 15 0 5 0.00 M M 6.1 14 150 M M 6 12 18 150
22 70 51 61 6 4 0 0.00 M M 9.2 21 350 M M 9 28 360
23 59 50 55 1 10 0 0.00 M M 6.5 13 170 M M 8 12 15 180
24 77 50 64 10 1 0 0.71 M M 14.8 32 300 M M 7 13 42 300
25 65 46 56 2 9 0 T M M 6.3 20 320 M M 1 8 29 310
26 75 44 60 7 5 0 0.00 M M 7.2 13 150 M M 0 M M
27 65 56 61 8 4 0 0.15 M M 6.7 14 360 M M 10 12 20 10
28 59 52 56 4 9 0 0.01 M M 7.4 15 60 M M 10 1 21 60
29 55 43 49 -3 16 0 0.04 M M 11.3 25 310 M M 8 1 32 300
30 52 32 42 -10 23 0 0.00 M M 11.0 21 350 M M 0 30 340
================================================================================
SM 2206 1518 131 52 0.91 M 239.6 M 104
================================================================================
AV 73.5 50.6 8.0 FASTST M M 3 MAX(MPH)
MISC ----> 32 300 43 350
================================================================================
NOTES:
# LAST OF SEVERAL OCCURRENCES
COLUMN 17 PEAK WIND IN M.P.H.
PRELIMINARY LOCAL CLIMATOLOGICAL DATA (WS FORM: F-6) , PAGE 2
STATION: CORSICANA
MONTH: NOVEMBER
YEAR: 2020
LATITUDE: 32 1 N
LONGITUDE: 96 24 W
[TEMPERATURE DATA] [PRECIPITATION DATA] SYMBOLS USED IN COLUMN 16
AVERAGE MONTHLY: 62.1 TOTAL FOR MONTH: 0.91 1 = FOG OR MIST
DPTR FM NORMAL: 4.8 DPTR FM NORMAL: -2.96 2 = FOG REDUCING VISIBILITY
HIGHEST: 85 ON 14 GRTST 24HR 0.71 ON 24-24 TO 1/4 MILE OR LESS
LOWEST: 32 ON 30 3 = THUNDER
SNOW, ICE PELLETS, HAIL 4 = ICE PELLETS
TOTAL MONTH: M 5 = HAIL
GRTST 24HR M ON M 6 = FREEZING RAIN OR DRIZZLE
GRTST DEPTH: M ON M 7 = DUSTSTORM OR SANDSTORM:
VSBY 1/2 MILE OR LESS
8 = SMOKE OR HAZE
[NO. OF DAYS WITH] [WEATHER - DAYS WITH] 9 = BLOWING SNOW
X = TORNADO
MAX 32 OR BELOW: 0 0.01 INCH OR MORE: 4
MAX 90 OR ABOVE: 0 0.10 INCH OR MORE: 2
MIN 32 OR BELOW: 1 0.50 INCH OR MORE: 1
MIN 0 OR BELOW: 0 1.00 INCH OR MORE: 0
[HDD (BASE 65) ]
TOTAL THIS MO. 131 CLEAR (SCALE 0-3) 16
DPTR FM NORMAL -127 PTCLDY (SCALE 4-7) 11
TOTAL FM JUL 1 237 CLOUDY (SCALE 8-10) 3
DPTR FM NORMAL -83
[CDD (BASE 65) ]
TOTAL THIS MO. 52
DPTR FM NORMAL 24 [PRESSURE DATA]
TOTAL FM JAN 1 2878 HIGHEST SLP 30.56 ON 2
DPTR FM NORMAL 264 LOWEST SLP 29.73 ON 14
[REMARKS]
#FINAL-11-20#