000
CXUS54 KFWD 010831
CF6CRS
PRELIMINARY LOCAL CLIMATOLOGICAL DATA (WS FORM: F-6)
STATION: CORSICANA
MONTH: NOVEMBER
YEAR: 2023
LATITUDE: 32 1 N
LONGITUDE: 96 24 W
TEMPERATURE IN F: :PCPN: SNOW: WIND :SUNSHINE: SKY :PK WND
================================================================================
1 2 3 4 5 6A 6B 7 8 9 10 11 12 13 14 15 16 17 18
12Z AVG MX 2MIN
DY MAX MIN AVG DEP HDD CDD WTR SNW DPTH SPD SPD DIR MIN PSBL S-S WX SPD DR
================================================================================
1 57 34 46 -16 19 0 0.00 M M 4.6 13 70 M M 0 17 60
2 64 37 51 -11 14 0 0.00 M M 6.1 13 150 M M 0 20 190
3 74 46 60 -2 5 0 0.00 M M 8.8 18 190 M M 1 24 200
4 78 52 65 4 0 0 0.00 M M 6.7 13 210 M M 2 12 18 210
5 77 60 69 8 0 4 0.00 M M 8.3 16 230 M M 3 1 21 210
6 82 63 73 13 0 8 0.00 M M 11.6 23 200 M M 2 31 200
7 85 66 76 16 0 11 0.00 M M 13.6 23 180 M M 0 32 170
8 83 71 77 17 0 12 0.00 M M 12.8 25 180 M M 5 35 200
9 73 55 64 5 1 0 0.80 M M 8.7 22 350 M M 8 1 30 340
10 60 55 58 -1 7 0 0.04 M M 9.1 15 30 M M 10 18 24 20
11 64 55 60 1 5 0 0.00 M M 6.7 13 60 M M 10 19 50
12 66 57 62 4 3 0 0.00 M M 4.5 10 40 M M 4 14 50
13 69 55 62 4 3 0 0.00 M M 6.1 12 40 M M 3 18 40
14 72 53 63 5 2 0 0.04 M M 5.1 9 50 M M 5 13 70
15 74 49 62 5 3 0 0.00 M M 4.9 13 340 M M 0 18 17 340
16 63 54 59 2 6 0 T M M 5.7 13 160 M M 9 1 16 150
17 63 58 61 4 4 0 T M M 7.2 15 170 M M 10 1 20 160
18 73 54 64 8 1 0 0.00 M M 4.5 12 330 M M 4 1 14 340
19 70 54 62 6 3 0 0.12 M M 8.4 20 150 M M 6 1 24 140
20 80 58 69 13 0 4 0.07 M M 12.4 26 310 M M 5 13 36 310
21 58 44 51 -4 14 0 0.00 M M 13.8 25 340 M M 8 39 340
22 61 34 48 -7 17 0 0.00 M M 7.0 17 350 M M 0 23 350
23 61 38 50 -5 15 0 0.00 M M 8.0 15 150 M M 0 19 130
24 66 43 55 1 10 0 0.00 M M 3.3 8 80 M M 1 1 12 70
25 62 41 52 -2 13 0 0.14 M M 5.9 14 100 M M 5 1 18 110
26 53 39 46 -8 19 0 0.03 M M 11.1 23 310 M M 4 1 32 320
27 53 32 43 -11 22 0 0.00 M M 4.6 14 10 M M 0 21 360
28 62 40 51 -2 14 0 0.00 M M 3.7 10 150 M M 2 16 150
29 66 39 53 0 12 0 0.00 M M 8.3 15 180 M M 4 19 160
30 69 57 63 10 2 0 0.25 M M 10.4 17 170 M M 10 13 26 160
================================================================================
SM 2038 1493 214 39 1.49 M 231.9 M 121
================================================================================
AV 67.9 49.8 7.7 FASTST M M 4 MAX(MPH)
MISC ----> 26 310 39 340
================================================================================
NOTES:
# LAST OF SEVERAL OCCURRENCES
COLUMN 17 PEAK WIND IN M.P.H.
PRELIMINARY LOCAL CLIMATOLOGICAL DATA (WS FORM: F-6) , PAGE 2
STATION: CORSICANA
MONTH: NOVEMBER
YEAR: 2023
LATITUDE: 32 1 N
LONGITUDE: 96 24 W
[TEMPERATURE DATA] [PRECIPITATION DATA] SYMBOLS USED IN COLUMN 16
AVERAGE MONTHLY: 58.9 TOTAL FOR MONTH: 1.49 1 = FOG OR MIST
DPTR FM NORMAL: 1.5 DPTR FM NORMAL: -1.69 2 = FOG REDUCING VISIBILITY
HIGHEST: 85 ON 7 GRTST 24HR 0.84 ON 9-10 TO 1/4 MILE OR LESS
LOWEST: 32 ON 27 3 = THUNDER
SNOW, ICE PELLETS, HAIL 4 = ICE PELLETS
TOTAL MONTH: M 5 = HAIL
GRTST 24HR M ON M 6 = FREEZING RAIN OR DRIZZLE
GRTST DEPTH: M ON M 7 = DUSTSTORM OR SANDSTORM:
VSBY 1/2 MILE OR LESS
8 = SMOKE OR HAZE
[NO. OF DAYS WITH] [WEATHER - DAYS WITH] 9 = BLOWING SNOW
X = TORNADO
MAX 32 OR BELOW: 0 0.01 INCH OR MORE: 8
MAX 90 OR ABOVE: 0 0.10 INCH OR MORE: 4
MIN 32 OR BELOW: 1 0.50 INCH OR MORE: 1
MIN 0 OR BELOW: 0 1.00 INCH OR MORE: 0
[HDD (BASE 65) ]
TOTAL THIS MO. 214 CLEAR (SCALE 0-3) 13
DPTR FM NORMAL -45 PTCLDY (SCALE 4-7) 11
TOTAL FM JUL 1 278 CLOUDY (SCALE 8-10) 6
DPTR FM NORMAL -42
[CDD (BASE 65) ]
TOTAL THIS MO. 39
DPTR FM NORMAL 9 [PRESSURE DATA]
TOTAL FM JAN 1 3517 HIGHEST SLP 30.55 ON 1
DPTR FM NORMAL 756 LOWEST SLP 29.64 ON 30
[REMARKS]
#FINAL-11-23#