000
CXUS51 KRLX 021116
CF6CRW
PRELIMINARY LOCAL CLIMATOLOGICAL DATA (WS FORM: F-6)
STATION: CHARLESTON WV
MONTH: JUNE
YEAR: 2021
LATITUDE: 38 22 N
LONGITUDE: 81 36 W
TEMPERATURE IN F: :PCPN: SNOW: WIND :SUNSHINE: SKY :PK WND
================================================================================
1 2 3 4 5 6A 6B 7 8 9 10 11 12 13 14 15 16 17 18
12Z AVG MX 2MIN
DY MAX MIN AVG DEP HDD CDD WTR SNW DPTH SPD SPD DIR MIN PSBL S-S WX SPD DR
================================================================================
1 78 50 64 -4 1 0 0.00 0.0 0 1.6 8 240 M M 7 1 11 250
2 75 61 68 -1 0 3 T 0.0 0 1.7 12 200 M M 9 1 16 180
3 74 62 68 -1 0 3 0.86 0.0 0 4.9 22 310 M M 8 13 42 290
4 81 62 72 3 0 7 0.24 0.0 0 4.9 12 220 M M 6 13 16 230
5 88 58 73 3 0 8 0.00 0.0 0 1.5 10 180 M M 1 1 15 180
6 87 61 74 4 0 9 0.00 0.0 0 1.9 12 240 M M 6 18 14 250
7 86 67 77 7 0 12 0.02 0.0 0 4.0 17 220 M M 6 13 22 220
8 89 66 78 8 0 13 T 0.0 0 2.2 14 270 M M 6 1 21 250
9 76 67 72 1 0 7 0.11 0.0 0 1.7 6 80 M M 9 12 8 70
10 85 70 78 7 0 13 1.19 0.0 0 4.1 14 170 M M 8 138 14 220
11 81 69 75 4 0 10 0.11 0.0 0 3.3 20 250 M M 8 13 24 250
12 85 69 77 5 0 12 0.03 0.0 0 3.3 13 60 M M 7 1 16 20
13 88 64 76 4 0 11 0.08 0.0 0 2.9 26 350 M M 5 13 37 360
14 85 64 75 3 0 10 0.00 0.0 0 5.1 21 330 M M 6 13 28 330
15 78 62 70 -2 0 5 0.01 0.0 0 4.1 15 310 M M 6 1 22 310
16 77 53 65 -8 0 0 0.00 0.0 0 2.8 13 330 M M 2 17 340
17 81 48 65 -8 0 0 0.00 0.0 0 1.5 9 330 M M 1 14 10
18 86 53 70 -3 0 5 T 0.0 0 6.5 17 170 M M 4 1 23 240
19 84 67 76 3 0 11 0.11 0.0 0 7.6 22 190 M M 7 28 240
20 88 66 77 3 0 12 0.00 0.0 0 2.5 9 230 M M 4 1 13 220
21 86 69 78 4 0 13 0.47 0.0 0 7.4 25 330 M M 6 38 36 330
22 73 52 63 -11 2 0 0.35 0.0 0 4.6 16 320 M M 6 1 24 320
23 77 47 62 -12 3 0 0.00 0.0 0 3.4 14 80 M M 2 12 20 70
24 84 56 70 -4 0 5 0.00 0.0 0 5.1 14 150 M M 3 18 150
25 86 61 74 -1 0 9 0.00 0.0 0 4.8 14 150 M M 5 17 210
26 87 64 76 1 0 11 0.00 0.0 0 5.4 13 210 M M 4 17 230
27 88 64 76 1 0 11 T 0.0 0 3.5 12 240 M M 4 19 210
28 94 68 81 6 0 16 0.07 0.0 0 1.9 16 190 M M 4 13 19 190
29 93 68 81 6 0 16 0.00 0.0 0 2.8 13 160 M M 4 12 17 180
30 85 70 78 3 0 13 0.23 0.0 0 3.1 14 260 M M 6 123 21 250
================================================================================
SM 2505 1858 6 245 3.88 0.0 110.1 M 160
================================================================================
AV 83.5 61.9 3.7 FASTST M M 5 MAX(MPH)
MISC ----> 26 350 42 290
================================================================================
NOTES:
# LAST OF SEVERAL OCCURRENCES
COLUMN 17 PEAK WIND IN M.P.H.
PRELIMINARY LOCAL CLIMATOLOGICAL DATA (WS FORM: F-6) , PAGE 2
STATION: CHARLESTON WV
MONTH: JUNE
YEAR: 2021
LATITUDE: 38 22 N
LONGITUDE: 81 36 W
[TEMPERATURE DATA] [PRECIPITATION DATA] SYMBOLS USED IN COLUMN 16
AVERAGE MONTHLY: 72.7 TOTAL FOR MONTH: 3.88 1 = FOG OR MIST
DPTR FM NORMAL: 0.4 DPTR FM NORMAL: -0.84 2 = FOG REDUCING VISIBILITY
HIGHEST: 94 ON 28 GRTST 24HR 1.19 ON 10-10 TO 1/4 MILE OR LESS
LOWEST: 47 ON 23 3 = THUNDER
SNOW, ICE PELLETS, HAIL 4 = ICE PELLETS
TOTAL MONTH: 0.0 INCH 5 = HAIL
GRTST 24HR 0.0 6 = FREEZING RAIN OR DRIZZLE
GRTST DEPTH: 0 7 = DUSTSTORM OR SANDSTORM:
VSBY 1/2 MILE OR LESS
8 = SMOKE OR HAZE
[NO. OF DAYS WITH] [WEATHER - DAYS WITH] 9 = BLOWING SNOW
X = TORNADO
MAX 32 OR BELOW: 0 0.01 INCH OR MORE: 14
MAX 90 OR ABOVE: 2 0.10 INCH OR MORE: 9
MIN 32 OR BELOW: 0 0.50 INCH OR MORE: 2
MIN 0 OR BELOW: 0 1.00 INCH OR MORE: 1
[HDD (BASE 65) ]
TOTAL THIS MO. 6 CLEAR (SCALE 0-3) 4
DPTR FM NORMAL -4 PTCLDY (SCALE 4-7) 22
TOTAL FM JUL 1 4336 CLOUDY (SCALE 8-10) 4
DPTR FM NORMAL -15
[CDD (BASE 65) ]
TOTAL THIS MO. 245
DPTR FM NORMAL 16 [PRESSURE DATA]
TOTAL FM JAN 1 350 HIGHEST SLP 30.26 ON 1
DPTR FM NORMAL -8 LOWEST SLP 29.68 ON 21
[REMARKS]
#FINAL-06-21#