000
CXUS54 KOUN 010910
CF6CSM
PRELIMINARY LOCAL CLIMATOLOGICAL DATA (WS FORM: F-6)
STATION: CLINTON
MONTH: JANUARY
YEAR: 2023
LATITUDE: 35 20 N
LONGITUDE: 99 12 W
TEMPERATURE IN F: :PCPN: SNOW: WIND :SUNSHINE: SKY :PK WND
================================================================================
1 2 3 4 5 6A 6B 7 8 9 10 11 12 13 14 15 16 17 18
12Z AVG MX 2MIN
DY MAX MIN AVG DEP HDD CDD WTR SNW DPTH SPD SPD DIR MIN PSBL S-S WX SPD DR
================================================================================
1 70 38 54 16 11 0 0.00 M M 9.4 20 240 M M 0 24 250
2 65 39 52 14 13 0 0.01 M M 13.1 25 170 M M 4 12 32 170
3 50 32 41 3 24 0 0.00 M M 10.6 21 320 M M 2 26 320
4 49 25 37 -1 28 0 0.00 M M 8.6 15 270 M M 1 19 280
5 52 28 40 2 25 0 0.00 M M 9.1 15 310 M M 0 18 310
6 63 40 52 14 13 0 0.00 M M 18.5 28 190 M M 0 35 160
7 52 29 41 3 24 0 0.00 M M 16.1 30 350 M M 0 35 340
8 57 25 41 3 24 0 0.00 M M 10.5 21 170 M M 0 24 170
9 65 34 50 12 15 0 0.00 M M 11.8 23 190 M M 0 28 190
10 72 33 53 15 12 0 0.00 M M 13.1 23 250 M M 0 28 260
11 67 41 54 16 11 0 0.00 M M 15.9 37 330 M M 2 8 45 330
12 52 28 40 2 25 0 0.00 M M 17.4 33 330 M M 2 42 320
13 55 24 40 2 25 0 0.00 M M 8.1 15 170 M M 0 19 170
14 60 34 47 9 18 0 0.00 M M 22.7 37 190 M M 0 44 190
15 59 43 51 13 14 0 0.00 M M 21.4 31 190 M M 1 39 180
16 63 45 54 16 11 0 0.00 0.0 M 12.2 26 240 M M 0 34 240
17 62 35 49 11 16 0 T 0.0 0 8.8 15 180 M M 2 18 180
18 59 35 47 9 18 0 0.07 0.0 M 15.0 28 320 M M 3 1 37 320
19 53 28 41 3 24 0 0.00 M M 10.8 23 320 M M 0 29 320
20 56 23 40 2 25 0 0.00 M M 8.6 20 120 M M 1 24 110
21 51 33 42 4 23 0 0.03 M M 14.6 28 320 M M 3 35 310
22 48 25 37 -1 28 0 0.00 M M 12.5 24 330 M M 2 29 330
23 47 19 33 -6 32 0 0.00 M M 6.4 13 90 M M 2 15 80
24 39 31 35 -4 30 0 0.26 M M 9.1 15 340 M M 10 128 19 340
25 39 27 33 -6 32 0 T M M 13.6 23 350 M M 3 1 30 340
26 45 27 36 -3 29 0 0.00 M M 14.2 22 280 M M 0 24 280
27 51 27 39 0 26 0 0.00 M M 14.3 20 220 M M 0 23 210
28 59 31 45 6 20 0 0.00 M M 18.4 29 190 M M 0 1 35 190
29 31 16 24 -15 41 0 0.00 M M 20.0 29 20 M M 10 1 37 360
30 24 13 19 -20 46 0 0.00 M M 16.2 23 10 M M 10 27 10
31 27 14 21 -18 44 0 0.00 M M 10.5 22 10 M M 6 26 360
================================================================================
SM 1642 922 727 0 0.37 0.0 411.5 M 64
================================================================================
AV 53.0 29.7 13.3 FASTST M M 2 MAX(MPH)
MISC ----> # 37 330 45 330
================================================================================
NOTES:
# LAST OF SEVERAL OCCURRENCES
COLUMN 17 PEAK WIND IN M.P.H.
PRELIMINARY LOCAL CLIMATOLOGICAL DATA (WS FORM: F-6) , PAGE 2
STATION: CLINTON
MONTH: JANUARY
YEAR: 2023
LATITUDE: 35 20 N
LONGITUDE: 99 12 W
[TEMPERATURE DATA] [PRECIPITATION DATA] SYMBOLS USED IN COLUMN 16
AVERAGE MONTHLY: 41.4 TOTAL FOR MONTH: 0.37 1 = FOG OR MIST
DPTR FM NORMAL: 3.2 DPTR FM NORMAL: -0.24 2 = FOG REDUCING VISIBILITY
HIGHEST: 72 ON 10 GRTST 24HR 0.67 ON 24-24 TO 1/4 MILE OR LESS
LOWEST: 13 ON 30 3 = THUNDER
SNOW, ICE PELLETS, HAIL 4 = ICE PELLETS
TOTAL MONTH: 0.0 INCH 5 = HAIL
GRTST 24HR 0.0 6 = FREEZING RAIN OR DRIZZLE
GRTST DEPTH: 0 7 = DUSTSTORM OR SANDSTORM:
VSBY 1/2 MILE OR LESS
8 = SMOKE OR HAZE
[NO. OF DAYS WITH] [WEATHER - DAYS WITH] 9 = BLOWING SNOW
X = TORNADO
MAX 32 OR BELOW: 3 0.01 INCH OR MORE: 4
MAX 90 OR ABOVE: 0 0.10 INCH OR MORE: 1
MIN 32 OR BELOW: 19 0.50 INCH OR MORE: 0
MIN 0 OR BELOW: 0 1.00 INCH OR MORE: 0
[HDD (BASE 65) ]
TOTAL THIS MO. 727 CLEAR (SCALE 0-3) 24
DPTR FM NORMAL -102 PTCLDY (SCALE 4-7) 4
TOTAL FM JUL 1 2290 CLOUDY (SCALE 8-10) 3
DPTR FM NORMAL -38
[CDD (BASE 65) ]
TOTAL THIS MO. 0
DPTR FM NORMAL 0 [PRESSURE DATA]
TOTAL FM JAN 1 0 HIGHEST SLP 30.52 ON 31
DPTR FM NORMAL 0 LOWEST SLP 29.51 ON 15
[REMARKS]
#FINAL-01-23#