000
CXUS52 KTAE 010800
CF6CTY
PRELIMINARY LOCAL CLIMATOLOGICAL DATA (WS FORM: F-6)
STATION: CROSS CITY
MONTH: MAY
YEAR: 2020
LATITUDE: 29 37 N
LONGITUDE: 83 6 W
TEMPERATURE IN F: :PCPN: SNOW: WIND :SUNSHINE: SKY :PK WND
================================================================================
1 2 3 4 5 6A 6B 7 8 9 10 11 12 13 14 15 16 17 18
12Z AVG MX 2MIN
DY MAX MIN AVG DEP HDD CDD WTR SNW DPTH SPD SPD DIR MIN PSBL S-S WX SPD DR
================================================================================
1 81 47 64 -6 1 0 0.00 0.0 0 5.6 14 320 M M 0 21 310
2 87 48 68 -2 0 3 0.00 0.0 0 2.9 9 270 M M 0 M M
3 86 52 69 -2 0 4 0.00 0.0 0 4.3 10 250 M M 0 8 M M
4 84 56 70 -1 0 5 0.00 0.0 0 4.5 M M M M 1 M M
5 84 59 72 1 0 7 0.00 0.0 0 5.9 14 270 M M 3 12 20 270
6 86 63 75 3 0 10 0.00 0.0 0 8.1 16 310 M M 2 21 310
7 74 47 61 -11 4 0 0.00 0.0 0 7.5 15 10 M M 0 21 10
8 77 43 60 -12 5 0 0.00 0.0 0 6.9 17 210 M M 0 21 190
9 83 65 74 1 0 9 0.00 0.0 0 7.2 14 20 M M 4 20 20
10 78 60 69 -4 0 4 0.15 0.0 0 5.0 10 110 M M 0 138 M M
11 85 53 69 -4 0 4 0.00 0.0 0 4.7 15 330 M M 1 21 330
12 84 48 66 -8 0 1 0.00 0.0 0 4.9 10 50 M M 0 M M
13 88 51 70 -4 0 5 0.00 0.0 0 6.5 13 130 M M 1 21 110
14 87 58 73 -1 0 8 0.00 0.0 0 6.8 13 100 M M 1 21 100
15 90 60 75 1 0 10 0.00 0.0 0 6.4 10 100 M M 2 18 110
16 90 64 77 2 0 12 0.13 0.0 0 6.5 12 50 M M 3 M M
17 91 64 78 3 0 13 0.00 0.0 0 4.5 13 230 M M 2 12 16 230
18 86 71 79 4 0 14 0.00 0.0 0 8.2 20 220 M M 3 25 220
19 89 66 78 2 0 13 0.00 0.0 0 9.1 17 220 M M 4 1 22 230
20 88 62 75 -1 0 10 0.00 0.0 0 7.7 16 250 M M 3 3 22 240
21 90 69 80 4 0 15 0.00 0.0 0 6.0 14 250 M M 2 12 18 250
22 93 66 80 4 0 15 0.00 0.0 0 5.6 12 210 M M 1 20 130
23 95 66 81 4 0 16 1.54 0.0 0 6.5 15 350 M M 3 1 M M
24 89 70 80 3 0 15 0.00 0.0 0 5.0 8 110 M M 2 18 M M
25 83 71 77 0 0 12 0.04 0.0 0 7.0 10 110 M M 5 20 100
26 85 70 78 1 0 13 2.02 0.0 0 5.5 12 30 M M 7 13 18 30
27 87 72 80 2 0 15 0.00 0.0 0 6.0 15 210 M M 7 1 18 210
28 90 70 80 2 0 15 2.03 0.0 0 5.8 12 220 M M 4 13 M M
29 88 70 79 1 0 14 0.03 0.0 0 4.7 10 220 M M 3 13 M M
30 90 69 80 2 0 15 0.00 0.0 0 4.5 12 250 M M 3 12 M M
31 94 69 82 4 0 17 0.00 0.0 0 4.0 9 300 M M 1 M M
================================================================================
SM 2682 1899 10 294 5.94 0.0 183.8 M 68
================================================================================
AV 86.5 61.3 5.9 FASTST M M 2 MAX(MPH)
MISC ----> # 20 220 # 25 220
================================================================================
NOTES:
# LAST OF SEVERAL OCCURRENCES
COLUMN 17 PEAK WIND IN M.P.H.
PRELIMINARY LOCAL CLIMATOLOGICAL DATA (WS FORM: F-6) , PAGE 2
STATION: CROSS CITY
MONTH: MAY
YEAR: 2020
LATITUDE: 29 37 N
LONGITUDE: 83 6 W
[TEMPERATURE DATA] [PRECIPITATION DATA] SYMBOLS USED IN COLUMN 16
AVERAGE MONTHLY: 73.9 TOTAL FOR MONTH: 5.94 1 = FOG OR MIST
DPTR FM NORMAL: -0.6 DPTR FM NORMAL: 3.25 2 = FOG REDUCING VISIBILITY
HIGHEST: 95 ON 23 GRTST 24HR 2.03 ON 28-28 TO 1/4 MILE OR LESS
LOWEST: 43 ON 8 3 = THUNDER
SNOW, ICE PELLETS, HAIL 4 = ICE PELLETS
TOTAL MONTH: 0.0 INCH 5 = HAIL
GRTST 24HR 0.0 6 = FREEZING RAIN OR DRIZZLE
GRTST DEPTH: 0 7 = DUSTSTORM OR SANDSTORM:
VSBY 1/2 MILE OR LESS
8 = SMOKE OR HAZE
[NO. OF DAYS WITH] [WEATHER - DAYS WITH] 9 = BLOWING SNOW
X = TORNADO
MAX 32 OR BELOW: 0 0.01 INCH OR MORE: 7
MAX 90 OR ABOVE: 9 0.10 INCH OR MORE: 5
MIN 32 OR BELOW: 0 0.50 INCH OR MORE: 3
MIN 0 OR BELOW: 0 1.00 INCH OR MORE: 3
[HDD (BASE 65) ]
TOTAL THIS MO. 10 CLEAR (SCALE 0-3) 24
DPTR FM NORMAL 7 PTCLDY (SCALE 4-7) 7
TOTAL FM JUL 1 914 CLOUDY (SCALE 8-10) 0
DPTR FM NORMAL -392
[CDD (BASE 65) ]
TOTAL THIS MO. 294
DPTR FM NORMAL -3 [PRESSURE DATA]
TOTAL FM JAN 1 713 HIGHEST SLP 30.28 ON 14
DPTR FM NORMAL 234 LOWEST SLP 29.78 ON 19
[REMARKS]
#FINAL-05-20#