000
CXUS53 KUNR 011030
CF6CUT
PRELIMINARY LOCAL CLIMATOLOGICAL DATA (WS FORM: F-6)
STATION: CUSTER COUNTY AIRPORT SD
MONTH: NOVEMBER
YEAR: 2023
LATITUDE: 43 43 N
LONGITUDE: 103 37 W
TEMPERATURE IN F: :PCPN: SNOW: WIND :SUNSHINE: SKY :PK WND
================================================================================
1 2 3 4 5 6A 6B 7 8 9 10 11 12 13 14 15 16 17 18
12Z AVG MX 2MIN
DY MAX MIN AVG DEP HDD CDD WTR SNW DPTH SPD SPD DIR MIN PSBL S-S WX SPD DR
================================================================================
1 52 27 40 2 25 0 0.00 M M 3.6 15 280 M M 0 20 270
2 58 28 43 6 22 0 0.00 M M 6.0 20 270 M M 1 29 270
3 52 28 40 3 25 0 0.00 M M 4.9 13 290 M M 6 21 310
4 54 30 42 5 23 0 0.04 M M 4.9 12 190 M M 1 1 17 200
5 64 40 52 16 13 0 0.00 M M 11.6 32 270 M M 0 51 280
6 55 30 43 7 22 0 0.00 M M 3.5 14 240 M M 1 18 250
7 55 34 45 9 20 0 T M M 6.0 20 280 M M 7 29 270
8 43 26 35 0 30 0 0.00 M M 6.4 17 270 M M 1 28 290
9 38 19 29 -6 36 0 0.00 M M 7.5 24 290 M M 0 43 330
10 47 15 31 -4 34 0 0.00 M M 4.0 14 280 M M 0 21 270
11 49 26 38 4 27 0 0.00 M M 5.9 16 260 M M 2 22 260
12 53 28 41 7 24 0 0.00 M M 5.9 16 270 M M 0 24 270
13 61 28 45 11 20 0 0.00 M M 5.9 16 240 M M 0 29 240
14 58 30 44 11 21 0 0.00 M M 5.9 15 270 M M 0 8 22 220
15 59 27 43 10 22 0 0.00 M M 8.9 23 260 M M 0 34 270
16 51 26 39 7 26 0 0.00 M M 7.6 18 270 M M 2 32 240
17 55 27 41 9 24 0 0.00 M M 5.8 14 290 M M 0 23 310
18 56 29 43 11 22 0 0.00 M M 4.6 13 70 M M 0 16 70
19 55 29 42 11 23 0 0.00 M M 4.3 12 110 M M 2 19 10
20 45 27 36 5 29 0 0.00 M M 8.8 21 360 M M 5 38 340
21 50 22 36 6 29 0 0.00 M M 5.6 14 250 M M 0 21 260
22 61 36 49 19 16 0 0.00 M M 6.6 15 290 M M 2 25 280
23 37 13 25 -5 40 0 0.04 M M 8.0 17 70 M M 10 18 24 60
24 14 4 9 -20 56 0 0.09 M M 5.7 13 80 M M 10 18 19 80
25 27 3 15 -14 50 0 0.00 M M 4.1 15 300 M M 2 28 290
26 30 18 24 -5 41 0 0.00 M M 10.5 24 280 M M 2 37 270
27 34 17 26 -2 39 0 0.00 M M 9.0 18 280 M M 0 27 320
28 45 23 34 6 31 0 0.00 M M 8.7 18 290 M M 0 30 310
29 55 25 40 12 25 0 0.00 M M 7.6 18 260 M M 0 28 250
30 34 19 27 -1 38 0 0.00 M M 3.7 12 80 M M 3 17 80
================================================================================
SM 1447 734 853 0 0.17 M 191.5 M 57
================================================================================
AV 48.2 24.5 6.4 FASTST M M 2 MAX(MPH)
MISC ----> 32 270 51 280
================================================================================
NOTES:
# LAST OF SEVERAL OCCURRENCES
COLUMN 17 PEAK WIND IN M.P.H.
PRELIMINARY LOCAL CLIMATOLOGICAL DATA (WS FORM: F-6) , PAGE 2
STATION: CUSTER COUNTY AIRPORT SD
MONTH: NOVEMBER
YEAR: 2023
LATITUDE: 43 43 N
LONGITUDE: 103 37 W
[TEMPERATURE DATA] [PRECIPITATION DATA] SYMBOLS USED IN COLUMN 16
AVERAGE MONTHLY: 36.4 TOTAL FOR MONTH: 0.17 1 = FOG OR MIST
DPTR FM NORMAL: 3.8 DPTR FM NORMAL: -0.35 2 = FOG REDUCING VISIBILITY
HIGHEST: 64 ON 5 GRTST 24HR 0.12 ON 23-24 TO 1/4 MILE OR LESS
LOWEST: 3 ON 25 3 = THUNDER
SNOW, ICE PELLETS, HAIL 4 = ICE PELLETS
TOTAL MONTH: M 5 = HAIL
GRTST 24HR M ON M 6 = FREEZING RAIN OR DRIZZLE
GRTST DEPTH: M ON M 7 = DUSTSTORM OR SANDSTORM:
VSBY 1/2 MILE OR LESS
8 = SMOKE OR HAZE
[NO. OF DAYS WITH] [WEATHER - DAYS WITH] 9 = BLOWING SNOW
X = TORNADO
MAX 32 OR BELOW: 3 0.01 INCH OR MORE: 3
MAX 90 OR ABOVE: 0 0.10 INCH OR MORE: 0
MIN 32 OR BELOW: 27 0.50 INCH OR MORE: 0
MIN 0 OR BELOW: 0 1.00 INCH OR MORE: 0
[HDD (BASE 65) ]
TOTAL THIS MO. 853 CLEAR (SCALE 0-3) 25
DPTR FM NORMAL -121 PTCLDY (SCALE 4-7) 3
TOTAL FM JUL 1 1842 CLOUDY (SCALE 8-10) 2
DPTR FM NORMAL -234
[CDD (BASE 65) ]
TOTAL THIS MO. 0
DPTR FM NORMAL 0 [PRESSURE DATA]
TOTAL FM JAN 1 203 HIGHEST SLP 30.54 ON 24
DPTR FM NORMAL -6 LOWEST SLP 29.56 ON 5
[REMARKS]
#FINAL-11-23#