000
CXUS51 KILN 010540
CF6CVG
PRELIMINARY LOCAL CLIMATOLOGICAL DATA (WS FORM: F-6)
STATION: CINCINNATI OH
MONTH: SEPTEMBER
YEAR: 2021
LATITUDE: 39 2 N
LONGITUDE: 84 40 W
TEMPERATURE IN F: :PCPN: SNOW: WIND :SUNSHINE: SKY :PK WND
================================================================================
1 2 3 4 5 6A 6B 7 8 9 10 11 12 13 14 15 16 17 18
12Z AVG MX 2MIN
DY MAX MIN AVG DEP HDD CDD WTR SNW DPTH SPD SPD DIR MIN PSBL S-S WX SPD DR
================================================================================
1 81 65 73 0 0 8 0.12 0.0 0 13.5 22 10 M M 6 1 27 10
2 80 58 69 -3 0 4 0.00 0.0 0 6.9 14 40 M M 2 18 100
3 79 60 70 -2 0 5 0.00 0.0 0 7.1 16 60 M M 7 19 70
4 81 63 72 0 0 7 0.06 0.0 0 6.7 15 240 M M 9 1 20 230
5 80 61 71 -1 0 6 0.63 0.0 0 7.5 16 310 M M 7 12 21 220
6 83 56 70 -1 0 5 0.00 0.0 0 5.6 16 280 M M 2 1 20 290
7 83 63 73 2 0 8 0.00 0.0 0 8.5 16 190 M M 5 22 180
8 82 61 72 1 0 7 0.08 0.0 0 6.7 20 280 M M 6 1 23 280
9 77 56 67 -3 0 2 0.00 0.0 0 6.7 16 300 M M 3 22 10
10 79 55 67 -3 0 2 0.00 0.0 0 3.9 10 350 M M 3 14 320
11 80 57 69 -1 0 4 0.00 0.0 0 11.4 21 200 M M 4 27 200
12 85 64 75 5 0 10 0.00 0.0 0 10.3 20 200 M M 1 28 210
13 85 66 76 7 0 11 0.00 0.0 0 7.5 16 210 M M 3 1 22 190
14 87 69 78 9 0 13 0.00 0.0 0 9.3 17 210 M M 3 25 210
15 79 68 74 6 0 9 0.04 0.0 0 6.2 18 340 M M 7 1 22 340
16 81 64 73 5 0 8 0.00 0.0 0 6.6 12 60 M M 6 8 14 50
17 87 65 76 8 0 11 0.01 0.0 0 3.6 17 170 M M 2 18 21 170
18 89 66 78 11 0 13 0.00 0.0 0 2.9 9 130 M M 5 1 13 120
19 86 67 77 10 0 12 0.09 0.0 0 6.5 16 140 M M 7 3 21 130
20 74 68 71 4 0 6 0.83 0.0 0 9.0 16 160 M M 10 1 22 170
21 75 67 71 5 0 6 0.04 0.0 0 8.4 15 170 M M 9 18 19 170
22 71 53 62 -4 3 0 0.79 0.0 0 14.7 30 330 M M 10 1 36 330
23 68 51 60 -6 5 0 0.03 0.0 0 10.1 22 270 M M 6 1 28 260
24 74 46 60 -5 5 0 0.00 0.0 0 5.8 14 190 M M 1 20 190
25 71 51 61 -4 4 0 T 0.0 0 8.1 17 310 M M 4 28 290
26 75 47 61 -3 4 0 0.00 0.0 0 6.9 15 230 M M 3 18 210
27 83 56 70 6 0 5 0.00 0.0 0 11.4 21 230 M M 3 27 230
28 84 65 75 12 0 10 0.00 0.0 0 6.9 14 70 M M 4 38 17 270
29 83 62 73 10 0 8 0.00 0.0 0 4.9 10 70 M M 2 8 12 80
30 79 56 68 5 0 3 0.00 0.0 0 4.5 9 50 M M 7 8 11 50
================================================================================
SM 2401 1806 21 183 2.72 0.0 228.1 M 147
================================================================================
AV 80.0 60.2 7.6 FASTST M M 5 MAX(MPH)
MISC ----> 30 330 36 330
================================================================================
NOTES:
# LAST OF SEVERAL OCCURRENCES
COLUMN 17 PEAK WIND IN M.P.H.
PRELIMINARY LOCAL CLIMATOLOGICAL DATA (WS FORM: F-6) , PAGE 2
STATION: CINCINNATI OH
MONTH: SEPTEMBER
YEAR: 2021
LATITUDE: 39 2 N
LONGITUDE: 84 40 W
[TEMPERATURE DATA] [PRECIPITATION DATA] SYMBOLS USED IN COLUMN 16
AVERAGE MONTHLY: 70.1 TOTAL FOR MONTH: 2.72 1 = FOG OR MIST
DPTR FM NORMAL: 2.0 DPTR FM NORMAL: -0.39 2 = FOG REDUCING VISIBILITY
HIGHEST: 89 ON 18 GRTST 24HR 0.92 ON 19-20 TO 1/4 MILE OR LESS
LOWEST: 46 ON 24 3 = THUNDER
SNOW, ICE PELLETS, HAIL 4 = ICE PELLETS
TOTAL MONTH: 0.0 INCH 5 = HAIL
GRTST 24HR 0.0 6 = FREEZING RAIN OR DRIZZLE
GRTST DEPTH: 0 7 = DUSTSTORM OR SANDSTORM:
VSBY 1/2 MILE OR LESS
8 = SMOKE OR HAZE
[NO. OF DAYS WITH] [WEATHER - DAYS WITH] 9 = BLOWING SNOW
X = TORNADO
MAX 32 OR BELOW: 0 0.01 INCH OR MORE: 11
MAX 90 OR ABOVE: 0 0.10 INCH OR MORE: 4
MIN 32 OR BELOW: 0 0.50 INCH OR MORE: 3
MIN 0 OR BELOW: 0 1.00 INCH OR MORE: 0
[HDD (BASE 65) ]
TOTAL THIS MO. 21 CLEAR (SCALE 0-3) 12
DPTR FM NORMAL -32 PTCLDY (SCALE 4-7) 14
TOTAL FM JUL 1 21 CLOUDY (SCALE 8-10) 4
DPTR FM NORMAL -34
[CDD (BASE 65) ]
TOTAL THIS MO. 183
DPTR FM NORMAL 37 [PRESSURE DATA]
TOTAL FM JAN 1 1284 HIGHEST SLP 30.18 ON 13
DPTR FM NORMAL 147 LOWEST SLP 29.65 ON 1
[REMARKS]
#FINAL-09-21#