000
CXUS52 KCHS 010815
CF6CXM
PRELIMINARY LOCAL CLIMATOLOGICAL DATA (WS FORM: F-6)
STATION: DOWNTOWN CHARLESTON SC
MONTH: APRIL
YEAR: 2023
LATITUDE: 32 46 N
LONGITUDE: 79 56 W
TEMPERATURE IN F: :PCPN: SNOW: WIND :SUNSHINE: SKY :PK WND
================================================================================
1 2 3 4 5 6A 6B 7 8 9 10 11 12 13 14 15 16 17 18
12Z AVG MX 2MIN
DY MAX MIN AVG DEP HDD CDD WTR SNW DPTH SPD SPD DIR MIN PSBL S-S WX SPD DR
================================================================================
1 74 68 71 9 0 6 0.00 M M 7.4 11 210 M M M 15 210
2 72 63 68 6 0 3 0.00 M M 4.4 8 120 M M M 9 120
3 69 64 67 4 0 2 0.08 M M 4.7 9 100 M M M 11 100
4 77 65 71 8 0 6 0.00 M M 2.3 7 130 M M M 8 130
5 78 67 73 10 0 8 0.00 M M 2.9 6 170 M M M 8 130
6 78 70 74 10 0 9 0.00 M M 4.5 9 180 M M M 11 180
7 79 59 69 5 0 4 0.00 M M 4.5 12 10 M M M 15 30
8 59 50 55 -9 10 0 0.23 M M 8.9 13 20 M M M 16 40
9 64 47 56 -8 9 0 0.37 M M 10.0 13 30 M M M 17 30
10 64 49 57 -7 8 0 0.00 M M 8.2 13 20 M M M 15 20
11 66 54 60 -5 5 0 0.00 M M 5.4 8 110 M M M 10 110
12 72 55 64 -1 1 0 0.00 M M 3.0 7 120 M M M 8 150
13 72 62 67 2 0 2 0.15 M M 5.4 10 140 M M M 12 130
14 76 66 71 5 0 6 0.34 M M 3.3 9 150 M M M 11 150
15 78 66 72 6 0 7 0.00 M M 3.5 10 180 M M M 11 180
16 76 68 72 6 0 7 0.12 M M 4.5 9 210 M M M 12 220
17 74 62 68 2 0 3 0.00 M M 3.8 7 320 M M M 12 320
18 71 56 64 -3 1 0 0.00 M M 3.7 7 180 M M M 9 180
19 78 60 69 2 0 4 0.00 M M 2.9 8 180 M M M 9 190
20 79 63 71 4 0 6 0.00 M M 2.1 6 120 M M M 7 120
21 74 66 70 2 0 5 0.00 M M 3.7 8 150 M M M 8 140
22 81 65 73 5 0 8 1.89 M M 3.9 9 180 M M M 16 290
23 71 60 66 -2 0 1 0.00 M M 4.2 7 150 M M M 8 340
24 72 61 67 -1 0 2 0.00 M M 3.9 8 30 M M M 25 0
25 69 61 65 -3 0 0 0.00 M M 7.2 11 60 M M M 14 70
26 71 60 66 -3 0 1 0.00 M M 5.6 9 110 M M M 10 110
27 72 62 67 -2 0 2 0.09 M M 5.9 10 150 M M M 12 150
28 77 69 73 4 0 8 0.08 M M 5.3 13 140 M M M 15 140
29 78 69 74 4 0 9 0.34 M M 3.4 8 180 M M M 12 220
30 75 67 71 1 0 6 0.25 M M 6.2 13 240 M M M 18 250
================================================================================
SM 2196 1854 34 115 3.94 M 144.7 M M
================================================================================
AV 73.2 61.8 4.8 FASTST M M M MAX(MPH)
MISC ----> # 13 20 25 0
================================================================================
NOTES:
# LAST OF SEVERAL OCCURRENCES
COLUMN 17 PEAK WIND IN M.P.H.
PRELIMINARY LOCAL CLIMATOLOGICAL DATA (WS FORM: F-6) , PAGE 2
STATION: DOWNTOWN CHARLESTON SC
MONTH: APRIL
YEAR: 2023
LATITUDE: 32 46 N
LONGITUDE: 79 56 W
[TEMPERATURE DATA] [PRECIPITATION DATA] SYMBOLS USED IN COLUMN 16
AVERAGE MONTHLY: 67.5 TOTAL FOR MONTH: 3.94 1 = FOG OR MIST
DPTR FM NORMAL: 1.5 DPTR FM NORMAL: 0.98 2 = FOG REDUCING VISIBILITY
HIGHEST: 81 ON 22 GRTST 24HR 1.89 ON 22-22 TO 1/4 MILE OR LESS
LOWEST: 47 ON 9 3 = THUNDER
SNOW, ICE PELLETS, HAIL 4 = ICE PELLETS
TOTAL MONTH: M 5 = HAIL
GRTST 24HR M ON M 6 = FREEZING RAIN OR DRIZZLE
GRTST DEPTH: M ON M 7 = DUSTSTORM OR SANDSTORM:
VSBY 1/2 MILE OR LESS
8 = SMOKE OR HAZE
[NO. OF DAYS WITH] [WEATHER - DAYS WITH] 9 = BLOWING SNOW
X = TORNADO
MAX 32 OR BELOW: 0 0.01 INCH OR MORE: 11
MAX 90 OR ABOVE: 0 0.10 INCH OR MORE: 8
MIN 32 OR BELOW: 0 0.50 INCH OR MORE: 1
MIN 0 OR BELOW: 0 1.00 INCH OR MORE: 1
[HDD (BASE 65) ]
TOTAL THIS MO. 34 CLEAR (SCALE 0-3) 0
DPTR FM NORMAL -28 PTCLDY (SCALE 4-7) 0
TOTAL FM JUL 1 1142 CLOUDY (SCALE 8-10) 30
DPTR FM NORMAL -479
[CDD (BASE 65) ]
TOTAL THIS MO. 115
DPTR FM NORMAL 23 [PRESSURE DATA]
TOTAL FM JAN 1 219 HIGHEST SLP M ON M
DPTR FM NORMAL 101 LOWEST SLP 29.16 ON 24
[REMARKS]
#FINAL-04-23#