000
CXUS55 KCYS 041533 CCA
CF6CYS
PRELIMINARY LOCAL CLIMATOLOGICAL DATA (WS FORM: F-6)...CORRECTED
STATION: CHEYENNE WYOMING AIRPORT
MONTH: APRIL
YEAR: 2022
LATITUDE: 41 9 N
LONGITUDE: 104 49 W
TEMPERATURE IN F: :PCPN: SNOW: WIND :SUNSHINE: SKY :PK WND
================================================================================
1 2 3 4 5 6A 6B 7 8 9 10 11 12 13 14 15 16 17 18
12Z AVG MX 2MIN
DY MAX MIN AVG DEP HDD CDD WTR SNW DPTH SPD SPD DIR MIN PSBL S-S WX SPD DR
================================================================================
1 52 31 42 1 23 0 0.00 0.0 0 12.7 22 260 M M 5 33 10
2 61 23 42 1 23 0 0.00 0.0 0 10.9 25 200 M M 0 34 200
3 54 31 43 2 22 0 0.00 0.0 0 11.0 24 330 M M 0 36 330
4 61 27 44 3 21 0 0.00 0.0 0 16.4 38 270 M M 0 54 270
5 52 28 40 -1 25 0 T T 0 26.1 44 310 M M 5 1 67 310
6 43 24 34 -7 31 0 0.00 0.0 0 23.8 39 320 M M 2 60 310
7 46 27 37 -4 28 0 T T 0 20.7 35 330 M M 4 53 340
8 65 29 47 6 18 0 0.00 0.0 0 13.7 24 330 M M 0 8 36 320
9 70 34 52 10 13 0 0.02 0.0 0 18.1 38 270 M M 2 1 54 270
10 42 23 33 -9 32 0 0.00 0.0 0 21.6 47 270 M M 2 1 67 260
11 56 23 40 -2 25 0 0.00 0.0 0 10.8 24 180 M M 4 33 190
12 48 10 29 -13 36 0 T 0.0 0 24.7 49 280 M M 2 63 300
13 33 5 19 -23 46 0 T T 0 12.1 37 270 M M 3 48 290
14 50 18 34 -8 31 0 0.00 0.0 0 19.1 39 270 M M 2 52 270
15 52 19 36 -6 29 0 0.18 1.6 0 6.6 20 40 M M 6 1 32 40
16 51 20 36 -6 29 0 T T 0 14.1 29 150 M M 4 1 41 160
17 52 26 39 -4 26 0 T T 0 19.9 45 280 M M 3 66 280
18 55 23 39 -4 26 0 0.00 0.0 0 14.3 24 160 M M 1 33 160
19 75 28 52 9 13 0 0.00 0.0 0 14.2 29 230 M M 2 8 45 240
20 63 36 50 7 15 0 0.00 0.0 0 16.3 37 260 M M 1 51 280
21 72 31 52 8 13 0 0.00 0.0 0 14.8 33 160 M M 1 47 150
22 81 37 59 15 6 0 T 0.0 0 15.0 44 280 M M 2 18 57 270
23 44 34 39 -5 26 0 T 0.0 0 26.2 46 310 M M 5 72 290
24 47 24 36 -8 29 0 0.00 0.0 0 17.4 31 310 M M 3 48 310
25 50 20 35 -10 30 0 0.00 0.0 0 6.3 20 270 M M 3 27 270
26 68 28 48 3 17 0 0.00 0.0 0 9.5 24 210 M M 0 32 210
27 72 39 56 11 9 0 0.00 0.0 0 9.8 26 210 M M 1 37 220
28 71 39 55 9 10 0 0.00 0.0 0 9.7 25 110 M M 1 32 120
29 56 35 46 0 19 0 0.00 0.0 M 19.5 41 280 M M 3 12 62 300
30 56 33 45 -1 20 0 0.00 0.0 M 18.1 35 330 M M 0 56 310
================================================================================
SM 1698 805 691 0 0.20 1.6 473.4 M 67
================================================================================
AV 56.6 26.8 15.8 FASTST M M 2 MAX(MPH)
MISC ----> 49 280 72 290
================================================================================
NOTES:
# LAST OF SEVERAL OCCURRENCES
COLUMN 17 PEAK WIND IN M.P.H.
PRELIMINARY LOCAL CLIMATOLOGICAL DATA (WS FORM: F-6) , PAGE 2
STATION: CHEYENNE WYOMING AIRPORT
MONTH: APRIL
YEAR: 2022
LATITUDE: 41 9 N
LONGITUDE: 104 49 W
[TEMPERATURE DATA] [PRECIPITATION DATA] SYMBOLS USED IN COLUMN 16
AVERAGE MONTHLY: 41.7 TOTAL FOR MONTH: 0.20 1 = FOG OR MIST
DPTR FM NORMAL: -1.1 DPTR FM NORMAL: -1.59 2 = FOG REDUCING VISIBILITY
HIGHEST: 81 ON 22 GRTST 24HR 0.18 ON 15-15 TO 1/4 MILE OR LESS
LOWEST: 5 ON 13 3 = THUNDER
SNOW, ICE PELLETS, HAIL 4 = ICE PELLETS
TOTAL MONTH: 1.6 INCHES 5 = HAIL
GRTST 24HR 1.6 ON 15-15 6 = FREEZING RAIN OR DRIZZLE
GRTST DEPTH: 0 7 = DUSTSTORM OR SANDSTORM:
VSBY 1/2 MILE OR LESS
8 = SMOKE OR HAZE
[NO. OF DAYS WITH] [WEATHER - DAYS WITH] 9 = BLOWING SNOW
X = TORNADO
MAX 32 OR BELOW: 0 0.01 INCH OR MORE: 2
MAX 90 OR ABOVE: 0 0.10 INCH OR MORE: 1
MIN 32 OR BELOW: 22 0.50 INCH OR MORE: 0
MIN 0 OR BELOW: 0 1.00 INCH OR MORE: 0
[HDD (BASE 65) ]
TOTAL THIS MO. 691 CLEAR (SCALE 0-3) 21
DPTR FM NORMAL 25 PTCLDY (SCALE 4-7) 9
TOTAL FM JUL 1 5997 CLOUDY (SCALE 8-10) 0
DPTR FM NORMAL -450
[CDD (BASE 65) ]
TOTAL THIS MO. 0
DPTR FM NORMAL 0 [PRESSURE DATA]
TOTAL FM JAN 1 0 HIGHEST SLP 30.43 ON 7
DPTR FM NORMAL 0 LOWEST SLP 29.03 ON 12
[REMARKS]
APRIL 22...RECORD HIGH 81 DEGREES (PREVIOUS 80 DEGREES IN 1989)
MONTHLY PRECIPITATION 0.20" RANKED 3RD DRIEST APRIL
#FINAL-04-22#