000
CXUS55 KCYS 041045
CF6CYS
PRELIMINARY LOCAL CLIMATOLOGICAL DATA (WS FORM: F-6)
STATION: CHEYENNE WYOMING AIRPORT
MONTH: JULY
YEAR: 2023
LATITUDE: 41 9 N
LONGITUDE: 104 49 W
TEMPERATURE IN F: :PCPN: SNOW: WIND :SUNSHINE: SKY :PK WND
================================================================================
1 2 3 4 5 6A 6B 7 8 9 10 11 12 13 14 15 16 17 18
12Z AVG MX 2MIN
DY MAX MIN AVG DEP HDD CDD WTR SNW DPTH SPD SPD DIR MIN PSBL S-S WX SPD DR
================================================================================
1 78 48 63 -5 2 0 0.00 0.0 0 8.9 16 330 M M 0 25 330
2 82 57 70 2 0 5 0.00 0.0 0 11.1 23 330 M M 0 32 350
3 87 53 70 2 0 5 0.01 0.0 0 9.7 25 340 M M 1 3 34 350
4 74 50 62 -6 3 0 0.67 T 0 11.0 38 280 M M 5 135 60 340
5 57 49 53 -16 12 0 0.09 0.0 0 6.3 13 110 M M 10 12 15 110
6 71 52 62 -7 3 0 T 0.0 0 12.7 28 210 M M 7 1 38 270
7 69 49 59 -10 6 0 0.01 0.0 0 8.2 23 10 M M 2 32 40
8 73 51 62 -7 3 0 0.51 0.0 0 9.8 20 110 M M 8 13 30 80
9 78 51 65 -5 0 0 0.00 0.0 0 9.2 16 190 M M 1 21 190
10 88 60 74 4 0 9 0.00 0.0 0 8.4 18 280 M M 1 8 26 340
11 89 59 74 4 0 9 0.00 0.0 0 12.1 24 270 M M 0 8 33 280
12 86 59 73 3 0 8 T 0.0 0 8.8 20 330 M M 1 30 280
13 88 57 73 3 0 8 0.00 0.0 0 7.4 18 240 M M 0 29 290
14 77 58 68 -2 0 3 0.01 0.0 0 9.9 25 20 M M 3 3 38 10
15 77 56 67 -3 0 2 0.05 0.0 0 6.3 16 170 M M 3 3 22 170
16 86 56 71 0 0 6 0.00 0.0 0 8.2 23 360 M M 0 18 33 350
17 93 56 75 4 0 10 T 0.0 0 8.6 32 200 M M 0 3 45 220
18 91 66 79 8 0 14 T 0.0 0 13.3 31 310 M M 1 47 310
19 79 58 69 -2 0 4 0.07 0.0 0 6.9 23 280 M M 4 3 29 280
20 70 52 61 -10 4 0 1.38 0.0 0 8.5 23 20 M M 7 138 38 20
21 81 49 65 -6 0 0 0.00 0.0 0 7.0 16 10 M M 1 123 24 350
22 86 54 70 -1 0 5 T 0.0 0 7.9 20 20 M M 0 38 30 30
23 90 57 74 3 0 9 0.00 0.0 0 9.1 23 280 M M 0 33 310
24 93 62 78 7 0 13 0.04 0.0 0 7.9 18 160 M M 1 38 27 70
25 91 61 76 5 0 11 T 0.0 0 11.1 26 260 M M 0 33 300
26 87 57 72 1 0 7 0.18 0.0 0 7.5 25 210 M M 3 358 35 180
27 92 56 74 3 0 9 0.06 0.0 0 10.4 31 10 M M 1 38 47 10
28 88 60 74 3 0 9 0.22 0.0 0 9.0 28 340 M M 2 358 38 330
29 80 56 68 -3 0 3 T 0.0 0 8.7 18 150 M M 0 27 160
30 90 59 75 4 0 10 T 0.0 0 7.5 22 280 M M 1 3 28 290
31 88 60 74 3 0 9 0.70 0.0 0 7.7 25 200 M M 5 1238 37 90
================================================================================
SM 2559 1728 33 168 4.00 T 279.1 M 68
================================================================================
AV 82.5 55.7 9.0 FASTST M M 2 MAX(MPH)
MISC ----> 38 280 60 340
================================================================================
NOTES:
# LAST OF SEVERAL OCCURRENCES
COLUMN 17 PEAK WIND IN M.P.H.
PRELIMINARY LOCAL CLIMATOLOGICAL DATA (WS FORM: F-6) , PAGE 2
STATION: CHEYENNE WYOMING AIRPORT
MONTH: JULY
YEAR: 2023
LATITUDE: 41 9 N
LONGITUDE: 104 49 W
[TEMPERATURE DATA] [PRECIPITATION DATA] SYMBOLS USED IN COLUMN 16
AVERAGE MONTHLY: 69.1 TOTAL FOR MONTH: 4.00 1 = FOG OR MIST
DPTR FM NORMAL: -1.0 DPTR FM NORMAL: 1.89 2 = FOG REDUCING VISIBILITY
HIGHEST: 93 ON 24,17 GRTST 24HR 1.39 ON 19-20 TO 1/4 MILE OR LESS
LOWEST: 48 ON 1 3 = THUNDER
SNOW, ICE PELLETS, HAIL 4 = ICE PELLETS
TOTAL MONTH: T 5 = HAIL
GRTST 24HR T ON 4- 4 6 = FREEZING RAIN OR DRIZZLE
GRTST DEPTH: 0 7 = DUSTSTORM OR SANDSTORM:
VSBY 1/2 MILE OR LESS
8 = SMOKE OR HAZE
[NO. OF DAYS WITH] [WEATHER - DAYS WITH] 9 = BLOWING SNOW
X = TORNADO
MAX 32 OR BELOW: 0 0.01 INCH OR MORE: 14
MAX 90 OR ABOVE: 7 0.10 INCH OR MORE: 6
MIN 32 OR BELOW: 0 0.50 INCH OR MORE: 4
MIN 0 OR BELOW: 0 1.00 INCH OR MORE: 1
[HDD (BASE 65) ]
TOTAL THIS MO. 33 CLEAR (SCALE 0-3) 24
DPTR FM NORMAL 16 PTCLDY (SCALE 4-7) 6
TOTAL FM JUL 1 33 CLOUDY (SCALE 8-10) 1
DPTR FM NORMAL 23
[CDD (BASE 65) ]
TOTAL THIS MO. 168
DPTR FM NORMAL -7 [PRESSURE DATA]
TOTAL FM JAN 1 191 HIGHEST SLP 30.24 ON 20
DPTR FM NORMAL -44 LOWEST SLP 29.75 ON 14
[REMARKS]
#FINAL-07-23#
JULY 5... RECORD LOW MAXIMUM TEMPERATURE: 57F (PREVIOUS: 60F IN 1960)
JULY 18... RECORD HIGH MINIMUM TEMPERATURE: 66F (PREVIOUS: 64F IN 1974, 2017, AND 2022)
JULY 20... RECORD DAILY MAXIMUM PRECIPITATION: 1.38" (PREVIOUS: 1.26" IN 1947)
JULY 2023 TIED FOR THE 7TH WETTEST ON RECORD