000
CXUS56 KSGX 011245
CF6CZZ
PRELIMINARY LOCAL CLIMATOLOGICAL DATA (WS FORM: F-6)
STATION: CAMPO ASOS CA
MONTH: JUNE
YEAR: 2020
LATITUDE: 32 37 N
LONGITUDE: 116 28 W
TEMPERATURE IN F: :PCPN: SNOW: WIND :SUNSHINE: SKY :PK WND
================================================================================
1 2 3 4 5 6A 6B 7 8 9 10 11 12 13 14 15 16 17 18
12Z AVG MX 2MIN
DY MAX MIN AVG DEP HDD CDD WTR SNW DPTH SPD SPD DIR MIN PSBL S-S WX SPD DR
================================================================================
1 89 44 67 4 0 2 0.00 0.0 0 7.2 20 210 M M 0 23 210
2 88 52 70 7 0 5 0.00 0.0 0 7.1 17 210 M M 0 22 210
3 98 56 77 14 0 12 0.00 0.0 0 8.2 20 220 M M 0 25 220
4 87 51 69 5 0 4 0.00 0.0 0 7.4 22 220 M M 0 24 220
5 69 49 59 -5 6 0 0.00 0.0 0 9.1 22 220 M M 0 27 210
6 65 53 59 -5 6 0 0.00 0.0 0 12.3 20 250 M M 0 24 230
7 75 45 60 -4 5 0 0.00 0.0 0 9.4 20 250 M M 0 26 260
8 79 37 58 -6 7 0 0.00 0.0 0 12.2 29 70 M M 0 36 80
9 85 49 67 3 0 2 0.00 0.0 0 14.0 31 70 M M 0 39 80
10 96 45 71 6 0 6 0.00 0.0 0 7.1 15 280 M M 0 18 99
11 93 45 69 4 0 4 0.00 0.0 0 8.0 18 230 M M 0 23 230
12 86 42 64 -1 1 0 0.00 0.0 0 8.2 18 220 M M 0 23 240
13 80 38 59 -6 6 0 0.00 0.0 0 9.6 23 220 M M 0 28 210
14 80 39 60 -6 5 0 0.00 0.0 0 8.3 21 220 M M 0 26 210
15 83 42 63 -3 2 0 0.00 0.0 0 8.1 21 220 M M 0 23 220
16 81 44 63 -3 2 0 0.00 0.0 0 8.5 20 220 M M 0 23 220
17 79 45 62 -4 3 0 0.00 0.0 0 7.0 17 210 M M 0 22 200
18 78 43 61 -6 4 0 0.00 0.0 0 8.8 20 210 M M 0 29 190
19 81 42 62 -5 3 0 0.00 0.0 0 7.6 21 220 M M 0 26 220
20 82 45 64 -3 1 0 0.00 0.0 0 8.2 21 210 M M 0 25 210
21 87 47 67 -1 0 2 0.00 0.0 0 8.2 21 220 M M 0 24 200
22 92 51 72 4 0 7 0.00 0.0 0 7.7 21 220 M M 0 24 210
23 95 50 73 5 0 8 0.00 0.0 0 7.2 17 200 M M 0 21 230
24 93 49 71 3 0 6 0.00 0.0 0 8.5 21 220 M M 0 24 220
25 90 49 70 1 0 5 0.00 0.0 0 7.2 18 220 M M 0 22 220
26 91 51 71 2 0 6 0.00 0.0 0 7.7 20 210 M M 0 24 230
27 88 51 70 1 0 5 0.00 0.0 0 9.4 22 220 M M 0 27 220
28 80 49 65 -4 0 0 0.00 0.0 0 10.3 20 240 M M 0 27 220
29 72 47 60 -10 5 0 0.00 0.0 0 11.7 21 220 M M 0 25 220
30 80 42 61 -9 4 0 0.00 0.0 0 8.4 23 210 M M 0 27 210
================================================================================
SM 2522 1392 60 74 0.00 0.0 262.6 M 0
================================================================================
AV 84.1 46.4 8.8 FASTST M M 0 MAX(MPH)
MISC ----> # 31 70 # 39 80
================================================================================
NOTES:
# LAST OF SEVERAL OCCURRENCES
COLUMN 17 PEAK WIND IN M.P.H.
PRELIMINARY LOCAL CLIMATOLOGICAL DATA (WS FORM: F-6) , PAGE 2
STATION: CAMPO ASOS CA
MONTH: JUNE
YEAR: 2020
LATITUDE: 32 37 N
LONGITUDE: 116 28 W
[TEMPERATURE DATA] [PRECIPITATION DATA] SYMBOLS USED IN COLUMN 16
AVERAGE MONTHLY: 65.2 TOTAL FOR MONTH: 0.00 1 = FOG OR MIST
DPTR FM NORMAL: -1.0 DPTR FM NORMAL: -0.11 2 = FOG REDUCING VISIBILITY
HIGHEST: 98 ON 3 GRTST 24HR 0.00 ON 30-30 TO 1/4 MILE OR LESS
LOWEST: 37 ON 8 3 = THUNDER
SNOW, ICE PELLETS, HAIL 4 = ICE PELLETS
TOTAL MONTH: 0.0 INCH 5 = HAIL
GRTST 24HR 0.0 6 = FREEZING RAIN OR DRIZZLE
GRTST DEPTH: 0 7 = DUSTSTORM OR SANDSTORM:
VSBY 1/2 MILE OR LESS
8 = SMOKE OR HAZE
[NO. OF DAYS WITH] [WEATHER - DAYS WITH] 9 = BLOWING SNOW
X = TORNADO
MAX 32 OR BELOW: 0 0.01 INCH OR MORE: 0
MAX 90 OR ABOVE: 8 0.10 INCH OR MORE: 0
MIN 32 OR BELOW: 0 0.50 INCH OR MORE: 0
MIN 0 OR BELOW: 0 1.00 INCH OR MORE: 0
[HDD (BASE 65) ]
TOTAL THIS MO. 60 CLEAR (SCALE 0-3) 30
DPTR FM NORMAL 4 PTCLDY (SCALE 4-7) 0
TOTAL FM JUL 1 2882 CLOUDY (SCALE 8-10) 0
DPTR FM NORMAL -101
[CDD (BASE 65) ]
TOTAL THIS MO. 74
DPTR FM NORMAL -18 [PRESSURE DATA]
TOTAL FM JAN 1 122 HIGHEST SLP M ON M
DPTR FM NORMAL 0 LOWEST SLP 29.71 ON M
[REMARKS]
#FINAL-06-20#