118
CXUS54 KFWD 110134
CF6DAL
PRELIMINARY LOCAL CLIMATOLOGICAL DATA (WS FORM: F-6)
STATION: DALLAS LOVE FIELD
MONTH: JUNE
YEAR: 2020
LATITUDE: 32 50 N
LONGITUDE: 96 51 W
TEMPERATURE IN F: :PCPN: SNOW: WIND :SUNSHINE: SKY :PK WND
================================================================================
1 2 3 4 5 6A 6B 7 8 9 10 11 12 13 14 15 16 17 18
12Z AVG MX 2MIN
DY MAX MIN AVG DEP HDD CDD WTR SNW DPTH SPD SPD DIR MIN PSBL S-S WX SPD DR
================================================================================
1 87 72 80 1 0 15 0.00 0.0 0 7.2 13 130 M M 9 19 130
2 91 74 83 4 0 18 T 0.0 0 7.4 14 140 M M 6 20 150
3 94 77 86 6 0 21 0.00 0.0 0 8.4 14 170 M M 2 21 150
4 96 77 87 7 0 22 0.00 0.0 0 9.8 23 340 M M 4 37 340
5 95 80 88 8 0 23 0.00 0.0 0 8.1 21 340 M M 5 33 350
6 97 78 88 8 0 23 0.00 0.0 0 4.7 16 100 M M 2 23 70
7 94 78 86 6 0 21 0.00 0.0 0 6.4 15 120 M M 2 22 90
8 97 79 88 7 0 23 0.00 0.0 0 4.7 13 180 M M 2 20 190
9 100 74 87 6 0 22 0.00 0.0 0 14.8 36 330 M M 1 78 48 320
10 90 67 79 -2 0 14 0.00 0.0 0 11.3 24 340 M M 1 37 330
11 93 64 79 -2 0 14 0.00 0.0 0 4.1 14 10 M M 1 22 360
12 92 69 81 -1 0 16 0.00 0.0 0 4.6 12 120 M M 4 19 110
13 94 71 83 1 0 18 0.00 0.0 0 6.1 13 130 M M 2 18 120
14 93 71 82 0 0 17 0.00 0.0 0 6.9 17 160 M M 1 25 140
15 95 77 86 4 0 21 0.00 0.0 0 7.4 16 100 M M 4 22 90
16 94 78 86 4 0 21 0.00 0.0 0 9.4 15 130 M M 4 24 160
17 95 75 85 2 0 20 0.00 0.0 0 11.4 20 150 M M 2 29 150
18 94 75 85 2 0 20 0.00 0.0 0 11.3 20 160 M M 4 29 160
19 95 68 82 -1 0 17 3.05 0.0 0 12.9 33 350 M M 7 13 53 10
20 90 69 80 -3 0 15 1.42 0.0 0 6.6 14 310 M M 6 13 21 40
21 88 69 79 -4 0 14 0.17 0.0 0 9.2 24 180 M M 7 3 34 350
22 93 68 81 -3 0 16 0.59 0.0 0 8.5 30 340 M M 8 13 41 350
23 82 70 76 -8 0 11 0.69 0.0 0 6.8 21 310 M M 9 13 29 310
24 92 70 81 -3 0 16 0.00 0.0 0 5.2 13 30 M M 4 24 60
25 89 75 82 -2 0 17 0.00 0.0 0 6.6 17 130 M M 6 23 120
26 91 76 84 0 0 19 0.00 0.0 0 11.5 20 170 M M 5 33 190
27 93 77 85 1 0 20 0.00 0.0 0 12.0 22 180 M M 5 78 31 180
28 90 79 85 1 0 20 0.11 0.0 0 14.5 28 180 M M 8 3 43 170
29 94 81 88 3 0 23 0.00 0.0 0 15.5 25 180 M M 8 39 170
30 94 81 88 3 0 23 0.00 0.0 0 13.9 22 180 M M 8 36 170
================================================================================
SM 2782 2219 0 560 6.03 0.0 267.2 M 137
================================================================================
AV 92.7 74.0 8.9 FASTST M M 5 MAX(MPH)
MISC ----> # 36 330 # 53 10
================================================================================
NOTES:
# LAST OF SEVERAL OCCURRENCES
COLUMN 17 PEAK WIND IN M.P.H.
PRELIMINARY LOCAL CLIMATOLOGICAL DATA (WS FORM: F-6) , PAGE 2
STATION: DALLAS LOVE FIELD
MONTH: JUNE
YEAR: 2020
LATITUDE: 32 50 N
LONGITUDE: 96 51 W
[TEMPERATURE DATA] [PRECIPITATION DATA] SYMBOLS USED IN COLUMN 16
AVERAGE MONTHLY: 83.4 TOTAL FOR MONTH: 6.03 1 = FOG OR MIST
DPTR FM NORMAL: 1.2 DPTR FM NORMAL: 1.92 2 = FOG REDUCING VISIBILITY
HIGHEST: 100 ON 9 GRTST 24HR 3.05 ON 19-19 TO 1/4 MILE OR LESS
LOWEST: 64 ON 11 3 = THUNDER
SNOW, ICE PELLETS, HAIL 4 = ICE PELLETS
TOTAL MONTH: 0.0 INCH 5 = HAIL
GRTST 24HR 0.0 6 = FREEZING RAIN OR DRIZZLE
GRTST DEPTH: 0 7 = DUSTSTORM OR SANDSTORM:
VSBY 1/2 MILE OR LESS
8 = SMOKE OR HAZE
[NO. OF DAYS WITH] [WEATHER - DAYS WITH] 9 = BLOWING SNOW
X = TORNADO
MAX 32 OR BELOW: 0 0.01 INCH OR MORE: 6
MAX 90 OR ABOVE: 26 0.10 INCH OR MORE: 6
MIN 32 OR BELOW: 0 0.50 INCH OR MORE: 4
MIN 0 OR BELOW: 0 1.00 INCH OR MORE: 2
[HDD (BASE 65) ]
TOTAL THIS MO. 0 CLEAR (SCALE 0-3) 10
DPTR FM NORMAL 0 PTCLDY (SCALE 4-7) 18
TOTAL FM JUL 1 1828 CLOUDY (SCALE 8-10) 2
DPTR FM NORMAL -308
[CDD (BASE 65) ]
TOTAL THIS MO. 560
DPTR FM NORMAL 44 [PRESSURE DATA]
TOTAL FM JAN 1 1118 HIGHEST SLP 30.29 ON 12
DPTR FM NORMAL 125 LOWEST SLP 29.54 ON 8
[REMARKS]
EDITED WX ON 9TH AND 27TH
#FINAL-06-20#