000
CXUS55 KDVN 011100
CF6DBQ
PRELIMINARY LOCAL CLIMATOLOGICAL DATA (WS FORM: F-6)
STATION: DUBUQUE IA
MONTH: MARCH
YEAR: 2020
LATITUDE: 42 24 N
LONGITUDE: 90 42 W
TEMPERATURE IN F: :PCPN: SNOW: WIND :SUNSHINE: SKY :PK WND
================================================================================
1 2 3 4 5 6A 6B 7 8 9 10 11 12 13 14 15 16 17 18
12Z AVG MX 2MIN
DY MAX MIN AVG DEP HDD CDD WTR SNW DPTH SPD SPD DIR MIN PSBL S-S WX SPD DR
================================================================================
1 51 29 40 11 25 0 0.00 0.0 1 13.8 22 330 M M 0 30 320
2 35 28 32 3 33 0 0.00 0.0 T 9.4 15 310 M M 7 20 340
3 43 28 36 6 29 0 T T T 13.4 29 280 M M 5 1 41 280
4 43 30 37 7 28 0 0.18 0.6 1 9.9 20 310 M M 1 1 26 300
5 45 32 39 8 26 0 T T T 19.9 33 340 M M 6 47 270
6 43 27 35 4 30 0 0.00 0.0 T 10.7 28 330 M M 1 39 350
7 55 26 41 10 24 0 0.00 0.0 0 16.1 29 190 M M 0 36 170
8 65 37 51 19 14 0 0.00 0.0 0 17.3 31 190 M M 0 39 200
9 53 35 44 12 21 0 0.74 0.0 0 13.0 25 230 M M 9 1 34 220
10 48 30 39 6 26 0 0.02 0.0 0 9.4 18 340 M M 5 1 25 350
11 43 34 39 6 26 0 0.00 0.0 0 8.3 16 150 M M 8 12 20 150
12 54 32 43 9 22 0 0.04 0.0 0 16.2 33 310 M M 7 12 49 320
13 43 30 37 3 28 0 0.00 0.0 0 15.5 25 280 M M 0 36 310
14 33 28 31 -3 34 0 0.10 0.4 0 8.4 15 30 M M 9 1 20 40
15 34 24 29 -6 36 0 0.00 0.0 0 6.3 13 90 M M 7 17 70
16 38 29 34 -1 31 0 0.00 0.0 0 5.9 12 270 M M 10 1 15 270
17 45 26 36 0 29 0 0.00 0.0 0 8.1 22 310 M M 3 30 320
18 43 37 40 4 25 0 0.48 0.0 0 8.8 21 150 M M 10 1 24 140
19 50 39 45 8 20 0 0.84 0.0 0 11.2 23 20 M M 10 1238 31 30
20 39 29 34 -3 31 0 0.13 T 0 15.0 25 340 M M 9 1 34 330
21 35 24 30 -8 35 0 0.00 0.0 0 7.3 14 40 M M 8 16 40
22 35 27 31 -7 34 0 0.06 0.5 0 11.0 20 140 M M 10 1 26 130
23 43 29 36 -2 29 0 0.00 0.0 1 6.5 13 190 M M 10 1 16 190
24 45 34 40 1 25 0 0.00 0.0 0 8.2 21 160 M M 7 1 26 150
25 51 29 40 1 25 0 T 0.0 0 8.5 18 210 M M 8 12 21 210
26 53 41 47 7 18 0 T 0.0 0 9.8 17 40 M M 10 1 22 30
27 56 38 47 7 18 0 0.14 0.0 0 11.5 20 110 M M 6 13 26 110
28 62 42 52 11 13 0 0.49 0.0 0 14.9 29 170 M M 8 123 40 160
29 51 37 44 3 21 0 0.01 0.0 0 23.7 36 240 M M 9 1 47 270
30 57 35 46 4 19 0 0.00 0.0 0 11.2 22 340 M M 0 29 340
31 44 29 37 -5 28 0 0.00 0.0 0 8.9 17 60 M M 4 22 60
================================================================================
SM 1435 975 803 0 3.23 1.5 358.1 M 187
================================================================================
AV 46.3 31.5 11.6 FASTST M M 6 MAX(MPH)
MISC ----> # 36 240 # 49 320
================================================================================
NOTES:
# LAST OF SEVERAL OCCURRENCES
COLUMN 17 PEAK WIND IN M.P.H.
PRELIMINARY LOCAL CLIMATOLOGICAL DATA (WS FORM: F-6) , PAGE 2
STATION: DUBUQUE IA
MONTH: MARCH
YEAR: 2020
LATITUDE: 42 24 N
LONGITUDE: 90 42 W
[TEMPERATURE DATA] [PRECIPITATION DATA] SYMBOLS USED IN COLUMN 16
AVERAGE MONTHLY: 38.9 TOTAL FOR MONTH: 3.23 1 = FOG OR MIST
DPTR FM NORMAL: 3.5 DPTR FM NORMAL: 0.82 2 = FOG REDUCING VISIBILITY
HIGHEST: 65 ON 8 GRTST 24HR 0.84 ON 19-19 TO 1/4 MILE OR LESS
LOWEST: 24 ON 21,15 3 = THUNDER
SNOW, ICE PELLETS, HAIL 4 = ICE PELLETS
TOTAL MONTH: 1.5 INCHES 5 = HAIL
GRTST 24HR 0.6 ON 4- 4 6 = FREEZING RAIN OR DRIZZLE
GRTST DEPTH: 1 ON 23, 4 7 = DUSTSTORM OR SANDSTORM:
VSBY 1/2 MILE OR LESS
8 = SMOKE OR HAZE
[NO. OF DAYS WITH] [WEATHER - DAYS WITH] 9 = BLOWING SNOW
X = TORNADO
MAX 32 OR BELOW: 0 0.01 INCH OR MORE: 12
MAX 90 OR ABOVE: 0 0.10 INCH OR MORE: 8
MIN 32 OR BELOW: 20 0.50 INCH OR MORE: 2
MIN 0 OR BELOW: 0 1.00 INCH OR MORE: 0
[HDD (BASE 65) ]
TOTAL THIS MO. 803 CLEAR (SCALE 0-3) 8
DPTR FM NORMAL -115 PTCLDY (SCALE 4-7) 12
TOTAL FM JUL 1 6015 CLOUDY (SCALE 8-10) 11
DPTR FM NORMAL -296
[CDD (BASE 65) ]
TOTAL THIS MO. 0
DPTR FM NORMAL 0 [PRESSURE DATA]
TOTAL FM JAN 1 0 HIGHEST SLP 30.72 ON 15
DPTR FM NORMAL 0 LOWEST SLP 29.30 ON 29
[REMARKS]
#FINAL-03-20#