000
CXUS54 KHUN 042133
CF6DCU
PRELIMINARY LOCAL CLIMATOLOGICAL DATA (WS FORM: F-6)
STATION: DECATUR
MONTH: APRIL
YEAR: 2022
LATITUDE: 34 39 N
LONGITUDE: 86 56 W
TEMPERATURE IN F: :PCPN: SNOW: WIND :SUNSHINE: SKY :PK WND
================================================================================
1 2 3 4 5 6A 6B 7 8 9 10 11 12 13 14 15 16 17 18
12Z AVG MX 2MIN
DY MAX MIN AVG DEP HDD CDD WTR SNW DPTH SPD SPD DIR MIN PSBL S-S WX SPD DR
================================================================================
1 59 38 49 -8 16 0 0.00 0.0 0 5.7 14 350 M M 0 19 10
2 64 35 50 -8 15 0 T 0.0 0 2.2 10 300 M M 1 14 300
3 65 41 53 -5 12 0 0.00 0.0 0 5.7 16 360 M M 2 22 360
4 77 36 57 -1 8 0 0.00 0.0 0 4.9 13 220 M M 0 20 210
5 64 48 56 -2 9 0 0.74 0.0 0 8.2 23 140 M M 5 13 34 130
6 82 53 68 9 0 3 0.00 0.0 0 9.6 25 320 M M 8 1 35 250
7 61 45 53 -6 12 0 0.00 0.0 0 11.2 22 310 M M 4 8 32 310
8 52 43 48 -11 17 0 T 0.0 0 11.5 24 270 M M 9 35 290
9 61 36 49 -11 16 0 0.00 0.0 0 10.6 23 280 M M 4 34 280
10 75 33 54 -6 11 0 0.00 0.0 0 9.4 22 190 M M 0 28 170
11 67 57 62 2 3 0 0.20 0.0 0 10.5 18 200 M M 7 13 27 180
12 78 62 70 9 0 5 0.04 0.0 0 10.9 21 200 M M 6 13 28 210
13 82 61 72 11 0 7 2.11 0.0 0 15.9 35 290 M M 4 13 48 270
14 69 46 58 -3 7 0 0.14 0.0 0 7.1 20 330 M M 4 1 27 260
15 74 40 57 -5 8 0 0.05 0.0 0 8.5 18 170 M M 1 138 26 200
16 69 55 62 0 3 0 0.60 0.0 0 4.8 21 340 M M 6 13 26 340
17 65 51 58 -4 7 0 0.02 0.0 0 5.6 12 330 M M 5 17 50
18 61 40 51 -11 14 0 T 0.0 0 10.3 20 330 M M 6 18 26 310
19 60 37 49 -14 16 0 0.00 0.0 0 4.9 15 360 M M 0 20 10
20 69 39 54 -9 11 0 0.00 0.0 0 11.0 21 170 M M 0 31 160
21 78 55 67 4 0 2 T 0.0 0 6.3 17 170 M M 3 23 160
22 81 51 66 2 0 1 0.00 0.0 0 4.3 14 140 M M 0 1 17 160
23 80 52 66 2 0 1 0.00 0.0 0 8.7 21 170 M M 0 1 28 160
24 80 56 68 4 0 3 0.00 0.0 0 8.5 20 200 M M 1 26 150
25 81 61 71 7 0 6 0.33 0.0 0 7.8 23 290 M M 5 13 31 280
26 68 43 56 -9 9 0 T 0.0 0 9.4 18 20 M M 3 25 10
27 74 39 57 -8 8 0 0.00 0.0 0 5.1 15 360 M M 0 22 40
28 77 43 60 -5 5 0 0.00 0.0 0 2.8 12 140 M M 0 18 230
29 80 56 68 3 0 3 0.00 0.0 0 8.2 20 200 M M 3 26 190
30 78 56 67 1 0 2 0.00 0.0 0 10.4 18 200 M M 4 28 190
================================================================================
SM 2131 1408 207 33 4.23 0.0 240.0 M 91
================================================================================
AV 71.0 46.9 8.0 FASTST M M 3 MAX(MPH)
MISC ----> 35 290 48 270
================================================================================
NOTES:
# LAST OF SEVERAL OCCURRENCES
COLUMN 17 PEAK WIND IN M.P.H.
PRELIMINARY LOCAL CLIMATOLOGICAL DATA (WS FORM: F-6) , PAGE 2
STATION: DECATUR
MONTH: APRIL
YEAR: 2022
LATITUDE: 34 39 N
LONGITUDE: 86 56 W
[TEMPERATURE DATA] [PRECIPITATION DATA] SYMBOLS USED IN COLUMN 16
AVERAGE MONTHLY: 59.0 TOTAL FOR MONTH: 4.23 1 = FOG OR MIST
DPTR FM NORMAL: -2.6 DPTR FM NORMAL: -0.27 2 = FOG REDUCING VISIBILITY
HIGHEST: 82 ON 13, 6 GRTST 24HR 2.25 ON 13-14 TO 1/4 MILE OR LESS
LOWEST: 33 ON 10 3 = THUNDER
SNOW, ICE PELLETS, HAIL 4 = ICE PELLETS
TOTAL MONTH: 0.0 INCH 5 = HAIL
GRTST 24HR 0.0 6 = FREEZING RAIN OR DRIZZLE
GRTST DEPTH: 0 7 = DUSTSTORM OR SANDSTORM:
VSBY 1/2 MILE OR LESS
8 = SMOKE OR HAZE
[NO. OF DAYS WITH] [WEATHER - DAYS WITH] 9 = BLOWING SNOW
X = TORNADO
MAX 32 OR BELOW: 0 0.01 INCH OR MORE: 9
MAX 90 OR ABOVE: 0 0.10 INCH OR MORE: 6
MIN 32 OR BELOW: 0 0.50 INCH OR MORE: 3
MIN 0 OR BELOW: 0 1.00 INCH OR MORE: 1
[HDD (BASE 65) ]
TOTAL THIS MO. 207 CLEAR (SCALE 0-3) 16
DPTR FM NORMAL 49 PTCLDY (SCALE 4-7) 12
TOTAL FM JUL 1 2975 CLOUDY (SCALE 8-10) 2
DPTR FM NORMAL -109
[CDD (BASE 65) ]
TOTAL THIS MO. 33
DPTR FM NORMAL -22 [PRESSURE DATA]
TOTAL FM JAN 1 46 HIGHEST SLP 30.40 ON 22
DPTR FM NORMAL -20 LOWEST SLP 29.49 ON 5
[REMARKS]
#FINAL-04-22#