000
CXUS55 KBOU 010900
CF6DEN
PRELIMINARY LOCAL CLIMATOLOGICAL DATA (WS FORM: F-6)
STATION: DENVER CO
MONTH: OCTOBER
YEAR: 2022
LATITUDE: 39 52 N
LONGITUDE: 104 40 W
TEMPERATURE IN F: :PCPN: SNOW: WIND :SUNSHINE: SKY :PK WND
================================================================================
1 2 3 4 5 6A 6B 7 8 9 10 11 12 13 14 15 16 17 18
12Z AVG MX 2MIN
DY MAX MIN AVG DEP HDD CDD WTR SNW DPTH SPD SPD DIR MIN PSBL S-S WX SPD DR
================================================================================
1 73 51 62 4 3 0 0.12 0.0 0 8.5 23 120 M M 7 3 29 320
2 75 48 62 4 3 0 T 0.0 0 7.4 22 160 M M 7 27 140
3 73 50 62 5 3 0 0.27 0.0 0 7.7 31 310 M M 7 13 39 310
4 66 47 57 1 8 0 0.00 0.0 0 5.3 13 40 M M 6 128 16 50
5 69 47 58 2 7 0 0.00 0.0 0 5.4 12 160 M M 4 18 16 20
6 72 45 59 3 6 0 T 0.0 0 8.2 21 100 M M 3 26 90
7 50 38 44 -11 21 0 T 0.0 0 6.7 23 10 M M 10 1 26 10
8 66 41 54 0 11 0 0.00 0.0 0 5.1 13 220 M M 4 15 60
9 73 42 58 4 7 0 0.00 0.0 0 7.2 15 210 M M 1 19 210
10 75 46 61 7 4 0 0.00 0.0 0 8.2 16 220 M M 2 21 220
11 77 40 59 6 6 0 T 0.0 0 10.9 37 20 M M 3 3 49 20
12 69 35 52 -1 13 0 0.00 0.0 0 10.2 25 50 M M 1 34 50
13 66 37 52 0 13 0 0.00 0.0 0 8.1 18 10 M M 1 25 10
14 76 48 62 10 3 0 0.00 0.0 0 9.9 18 210 M M 2 21 200
15 62 37 50 -1 15 0 0.00 0.0 0 6.8 17 40 M M 5 25 20
16 58 37 48 -3 17 0 0.00 0.0 0 4.4 10 30 M M 6 14 30
17 63 35 49 -1 16 0 0.00 0.0 0 6.5 13 160 M M 1 18 130
18 69 38 54 4 11 0 0.00 0.0 0 8.3 14 170 M M 0 18 250
19 78 43 61 11 4 0 0.00 0.0 0 10.5 21 10 M M 0 26 20
20 79 46 63 14 2 0 0.00 0.0 0 9.1 16 220 M M 1 26 180
21 78 52 65 16 0 0 0.00 0.0 0 12.6 25 280 M M 4 38 280
22 77 43 60 12 5 0 0.00 0.0 0 10.4 23 190 M M 2 32 180
23 69 35 52 4 13 0 T T 0 15.7 35 210 M M 7 44 210
24 53 31 42 -6 23 0 0.00 0.0 0 9.4 21 280 M M 3 27 290
25 58 36 47 0 18 0 0.00 0.0 0 10.4 24 50 M M 6 32 50
26 59 39 49 2 16 0 T 0.0 0 7.5 15 340 M M 7 19 330
27 48 33 41 -6 24 0 0.07 T 0 11.7 24 340 M M 7 1 29 320
28 63 30 47 1 18 0 0.00 0.0 0 10.4 16 210 M M 0 21 210
29 61 31 46 0 19 0 0.00 0.0 0 7.5 13 170 M M 3 17 70
30 61 32 47 1 18 0 0.00 0.0 0 8.1 14 220 M M 5 18 230
31 69 36 53 8 12 0 0.00 0.0 0 8.1 15 220 M M 1 19 220
================================================================================
SM 2085 1249 339 0 0.46 T 266.2 M 116
================================================================================
AV 67.3 40.3 8.6 FASTST M M 4 MAX(MPH)
MISC ----> 37 20 49 20
================================================================================
NOTES:
# LAST OF SEVERAL OCCURRENCES
COLUMN 17 PEAK WIND IN M.P.H.
PRELIMINARY LOCAL CLIMATOLOGICAL DATA (WS FORM: F-6) , PAGE 2
STATION: DENVER CO
MONTH: OCTOBER
YEAR: 2022
LATITUDE: 39 52 N
LONGITUDE: 104 40 W
[TEMPERATURE DATA] [PRECIPITATION DATA] SYMBOLS USED IN COLUMN 16
AVERAGE MONTHLY: 53.8 TOTAL FOR MONTH: 0.46 1 = FOG OR MIST
DPTR FM NORMAL: 2.7 DPTR FM NORMAL: -0.53 2 = FOG REDUCING VISIBILITY
HIGHEST: 79 ON 20 GRTST 24HR 0.41 ON 30- 1 TO 1/4 MILE OR LESS
LOWEST: 30 ON 28 3 = THUNDER
SNOW, ICE PELLETS, HAIL 4 = ICE PELLETS
TOTAL MONTH: T 5 = HAIL
GRTST 24HR T ON 23-23 6 = FREEZING RAIN OR DRIZZLE
GRTST DEPTH: 0 7 = DUSTSTORM OR SANDSTORM:
VSBY 1/2 MILE OR LESS
8 = SMOKE OR HAZE
[NO. OF DAYS WITH] [WEATHER - DAYS WITH] 9 = BLOWING SNOW
X = TORNADO
MAX 32 OR BELOW: 0 0.01 INCH OR MORE: 3
MAX 90 OR ABOVE: 0 0.10 INCH OR MORE: 2
MIN 32 OR BELOW: 4 0.50 INCH OR MORE: 0
MIN 0 OR BELOW: 0 1.00 INCH OR MORE: 0
[HDD (BASE 65) ]
TOTAL THIS MO. 339 CLEAR (SCALE 0-3) 14
DPTR FM NORMAL -97 PTCLDY (SCALE 4-7) 16
TOTAL FM JUL 1 392 CLOUDY (SCALE 8-10) 1
DPTR FM NORMAL -163
[CDD (BASE 65) ]
TOTAL THIS MO. 0
DPTR FM NORMAL -7 [PRESSURE DATA]
TOTAL FM JAN 1 1168 HIGHEST SLP M ON M
DPTR FM NORMAL 319 LOWEST SLP 29.09 ON 23
[REMARKS]
#FINAL-10-22#