000
CXUS54 KSHV 011300
CF6DEQ
PRELIMINARY LOCAL CLIMATOLOGICAL DATA (WS FORM: F-6)
STATION: DE QUEEN
MONTH: MARCH
YEAR: 2023
LATITUDE: 34 2 N
LONGITUDE: 94 24 W
TEMPERATURE IN F: :PCPN: SNOW: WIND :SUNSHINE: SKY :PK WND
================================================================================
1 2 3 4 5 6A 6B 7 8 9 10 11 12 13 14 15 16 17 18
12Z AVG MX 2MIN
DY MAX MIN AVG DEP HDD CDD WTR SNW DPTH SPD SPD DIR MIN PSBL S-S WX SPD DR
================================================================================
1 74 52 63 12 2 0 0.11 0.0 0 M M M M M 5 138 M M
2 72 60 66 15 0 1 0.49 0.0 0 M M M M M 8 138 M M
3 62 41 52 1 13 0 0.32 0.0 0 M M M M M 5 13 M M
4 69 36 53 1 12 0 0.00 0.0 0 M M M M M 2 128 M M
5 76 43 60 8 5 0 0.00 0.0 0 M M M M M 0 M M
6 78 46 62 10 3 0 0.00 0.0 0 M M M M M 0 8 M M
7 78 52 65 13 0 0 0.00 0.0 0 M M M M M 3 1 M M
8 60 53 57 4 8 0 0.91 0.0 0 M M M M M 6 138 M M
9 M M M M M M 0.94 0.0 0 M M M M M 6 138 M M
10 67 M M M M M 0.00 0.0 0 M M M M M 0 M M
11 63 50 57 3 8 0 1.31 0.0 0 M M M M M 9 138 M M
12 65 45 55 1 10 0 0.00 0.0 0 M M M M M 4 M M
13 61 37 49 -5 16 0 0.00 0.0 0 M M M M M 1 M M
14 58 38 48 -6 17 0 0.00 0.0 0 M M M M M 3 M M
15 64 35 50 -5 15 0 0.00 0.0 0 M M M M M 2 M M
16 67 45 56 1 9 0 1.01 0.0 0 M M M M M 10 13 M M
17 56 36 46 -9 19 0 0.00 0.0 0 M M M M M 2 M M
18 51 31 41 -14 24 0 0.00 0.0 0 M M M M M 0 M M
19 52 25 39 -17 26 0 0.00 0.0 0 M M M M M 0 M M
20 59 26 43 -13 22 0 T 0.0 0 M M M M M 3 M M
21 62 47 55 -1 10 0 0.13 0.0 0 M M M M M 10 1 M M
22 80 59 70 14 0 5 0.05 0.0 0 M M M M M 6 1 M M
23 84 66 75 18 0 10 0.00 0.0 0 M M M M M 6 M M
24 74 51 63 6 2 0 1.55 0.0 0 M M M M M 6 123 M M
25 74 46 60 3 5 0 0.00 0.0 0 M M M M M 2 12 M M
26 82 42 62 5 3 0 0.00 0.0 0 M M M M M 1 M M
27 75 43 59 1 6 0 T 0.0 0 M M M M M 2 M M
28 67 45 56 -2 9 0 T 0.0 0 M M M M M 1 0 0
29 69 40 55 -3 10 0 0.00 0.0 0 M M M M M 3 M M
30 72 55 64 6 1 0 0.02 0.0 0 M M M M M 9 M M
31 80 50 65 6 0 0 0.67 0.0 0 M M M M M 5 13 M M
================================================================================
SM 2051 1295 255 16 7.51 0.0 M M 120
================================================================================
AV 68.4 44.7 M FASTST M M 4 MAX(MPH)
MISC ----> M M 0 0
================================================================================
NOTES:
# LAST OF SEVERAL OCCURRENCES
COLUMN 17 PEAK WIND IN M.P.H.
PRELIMINARY LOCAL CLIMATOLOGICAL DATA (WS FORM: F-6) , PAGE 2
STATION: DE QUEEN
MONTH: MARCH
YEAR: 2023
LATITUDE: 34 2 N
LONGITUDE: 94 24 W
[TEMPERATURE DATA] [PRECIPITATION DATA] SYMBOLS USED IN COLUMN 16
AVERAGE MONTHLY: 56.5 TOTAL FOR MONTH: 7.51 1 = FOG OR MIST
DPTR FM NORMAL: 1.7 DPTR FM NORMAL: 3.53 2 = FOG REDUCING VISIBILITY
HIGHEST: 84 ON 23 GRTST 24HR 1.55 ON 24-24 TO 1/4 MILE OR LESS
LOWEST: 25 ON 19 3 = THUNDER
SNOW, ICE PELLETS, HAIL 4 = ICE PELLETS
TOTAL MONTH: 0.0 INCH 5 = HAIL
GRTST 24HR 0.0 6 = FREEZING RAIN OR DRIZZLE
GRTST DEPTH: 0 7 = DUSTSTORM OR SANDSTORM:
VSBY 1/2 MILE OR LESS
8 = SMOKE OR HAZE
[NO. OF DAYS WITH] [WEATHER - DAYS WITH] 9 = BLOWING SNOW
X = TORNADO
MAX 32 OR BELOW: 0 0.01 INCH OR MORE: 12
MAX 90 OR ABOVE: 0 0.10 INCH OR MORE: 10
MIN 32 OR BELOW: 3 0.50 INCH OR MORE: 6
MIN 0 OR BELOW: 0 1.00 INCH OR MORE: 3
[HDD (BASE 65) ]
TOTAL THIS MO. 255 CLEAR (SCALE 0-3) 16
DPTR FM NORMAL -75 PTCLDY (SCALE 4-7) 11
TOTAL FM JUL 1 2171 CLOUDY (SCALE 8-10) 4
DPTR FM NORMAL -477
[CDD (BASE 65) ]
TOTAL THIS MO. 16
DPTR FM NORMAL 2 [PRESSURE DATA]
TOTAL FM JAN 1 21 HIGHEST SLP 30.29 ON 29
DPTR FM NORMAL 4 LOWEST SLP 29.69 ON 31
[REMARKS]
#FINAL-03-23#