000
CXUS54 KFWD 072133
CF6DFW
PRELIMINARY LOCAL CLIMATOLOGICAL DATA (WS FORM: F-6)
STATION: DALLAS/FORT WORTH
MONTH: MARCH
YEAR: 2022
LATITUDE: 32 54 N
LONGITUDE: 97 2 W
TEMPERATURE IN F: :PCPN: SNOW: WIND :SUNSHINE: SKY :PK WND
================================================================================
1 2 3 4 5 6A 6B 7 8 9 10 11 12 13 14 15 16 17 18
12Z AVG MX 2MIN
DY MAX MIN AVG DEP HDD CDD WTR SNW DPTH SPD SPD DIR MIN PSBL S-S WX SPD DR
================================================================================
1 75 37 56 2 9 0 0.00 0.0 0 5.0 12 190 M M 7 17 180
2 79 44 62 8 3 0 0.00 0.0 0 5.1 14 170 M M 6 18 170
3 80 48 64 10 1 0 0.00 0.0 0 6.0 14 190 M M 4 18 170
4 74 53 64 9 1 0 0.00 0.0 0 12.7 24 160 M M 8 1 35 160
5 80 65 73 18 0 8 T 0.0 0 19.0 29 190 M M 7 1 39 170
6 79 39 59 4 6 0 0.15 0.0 0 16.0 29 180 M M 9 1 40 170
7 52 37 45 -11 20 0 0.05 0.0 0 14.1 25 350 M M 7 1 32 340
8 47 33 40 -16 25 0 T 0.0 0 7.8 18 20 M M 6 23 20
9 59 29 44 -12 21 0 0.00 0.0 0 5.6 15 10 M M 1 1 21 40
10 67 38 53 -3 12 0 0.00 0.0 0 8.0 25 330 M M 1 30 300
11 44 31 38 -19 27 0 T T 0 19.5 30 350 M M 7 4 39 10
12 57 24 41 -16 24 0 0.00 0.0 0 5.8 13 180 M M 0 17 170
13 67 39 53 -4 12 0 0.00 0.0 0 17.1 29 180 M M 1 36 190
14 78 48 63 5 2 0 0.08 0.0 0 15.4 29 200 M M 7 35 40 190
15 72 48 60 2 5 0 0.00 0.0 0 11.9 23 330 M M 3 31 320
16 81 46 64 6 1 0 0.00 0.0 0 10.2 20 170 M M 2 30 180
17 77 57 67 8 0 2 0.02 0.0 0 18.7 36 180 M M 5 135 48 180
18 67 48 58 -1 7 0 0.00 0.0 0 17.7 31 320 M M 5 42 330
19 77 41 59 0 6 0 0.00 0.0 0 7.3 16 210 M M 1 26 250
20 82 51 67 8 0 2 0.00 0.0 0 15.7 28 170 M M 4 37 170
21 73 53 63 3 2 0 0.88 0.0 0 15.7 33 280 M M 9 13 49 290
22 57 47 52 -8 13 0 0.00 0.0 0 17.1 28 300 M M 8 1 37 300
23 64 46 55 -5 10 0 0.00 0.0 0 16.2 31 320 M M 3 49 310
24 69 36 53 -7 12 0 0.00 0.0 0 8.8 22 290 M M 1 29 310
25 81 42 62 1 3 0 0.00 0.0 0 3.8 12 240 M M 0 14 40
26 86 50 68 7 0 3 0.00 0.0 0 7.2 14 120 M M 0 19 240
27 94 50 72 11 0 7 0.00 0.0 0 11.6 24 170 M M 4 32 170
28 86 60 73 11 0 8 0.00 0.0 0 17.9 28 180 M M 4 40 170
29 80 67 74 12 0 9 0.00 0.0 0 23.6 36 170 M M 9 51 170
30 74 48 61 -1 4 0 0.94 0.0 0 14.9 29 310 M M 6 123 40 300
31 70 43 57 -5 8 0 T 0.0 0 8.4 24 320 M M 3 38 310
================================================================================
SM 2228 1398 234 39 2.12 T 383.8 M 138
================================================================================
AV 71.9 45.1 12.4 FASTST M M 4 MAX(MPH)
MISC ----> # 36 180 51 170
================================================================================
NOTES:
# LAST OF SEVERAL OCCURRENCES
COLUMN 17 PEAK WIND IN M.P.H.
PRELIMINARY LOCAL CLIMATOLOGICAL DATA (WS FORM: F-6) , PAGE 2
STATION: DALLAS/FORT WORTH
MONTH: MARCH
YEAR: 2022
LATITUDE: 32 54 N
LONGITUDE: 97 2 W
[TEMPERATURE DATA] [PRECIPITATION DATA] SYMBOLS USED IN COLUMN 16
AVERAGE MONTHLY: 58.5 TOTAL FOR MONTH: 2.12 1 = FOG OR MIST
DPTR FM NORMAL: 0.3 DPTR FM NORMAL: -1.18 2 = FOG REDUCING VISIBILITY
HIGHEST: 94 ON 27 GRTST 24HR 0.94 ON 30-30 TO 1/4 MILE OR LESS
LOWEST: 24 ON 12 3 = THUNDER
SNOW, ICE PELLETS, HAIL 4 = ICE PELLETS
TOTAL MONTH: T 5 = HAIL
GRTST 24HR T ON 11-11 6 = FREEZING RAIN OR DRIZZLE
GRTST DEPTH: 0 7 = DUSTSTORM OR SANDSTORM:
VSBY 1/2 MILE OR LESS
8 = SMOKE OR HAZE
[NO. OF DAYS WITH] [WEATHER - DAYS WITH] 9 = BLOWING SNOW
X = TORNADO
MAX 32 OR BELOW: 0 0.01 INCH OR MORE: 6
MAX 90 OR ABOVE: 1 0.10 INCH OR MORE: 3
MIN 32 OR BELOW: 3 0.50 INCH OR MORE: 2
MIN 0 OR BELOW: 0 1.00 INCH OR MORE: 0
[HDD (BASE 65) ]
TOTAL THIS MO. 234 CLEAR (SCALE 0-3) 10
DPTR FM NORMAL -12 PTCLDY (SCALE 4-7) 18
TOTAL FM JUL 1 1767 CLOUDY (SCALE 8-10) 3
DPTR FM NORMAL -360
[CDD (BASE 65) ]
TOTAL THIS MO. 39
DPTR FM NORMAL 4 [PRESSURE DATA]
TOTAL FM JAN 1 45 HIGHEST SLP 30.50 ON 12
DPTR FM NORMAL 0 LOWEST SLP 29.41 ON 30
[REMARKS]
#FINAL-03-22#