000
CXUS55 KCYS 020130
CF6DGW
PRELIMINARY LOCAL CLIMATOLOGICAL DATA (WS FORM: F-6)
STATION: CONVERSE CO (DOUGLAS) WY ARPT
MONTH: MARCH
YEAR: 2022
LATITUDE: 42 46 N
LONGITUDE: 105 22 W
TEMPERATURE IN F: :PCPN: SNOW: WIND :SUNSHINE: SKY :PK WND
================================================================================
1 2 3 4 5 6A 6B 7 8 9 10 11 12 13 14 15 16 17 18
12Z AVG MX 2MIN
DY MAX MIN AVG DEP HDD CDD WTR SNW DPTH SPD SPD DIR MIN PSBL S-S WX SPD DR
================================================================================
1 64 32 48 17 17 0 0.00 M M 11.8 30 280 M M 0 41 280
2 66 27 47 16 18 0 0.00 M M 8.3 28 270 M M 0 8 36 270
3 68 27 48 16 17 0 0.00 M M 6.1 18 240 M M 0 8 24 230
4 53 28 41 9 24 0 T M M 7.6 24 40 M M 4 1 31 50
5 28 15 22 -10 43 0 0.00 M M 13.0 22 320 M M 10 1 31 340
6 21 0 11 -22 54 0 0.08 M M 9.5 18 350 M M 8 18 24 340
7 29 -6 12 -21 53 0 0.00 M M 4.3 16 260 M M 2 12 20 260
8 24 7 16 -18 49 0 0.02 M M 10.2 21 50 M M 7 26 50
9 12 -15 -1 -35 66 0 T M M 7.1 16 50 M M 8 8 22 40
10 18 -20 -1 -35 66 0 0.00 M M 6.3 23 300 M M 3 8 29 300
11 27 -6 11 -24 54 0 0.00 M M 6.7 18 280 M M 1 23 290
12 45 11 28 -7 37 0 0.00 M M 14.4 35 290 M M 2 44 290
13 52 30 41 5 24 0 0.00 M M 10.4 25 240 M M 1 34 250
14 53 29 41 5 24 0 0.00 M M 12.0 24 250 M M 1 32 240
15 62 29 46 10 19 0 0.00 M M 15.8 38 280 M M 0 48 270
16 52 32 42 5 23 0 T M M 7.9 20 10 M M 8 1 27 280
17 44 22 33 -4 32 0 T M M 8.1 16 290 M M 5 1 24 280
18 52 18 35 -3 30 0 0.00 M M 8.3 30 280 M M 0 39 270
19 57 21 39 1 26 0 0.00 M M 5.6 20 270 M M 0 31 280
20 61 31 46 8 19 0 T M M 10.7 35 10 M M 5 46 10
21 43 22 33 -6 32 0 T M M 13.6 25 320 M M 5 1 35 360
22 46 22 34 -5 31 0 T M M 17.1 40 360 M M 6 52 350
23 56 25 41 2 24 0 0.00 M M 12.4 25 340 M M 0 34 330
24 67 25 46 6 19 0 0.00 M M 13.5 26 290 M M 3 34 280
25 55 34 45 5 20 0 0.00 M M 7.2 18 140 M M 5 24 130
26 69 30 50 10 15 0 0.00 M M 8.1 17 80 M M 0 26 120
27 67 30 49 9 16 0 0.00 M M 11.0 20 120 M M 0 25 120
28 76 30 53 13 12 0 0.00 M M 10.8 31 260 M M 2 40 260
29 57 27 42 1 23 0 T M M 21.8 38 350 M M 10 1 56 350
30 48 21 35 -6 30 0 0.00 M M 15.4 30 320 M M 3 39 320
31 56 19 38 -3 27 0 0.00 M M 5.8 25 250 M M 3 1 39 240
================================================================================
SM 1528 597 944 0 0.10 M 320.8 M 102
================================================================================
AV 49.3 19.3 10.3 FASTST M M 3 MAX(MPH)
MISC ----> 40 360 56 350
================================================================================
NOTES:
# LAST OF SEVERAL OCCURRENCES
COLUMN 17 PEAK WIND IN M.P.H.
PRELIMINARY LOCAL CLIMATOLOGICAL DATA (WS FORM: F-6) , PAGE 2
STATION: CONVERSE CO (DOUGLAS) WY ARPT
MONTH: MARCH
YEAR: 2022
LATITUDE: 42 46 N
LONGITUDE: 105 22 W
[TEMPERATURE DATA] [PRECIPITATION DATA] SYMBOLS USED IN COLUMN 16
AVERAGE MONTHLY: 34.3 TOTAL FOR MONTH: 0.10 1 = FOG OR MIST
DPTR FM NORMAL: -2.2 DPTR FM NORMAL: -0.58 2 = FOG REDUCING VISIBILITY
HIGHEST: 76 ON 28 GRTST 24HR 0.08 ON 6- 6 TO 1/4 MILE OR LESS
LOWEST: -20 ON 10 3 = THUNDER
SNOW, ICE PELLETS, HAIL 4 = ICE PELLETS
TOTAL MONTH: M 5 = HAIL
GRTST 24HR M ON M 6 = FREEZING RAIN OR DRIZZLE
GRTST DEPTH: M ON M 7 = DUSTSTORM OR SANDSTORM:
VSBY 1/2 MILE OR LESS
8 = SMOKE OR HAZE
[NO. OF DAYS WITH] [WEATHER - DAYS WITH] 9 = BLOWING SNOW
X = TORNADO
MAX 32 OR BELOW: 7 0.01 INCH OR MORE: 2
MAX 90 OR ABOVE: 0 0.10 INCH OR MORE: 0
MIN 32 OR BELOW: 30 0.50 INCH OR MORE: 0
MIN 0 OR BELOW: 5 1.00 INCH OR MORE: 0
[HDD (BASE 65) ]
TOTAL THIS MO. 944 CLEAR (SCALE 0-3) 19
DPTR FM NORMAL 60 PTCLDY (SCALE 4-7) 10
TOTAL FM JUL 1 5610 CLOUDY (SCALE 8-10) 2
DPTR FM NORMAL -558
[CDD (BASE 65) ]
TOTAL THIS MO. 0
DPTR FM NORMAL 0 [PRESSURE DATA]
TOTAL FM JAN 1 0 HIGHEST SLP 30.50 ON 7
DPTR FM NORMAL 0 LOWEST SLP 29.39 ON 29
[REMARKS]
#FINAL-03-22#