000
CXUS55 KCYS 020250
CF6DGW
PRELIMINARY LOCAL CLIMATOLOGICAL DATA (WS FORM: F-6)
STATION: CONVERSE CO (DOUGLAS) WY ARPT
MONTH: APRIL
YEAR: 2021
LATITUDE: 42 46 N
LONGITUDE: 105 22 W
TEMPERATURE IN F: :PCPN: SNOW: WIND :SUNSHINE: SKY :PK WND
================================================================================
1 2 3 4 5 6A 6B 7 8 9 10 11 12 13 14 15 16 17 18
12Z AVG MX 2MIN
DY MAX MIN AVG DEP HDD CDD WTR SNW DPTH SPD SPD DIR MIN PSBL S-S WX SPD DR
================================================================================
1 66 20 43 3 22 0 0.00 M M 6.8 25 250 M M 0 41 290
2 71 33 52 12 13 0 0.00 M M 8.1 24 290 M M 0 30 290
3 75 27 51 11 14 0 0.00 M M 6.3 26 290 M M 0 33 270
4 78 29 54 13 11 0 0.00 M M 6.0 24 290 M M 0 31 320
5 70 31 51 10 14 0 0.00 M M 7.2 21 60 M M 1 27 90
6 45 31 38 -3 27 0 0.11 M M 10.8 20 330 M M 8 1 28 80
7 58 30 44 2 21 0 T M M 9.8 23 300 M M 7 1 31 290
8 67 24 46 4 19 0 T M M 14.8 35 350 M M 3 49 350
9 47 26 37 -5 28 0 T M M 9.7 28 260 M M 6 18 36 330
10 66 20 43 1 22 0 0.00 M M 10.6 30 260 M M 0 41 340
11 47 28 38 -4 27 0 T M M 16.2 31 340 M M 6 41 280
12 42 24 33 -10 32 0 T M M 12.9 24 340 M M 8 33 280
13 41 22 32 -11 33 0 0.00 M M 10.5 23 340 M M 6 30 350
14 39 22 31 -12 34 0 T M M 8.1 18 150 M M 9 1 24 150
15 31 25 28 -15 37 0 0.18 M M 12.8 22 110 M M 10 1 30 110
16 36 25 31 -13 34 0 0.10 M M 10.7 18 350 M M 10 18 22 360
17 50 25 38 -6 27 0 T M M 10.5 21 330 M M 6 1 27 320
18 60 28 44 0 21 0 0.00 M M 10.9 29 310 M M 4 39 310
19 34 12 23 -21 42 0 0.03 M M 10.4 20 10 M M 8 1 25 10
20 35 11 23 -22 42 0 T M M 12.1 22 350 M M 7 29 290
21 44 18 31 -14 34 0 0.00 M M 8.7 21 150 M M 3 30 160
22 60 24 42 -3 23 0 0.00 M M 10.5 32 280 M M 2 18 44 300
23 42 26 34 -12 31 0 0.00 M M 9.1 16 70 M M 7 21 60
24 63 23 43 -3 22 0 0.00 M M 9.5 24 270 M M 5 35 270
25 69 29 49 3 16 0 0.00 M M 6.9 26 270 M M 3 39 280
26 69 34 52 6 13 0 0.00 M M 10.6 32 260 M M 1 44 260
27 54 34 44 -3 21 0 T M M 6.5 15 20 M M 9 12 21 20
28 66 29 48 1 17 0 0.00 M M 7.0 21 300 M M 4 12 28 300
29 73 31 52 5 13 0 0.00 M M 7.3 20 330 M M 0 27 320
30 83 34 59 11 6 0 0.00 M M 5.3 22 280 M M 0 40 270
================================================================================
SM 1681 775 716 0 0.42 M 286.6 M 133
================================================================================
AV 56.0 25.8 9.6 FASTST M M 4 MAX(MPH)
MISC ----> 35 350 49 350
================================================================================
NOTES:
# LAST OF SEVERAL OCCURRENCES
COLUMN 17 PEAK WIND IN M.P.H.
PRELIMINARY LOCAL CLIMATOLOGICAL DATA (WS FORM: F-6) , PAGE 2
STATION: CONVERSE CO (DOUGLAS) WY ARPT
MONTH: APRIL
YEAR: 2021
LATITUDE: 42 46 N
LONGITUDE: 105 22 W
[TEMPERATURE DATA] [PRECIPITATION DATA] SYMBOLS USED IN COLUMN 16
AVERAGE MONTHLY: 40.9 TOTAL FOR MONTH: 0.42 1 = FOG OR MIST
DPTR FM NORMAL: -2.8 DPTR FM NORMAL: -1.09 2 = FOG REDUCING VISIBILITY
HIGHEST: 83 ON 30 GRTST 24HR 0.28 ON 15-16 TO 1/4 MILE OR LESS
LOWEST: 11 ON 20 3 = THUNDER
SNOW, ICE PELLETS, HAIL 4 = ICE PELLETS
TOTAL MONTH: M 5 = HAIL
GRTST 24HR M ON M 6 = FREEZING RAIN OR DRIZZLE
GRTST DEPTH: M ON M 7 = DUSTSTORM OR SANDSTORM:
VSBY 1/2 MILE OR LESS
8 = SMOKE OR HAZE
[NO. OF DAYS WITH] [WEATHER - DAYS WITH] 9 = BLOWING SNOW
X = TORNADO
MAX 32 OR BELOW: 1 0.01 INCH OR MORE: 4
MAX 90 OR ABOVE: 0 0.10 INCH OR MORE: 3
MIN 32 OR BELOW: 26 0.50 INCH OR MORE: 0
MIN 0 OR BELOW: 0 1.00 INCH OR MORE: 0
[HDD (BASE 65) ]
TOTAL THIS MO. 716 CLEAR (SCALE 0-3) 12
DPTR FM NORMAL 77 PTCLDY (SCALE 4-7) 13
TOTAL FM JUL 1 7195 CLOUDY (SCALE 8-10) 5
DPTR FM NORMAL 238
[CDD (BASE 65) ]
TOTAL THIS MO. 0
DPTR FM NORMAL 0 [PRESSURE DATA]
TOTAL FM JAN 1 0 HIGHEST SLP 30.43 ON 20
DPTR FM NORMAL 0 LOWEST SLP 29.41 ON 26
[REMARKS]
#FINAL-04-21#