000
CXUS52 KTAE 010900
CF6DHN
PRELIMINARY LOCAL CLIMATOLOGICAL DATA (WS FORM: F-6)
STATION: DOTHAN
MONTH: NOVEMBER
YEAR: 2021
LATITUDE: 31 19 N
LONGITUDE: 85 27 W
TEMPERATURE IN F: :PCPN: SNOW: WIND :SUNSHINE: SKY :PK WND
================================================================================
1 2 3 4 5 6A 6B 7 8 9 10 11 12 13 14 15 16 17 18
12Z AVG MX 2MIN
DY MAX MIN AVG DEP HDD CDD WTR SNW DPTH SPD SPD DIR MIN PSBL S-S WX SPD DR
================================================================================
1 72 49 61 -2 4 0 0.00 0.0 0 3.2 10 330 M M 0 13 350
2 77 48 63 0 2 0 0.00 0.0 M 4.1 12 10 M M 0 15 10
3 74 49 62 0 3 0 0.00 0.0 M 5.5 12 30 M M 0 16 40
4 69 53 61 -1 4 0 0.00 0.0 0 8.1 14 60 M M 5 20 10
5 55 47 51 -11 14 0 0.00 0.0 0 10.7 20 50 M M 5 26 50
6 65 41 53 -8 12 0 0.00 0.0 0 9.3 17 20 M M 0 24 50
7 71 40 56 -5 9 0 0.00 0.0 0 7.0 15 40 M M 0 20 330
8 76 42 59 -2 6 0 0.00 0.0 0 3.2 9 350 M M 0 11 110
9 77 41 59 -1 6 0 0.00 M M 1.4 8 150 M M 0 10 130
10 76 46 61 1 4 0 0.00 M M 2.8 9 160 M M 0 13 210
11 71 53 62 2 3 0 0.53 M M 5.2 14 220 M M 7 12 17 230
12 73 51 62 2 3 0 0.00 0.0 M 3.8 13 340 M M 2 1 16 330
13 63 42 53 -6 12 0 0.00 0.0 M 9.0 18 310 M M 0 22 330
14 62 35 49 -10 16 0 0.00 0.0 0 6.3 14 310 M M 0 17 320
15 69 42 56 -3 9 0 0.00 0.0 0 2.9 8 280 M M 0 13 60
16 74 43 59 1 6 0 0.00 0.0 0 2.4 8 190 M M 0 10 140
17 77 44 61 3 4 0 0.00 0.0 0 3.9 12 200 M M 0 1 16 200
18 80 51 66 8 0 1 0.00 0.0 0 4.8 17 350 M M 2 21 350
19 69 46 58 0 7 0 0.00 0.0 0 9.2 18 350 M M 0 22 360
20 69 44 57 -1 8 0 0.00 0.0 0 8.8 14 60 M M 0 18 70
21 73 50 62 5 3 0 0.00 M M 3.8 13 70 M M 3 16 80
22 69 48 59 2 6 0 0.05 M M 9.0 22 320 M M 4 1 25 330
23 60 35 48 -9 17 0 0.00 0.0 0 6.8 15 20 M M 0 19 360
24 64 33 49 -8 16 0 0.00 0.0 0 5.4 17 80 M M 0 22 80
25 72 39 56 0 9 0 0.00 0.0 0 6.0 12 210 M M 1 15 140
26 63 40 52 -4 13 0 0.01 0.0 0 10.7 21 330 M M 4 1 25 320
27 66 36 51 -5 14 0 0.00 0.0 0 4.1 10 10 M M 0 14 360
28 56 47 52 -4 13 0 0.01 0.0 0 6.2 14 290 M M 7 17 290
29 62 38 50 -6 15 0 0.00 0.0 0 7.4 17 310 M M 0 21 320
30 68 33 51 -5 14 0 0.00 M M 1.8 8 320 M M 0 11 320
================================================================================
SM 2072 1306 252 1 0.60 0.0 172.8 M 40
================================================================================
AV 69.1 43.5 5.8 FASTST M M 1 MAX(MPH)
MISC ----> 22 320 26 50
================================================================================
NOTES:
# LAST OF SEVERAL OCCURRENCES
COLUMN 17 PEAK WIND IN M.P.H.
PRELIMINARY LOCAL CLIMATOLOGICAL DATA (WS FORM: F-6) , PAGE 2
STATION: DOTHAN
MONTH: NOVEMBER
YEAR: 2021
LATITUDE: 31 19 N
LONGITUDE: 85 27 W
[TEMPERATURE DATA] [PRECIPITATION DATA] SYMBOLS USED IN COLUMN 16
AVERAGE MONTHLY: 56.3 TOTAL FOR MONTH: 0.60 1 = FOG OR MIST
DPTR FM NORMAL: -2.6 DPTR FM NORMAL: -3.31 2 = FOG REDUCING VISIBILITY
HIGHEST: 80 ON 18 GRTST 24HR 0.53 ON 11-11 TO 1/4 MILE OR LESS
LOWEST: 33 ON 30,24 3 = THUNDER
SNOW, ICE PELLETS, HAIL 4 = ICE PELLETS
TOTAL MONTH: 0.0 INCH 5 = HAIL
GRTST 24HR 0.0 6 = FREEZING RAIN OR DRIZZLE
GRTST DEPTH: 0 7 = DUSTSTORM OR SANDSTORM:
VSBY 1/2 MILE OR LESS
8 = SMOKE OR HAZE
[NO. OF DAYS WITH] [WEATHER - DAYS WITH] 9 = BLOWING SNOW
X = TORNADO
MAX 32 OR BELOW: 0 0.01 INCH OR MORE: 4
MAX 90 OR ABOVE: 0 0.10 INCH OR MORE: 1
MIN 32 OR BELOW: 0 0.50 INCH OR MORE: 1
MIN 0 OR BELOW: 0 1.00 INCH OR MORE: 0
[HDD (BASE 65) ]
TOTAL THIS MO. 252 CLEAR (SCALE 0-3) 23
DPTR FM NORMAL 35 PTCLDY (SCALE 4-7) 7
TOTAL FM JUL 1 277 CLOUDY (SCALE 8-10) 0
DPTR FM NORMAL 12
[CDD (BASE 65) ]
TOTAL THIS MO. 1
DPTR FM NORMAL -33 [PRESSURE DATA]
TOTAL FM JAN 1 2493 HIGHEST SLP 30.41 ON 24
DPTR FM NORMAL -178 LOWEST SLP 29.98 ON 11
[REMARKS]
#FINAL-11-21#