000
CXUS53 KBIS 010830
CF6DIK
PRELIMINARY LOCAL CLIMATOLOGICAL DATA (WS FORM: F-6)
STATION: DICKINSON ND
MONTH: AUGUST
YEAR: 2021
LATITUDE: 46 47 N
LONGITUDE: 102 48 W
TEMPERATURE IN F: :PCPN: SNOW: WIND :SUNSHINE: SKY :PK WND
================================================================================
1 2 3 4 5 6A 6B 7 8 9 10 11 12 13 14 15 16 17 18
12Z AVG MX 2MIN
DY MAX MIN AVG DEP HDD CDD WTR SNW DPTH SPD SPD DIR MIN PSBL S-S WX SPD DR
================================================================================
1 90 51 71 0 0 6 0.00 M M 4.7 15 10 M M 0 20 20
2 91 54 73 2 0 8 0.00 M M 5.4 12 30 M M 0 8 17 110
3 92 57 75 4 0 10 0.00 M M 9.2 18 150 M M 2 18 26 150
4 93 63 78 7 0 13 0.02 M M 9.0 26 310 M M 3 18 37 310
5 83 57 70 -1 0 5 T M M 6.9 15 60 M M 1 8 19 70
6 80 58 69 -2 0 4 T M M 11.5 20 140 M M 3 18 24 150
7 82 61 72 2 0 7 0.19 M M 6.7 18 330 M M 4 138 24 320
8 100 59 80 10 0 15 T M M 8.4 23 140 M M 0 8 32 150
9 81 57 69 -1 0 4 T M M 15.3 29 270 M M 0 3 41 280
10 89 53 71 1 0 6 T M M 16.0 36 280 M M 2 48 260
11 91 48 70 0 0 5 T M M 12.9 25 310 M M 3 35 290
12 79 52 66 -4 0 1 0.00 M M 12.1 28 290 M M 0 8 40 300
13 87 46 67 -3 0 2 0.00 M M 7.0 20 290 M M 0 8 25 300
14 97 56 77 8 0 12 0.00 M M 6.7 15 190 M M 0 19 190
15 101 62 82 13 0 17 0.00 M M 4.8 13 330 M M 0 8 20 320
16 103 62 83 14 0 18 T M M 9.7 37 290 M M 8 8 59 290
17 102 65 84 15 0 19 0.00 M M 10.6 29 160 M M 0 8 42 160
18 86 56 71 3 0 6 0.00 M M 11.4 26 160 M M 0 8 38 170
19 78 53 66 -2 0 1 0.19 M M 7.8 22 300 M M 6 138 31 290
20 61 50 56 -12 9 0 0.77 M M 13.5 26 310 M M 10 1 39 310
21 75 46 61 -7 4 0 0.00 M M 10.0 16 120 M M 1 22 120
22 76 54 65 -2 0 0 0.02 M M 19.1 37 270 M M 3 48 250
23 88 47 68 1 0 3 0.00 M M 10.7 23 120 M M 0 34 150
24 76 50 63 -4 2 0 0.00 M M 11.9 25 310 M M 2 34 320
25 72 43 58 -8 7 0 0.08 M M 7.5 17 80 M M 1 3 24 80
26 67 55 61 -5 4 0 0.16 M M 11.9 30 110 M M 10 13 40 110
27 79 55 67 1 0 2 0.05 M M 6.7 25 60 M M 6 1 31 70
28 72 51 62 -3 3 0 0.07 M M 11.1 23 270 M M 4 1 29 270
29 80 50 65 0 0 0 0.00 M M 8.3 16 230 M M 0 19 230
30 87 54 71 6 0 6 0.02 M M 11.0 25 120 M M 1 3 33 120
31 82 54 68 4 0 3 0.00 M M 17.6 29 150 M M 0 1 39 160
================================================================================
SM 2620 1679 29 173 1.57 M 315.4 M 70
================================================================================
AV 84.5 54.2 10.2 FASTST M M 2 MAX(MPH)
MISC ----> # 37 290 59 290
================================================================================
NOTES:
# LAST OF SEVERAL OCCURRENCES
COLUMN 17 PEAK WIND IN M.P.H.
PRELIMINARY LOCAL CLIMATOLOGICAL DATA (WS FORM: F-6) , PAGE 2
STATION: DICKINSON ND
MONTH: AUGUST
YEAR: 2021
LATITUDE: 46 47 N
LONGITUDE: 102 48 W
[TEMPERATURE DATA] [PRECIPITATION DATA] SYMBOLS USED IN COLUMN 16
AVERAGE MONTHLY: 69.3 TOTAL FOR MONTH: 1.57 1 = FOG OR MIST
DPTR FM NORMAL: 0.8 DPTR FM NORMAL: 0.04 2 = FOG REDUCING VISIBILITY
HIGHEST: 103 ON 16 GRTST 24HR 0.91 ON 19-20 TO 1/4 MILE OR LESS
LOWEST: 43 ON 25 3 = THUNDER
SNOW, ICE PELLETS, HAIL 4 = ICE PELLETS
TOTAL MONTH: M 5 = HAIL
GRTST 24HR M ON M 6 = FREEZING RAIN OR DRIZZLE
GRTST DEPTH: M ON M 7 = DUSTSTORM OR SANDSTORM:
VSBY 1/2 MILE OR LESS
8 = SMOKE OR HAZE
[NO. OF DAYS WITH] [WEATHER - DAYS WITH] 9 = BLOWING SNOW
X = TORNADO
MAX 32 OR BELOW: 0 0.01 INCH OR MORE: 10
MAX 90 OR ABOVE: 10 0.10 INCH OR MORE: 4
MIN 32 OR BELOW: 0 0.50 INCH OR MORE: 1
MIN 0 OR BELOW: 0 1.00 INCH OR MORE: 0
[HDD (BASE 65) ]
TOTAL THIS MO. 29 CLEAR (SCALE 0-3) 23
DPTR FM NORMAL -18 PTCLDY (SCALE 4-7) 6
TOTAL FM JUL 1 32 CLOUDY (SCALE 8-10) 2
DPTR FM NORMAL -46
[CDD (BASE 65) ]
TOTAL THIS MO. 173
DPTR FM NORMAL 19 [PRESSURE DATA]
TOTAL FM JAN 1 613 HIGHEST SLP M ON M
DPTR FM NORMAL 235 LOWEST SLP 29.48 ON 17
[REMARKS]
#FINAL-08-21#