000
CXUS53 KDLH 010920
CF6DLH
PRELIMINARY LOCAL CLIMATOLOGICAL DATA (WS FORM: F-6)
STATION: DULUTH
MONTH: FEBRUARY
YEAR: 2022
LATITUDE: 46 49 N
LONGITUDE: 92 11 W
TEMPERATURE IN F: :PCPN: SNOW: WIND :SUNSHINE: SKY :PK WND
================================================================================
1 2 3 4 5 6A 6B 7 8 9 10 11 12 13 14 15 16 17 18
12Z AVG MX 2MIN
DY MAX MIN AVG DEP HDD CDD WTR SNW DPTH SPD SPD DIR MIN PSBL S-S WX SPD DR
================================================================================
1 26 -1 13 1 52 0 T T 12 18.7 36 270 M M 5 189 46 280
2 1 -11 -5 -17 70 0 0.00 0.0 11 11.8 20 310 M M 0 27 300
3 1 -21 -10 -22 75 0 0.00 0.0 11 4.6 10 130 M M 2 16 320
4 9 -14 -2 -14 67 0 T 0.2 11 4.4 13 350 M M 5 8 19 10
5 14 -11 2 -10 63 0 0.30 2.9 13 7.5 18 130 M M 9 128 24 120
6 14 10 12 0 53 0 0.02 0.4 14 8.8 17 300 M M 10 18 25 310
7 17 -4 7 -6 58 0 T T 14 6.4 14 200 M M 7 17 210
8 35 9 22 9 43 0 T 0.1 14 9.2 18 270 M M 3 1 24 280
9 33 14 24 11 41 0 0.02 0.6 18 16.7 26 330 M M 10 9 40 310
10 29 8 19 5 46 0 0.24 2.9 17 11.8 20 150 M M 10 128 28 330
11 29 -7 11 -3 54 0 T T 16 17.8 32 340 M M 9 19 45 330
12 2 -22 -10 -24 75 0 0.00 0.0 15 5.3 18 350 M M 4 27 350
13 6 -19 -6 -21 71 0 0.06 0.6 16 8.2 17 200 M M 3 18 21 200
14 13 -20 -3 -18 68 0 T T 15 5.9 13 300 M M 1 1 20 290
15 21 -10 6 -9 59 0 T T 15 9.5 22 100 M M 7 8 30 90
16 22 4 13 -3 52 0 T T 15 12.0 23 300 M M 6 8 32 290
17 4 -18 -7 -23 72 0 0.00 0.0 15 7.9 18 330 M M 0 29 320
18 19 -17 1 -15 64 0 0.05 0.7 15 16.8 37 290 M M 8 89 52 300
19 19 -12 4 -13 61 0 T T 14 16.3 29 210 M M 4 89 47 210
20 32 9 21 4 44 0 T T 14 15.2 28 220 M M 7 8 44 230
21 9 0 5 -13 60 0 0.53 6.3 20 16.9 26 60 M M 10 9 36 60
22 3 -2 1 -17 64 0 0.29 4.1 22 14.3 20 340 M M 10 9 30 20
23 10 -7 2 -16 63 0 T T 22 8.4 17 340 M M 2 89 27 340
24 12 -13 0 -19 65 0 0.00 0.0 20 5.0 10 10 M M 2 13 10
25 15 -16 0 -19 65 0 0.00 0.0 20 9.4 18 250 M M 0 24 240
26 31 -1 15 -5 50 0 0.00 0.0 19 17.4 32 260 M M 1 42 280
27 27 9 18 -2 47 0 0.00 0.0 18 6.2 15 310 M M 6 20 310
28 26 17 22 2 43 0 0.01 T 18 10.3 16 100 M M 10 M M
================================================================================
SM 479 -146 1645 0 1.52 18.8 302.7 M 151
================================================================================
AV 17.1 -5.2 10.8 FASTST M M 5 MAX(MPH)
MISC ----> 37 290 52 300
================================================================================
NOTES:
# LAST OF SEVERAL OCCURRENCES
COLUMN 17 PEAK WIND IN M.P.H.
PRELIMINARY LOCAL CLIMATOLOGICAL DATA (WS FORM: F-6) , PAGE 2
STATION: DULUTH
MONTH: FEBRUARY
YEAR: 2022
LATITUDE: 46 49 N
LONGITUDE: 92 11 W
[TEMPERATURE DATA] [PRECIPITATION DATA] SYMBOLS USED IN COLUMN 16
AVERAGE MONTHLY: 5.9 TOTAL FOR MONTH: 1.52 1 = FOG OR MIST
DPTR FM NORMAL: -9.5 DPTR FM NORMAL: 0.51 2 = FOG REDUCING VISIBILITY
HIGHEST: 35 ON 8 GRTST 24HR 0.53 ON 21-21 TO 1/4 MILE OR LESS
LOWEST: -22 ON 12 3 = THUNDER
SNOW, ICE PELLETS, HAIL 4 = ICE PELLETS
TOTAL MONTH: 18.8 INCHES 5 = HAIL
GRTST 24HR 6.3 ON 21-21 6 = FREEZING RAIN OR DRIZZLE
GRTST DEPTH: 22 ON 23,22 7 = DUSTSTORM OR SANDSTORM:
VSBY 1/2 MILE OR LESS
8 = SMOKE OR HAZE
[NO. OF DAYS WITH] [WEATHER - DAYS WITH] 9 = BLOWING SNOW
X = TORNADO
MAX 32 OR BELOW: 26 0.01 INCH OR MORE: 9
MAX 90 OR ABOVE: 0 0.10 INCH OR MORE: 4
MIN 32 OR BELOW: 28 0.50 INCH OR MORE: 1
MIN 0 OR BELOW: 20 1.00 INCH OR MORE: 0
[HDD (BASE 65) ]
TOTAL THIS MO. 1645 CLEAR (SCALE 0-3) 9
DPTR FM NORMAL 256 PTCLDY (SCALE 4-7) 11
TOTAL FM JUL 1 6588 CLOUDY (SCALE 8-10) 8
DPTR FM NORMAL -22
[CDD (BASE 65) ]
TOTAL THIS MO. 0
DPTR FM NORMAL 0 [PRESSURE DATA]
TOTAL FM JAN 1 0 HIGHEST SLP M ON M
DPTR FM NORMAL 0 LOWEST SLP 29.17 ON 10
[REMARKS]
#FINAL-02-22#