000
CXUS55 KCAE 011400
CF6DNL
PRELIMINARY LOCAL CLIMATOLOGICAL DATA (WS FORM: F-6)
STATION: AUGUSTA DANIEL FIELD GA
MONTH: APRIL
YEAR: 2020
LATITUDE: 33 28 N
LONGITUDE: 82 2 W
TEMPERATURE IN F: :PCPN: SNOW: WIND :SUNSHINE: SKY :PK WND
================================================================================
1 2 3 4 5 6A 6B 7 8 9 10 11 12 13 14 15 16 17 18
12Z AVG MX 2MIN
DY MAX MIN AVG DEP HDD CDD WTR SNW DPTH SPD SPD DIR MIN PSBL S-S WX SPD DR
================================================================================
1 66 48 57 -4 8 0 T M M 6.7 14 320 M M 5 1 20 320
2 69 44 57 -4 8 0 0.00 M M 5.1 13 340 M M 0 21 340
3 79 49 64 2 1 0 0.00 M M 2.7 12 310 M M 0 16 320
4 78 56 67 5 0 2 0.00 M M 4.2 13 60 M M 1 14 70
5 82 58 70 8 0 5 0.00 M M 5.7 14 160 M M 1 8 21 200
6 85 59 72 10 0 7 0.00 M M 4.9 14 220 M M 0 19 210
7 85 66 76 14 0 11 T M M 5.9 15 250 M M 1 28 250
8 84 64 74 12 0 9 0.00 M M 4.6 15 270 M M 4 22 270
9 86 69 78 15 0 13 T M M 8.7 18 290 M M 2 34 270
10 70 54 62 -1 3 0 0.00 M M 9.8 20 340 M M 0 30 310
11 75 45 60 -3 5 0 0.00 M M 6.6 13 170 M M 0 17 160
12 76 55 66 3 0 1 0.14 M M 10.2 20 160 M M 7 13 32 150
13 82 65 74 10 0 9 0.27 M M 9.5 32 200 M M 4 13 46 180
14 83 57 70 6 0 5 0.00 M M 5.8 16 200 M M 1 22 330
15 69 53 61 -3 4 0 0.00 M M 8.1 17 20 M M 4 22 10
16 72 50 61 -3 4 0 0.00 M M 4.2 12 310 M M 1 15 320
17 77 49 63 -1 2 0 0.00 M M 6.2 18 170 M M 0 29 160
18 80 62 71 6 0 6 T M M 8.6 20 310 M M 2 29 300
19 62 51 57 -8 8 0 1.07 M M 3.8 12 110 M M 5 13 M M
20 74 58 66 1 0 1 0.76 M M 5.9 21 320 M M 6 12 27 350
21 80 54 67 1 0 2 0.00 M M 6.1 15 290 M M 1 30 310
22 76 54 65 -1 0 0 0.00 M M 5.9 13 140 M M 0 18 130
23 66 58 62 -4 3 0 0.85 M M 10.7 30 160 M M 8 1 42 160
24 79 65 72 6 0 7 0.00 M M 7.4 17 200 M M 6 24 200
25 84 58 71 4 0 6 0.00 M M 6.5 17 190 M M 1 22 190
26 76 55 66 -1 0 1 0.00 M M 10.4 22 300 M M 1 30 280
27 77 50 64 -3 1 0 0.00 M M 6.0 15 320 M M 0 21 280
28 82 53 68 0 0 3 0.00 M M 3.7 13 180 M M 0 18 180
29 84 59 72 4 0 7 0.57 M M 11.2 24 180 M M 3 1 34 200
30 71 57 64 -4 1 0 0.72 M M 7.8 23 330 M M 6 1 34 350
================================================================================
SM 2309 1675 48 95 4.38 M 202.9 M 70
================================================================================
AV 77.0 55.8 6.8 FASTST M M 2 MAX(MPH)
MISC ----> # 32 200 # 46 180
================================================================================
NOTES:
# LAST OF SEVERAL OCCURRENCES
COLUMN 17 PEAK WIND IN M.P.H.
PRELIMINARY LOCAL CLIMATOLOGICAL DATA (WS FORM: F-6) , PAGE 2
STATION: AUGUSTA DANIEL FIELD GA
MONTH: APRIL
YEAR: 2020
LATITUDE: 33 28 N
LONGITUDE: 82 2 W
[TEMPERATURE DATA] [PRECIPITATION DATA] SYMBOLS USED IN COLUMN 16
AVERAGE MONTHLY: 66.4 TOTAL FOR MONTH: 4.38 1 = FOG OR MIST
DPTR FM NORMAL: 2.1 DPTR FM NORMAL: 1.43 2 = FOG REDUCING VISIBILITY
HIGHEST: 86 ON 9 GRTST 24HR 1.07 ON 19-19 TO 1/4 MILE OR LESS
LOWEST: 44 ON 2 3 = THUNDER
SNOW, ICE PELLETS, HAIL 4 = ICE PELLETS
TOTAL MONTH: M 5 = HAIL
GRTST 24HR M ON M 6 = FREEZING RAIN OR DRIZZLE
GRTST DEPTH: M ON M 7 = DUSTSTORM OR SANDSTORM:
VSBY 1/2 MILE OR LESS
8 = SMOKE OR HAZE
[NO. OF DAYS WITH] [WEATHER - DAYS WITH] 9 = BLOWING SNOW
X = TORNADO
MAX 32 OR BELOW: 0 0.01 INCH OR MORE: 7
MAX 90 OR ABOVE: 0 0.10 INCH OR MORE: 7
MIN 32 OR BELOW: 0 0.50 INCH OR MORE: 5
MIN 0 OR BELOW: 0 1.00 INCH OR MORE: 1
[HDD (BASE 65) ]
TOTAL THIS MO. 48 CLEAR (SCALE 0-3) 19
DPTR FM NORMAL -48 PTCLDY (SCALE 4-7) 11
TOTAL FM JUL 1 1520 CLOUDY (SCALE 8-10) 0
DPTR FM NORMAL -639
[CDD (BASE 65) ]
TOTAL THIS MO. 95
DPTR FM NORMAL 20 [PRESSURE DATA]
TOTAL FM JAN 1 239 HIGHEST SLP 30.30 ON 17
DPTR FM NORMAL 138 LOWEST SLP 29.50 ON 20
[REMARKS]
#FINAL-04-20#