000
CXUS55 KVEF 020144
CF6DRA
PRELIMINARY LOCAL CLIMATOLOGICAL DATA (WS FORM: F-6)
STATION: DESERT ROCK-MERCURY NV
MONTH: DECEMBER
YEAR: 2022
LATITUDE: 36 37 N
LONGITUDE: 116 1 W
TEMPERATURE IN F: :PCPN: SNOW: WIND :SUNSHINE: SKY :PK WND
================================================================================
1 2 3 4 5 6A 6B 7 8 9 10 11 12 13 14 15 16 17 18
12Z AVG MX 2MIN
DY MAX MIN AVG DEP HDD CDD WTR SNW DPTH SPD SPD DIR MIN PSBL S-S WX SPD DR
================================================================================
1 60 29 45 -1 20 0 0.00 0.0 0 13.8 36 190 M M 0 58 190
2 56 43 50 5 15 0 0.00 0.0 0 9.1 36 200 M M 3 52 200
3 60 41 51 6 14 0 0.00 0.0 0 5.7 12 130 M M 5 M M
4 67 38 53 8 12 0 0.00 0.0 0 9.5 27 190 M M 1 45 190
5 58 36 47 2 18 0 0.00 0.0 0 6.8 17 220 M M 1 31 230
6 56 33 45 1 20 0 0.00 0.0 0 2.5 10 210 M M 3 M M
7 52 30 41 -3 24 0 0.00 0.0 0 4.3 10 220 M M 2 M M
8 53 25 39 -5 26 0 0.00 0.0 0 2.4 7 100 M M 0 M M
9 53 26 40 -4 25 0 0.00 0.0 0 3.7 9 80 M M 0 M M
10 57 31 44 0 21 0 0.00 0.0 0 10.5 24 200 M M 1 41 200
11 54 34 44 0 21 0 0.08 0.0 0 19.4 29 210 M M 7 52 190
12 44 24 34 -9 31 0 0.00 0.0 0 5.2 13 210 M M 1 M M
13 49 27 38 -5 27 0 0.00 0.0 0 5.1 14 50 M M 2 17 310
14 49 24 37 -6 28 0 0.00 0.0 0 5.9 16 30 M M 0 25 30
15 52 23 38 -5 27 0 0.00 0.0 0 8.7 16 30 M M 0 M M
16 47 27 37 -6 28 0 0.00 0.0 0 11.8 17 30 M M 0 25 30
17 49 26 38 -5 27 0 0.00 0.0 0 6.0 10 40 M M 0 M M
18 49 20 35 -8 30 0 0.00 0.0 0 2.8 10 210 M M 0 M M
19 53 19 36 -7 29 0 0.00 0.0 0 3.6 8 70 M M 0 M M
20 56 31 44 1 21 0 0.00 0.0 0 3.2 9 210 M M 0 M M
21 59 29 44 1 21 0 0.00 0.0 0 4.7 10 230 M M 0 M M
22 59 29 44 1 21 0 0.00 0.0 0 2.9 9 220 M M 0 M M
23 62 36 49 6 16 0 0.00 0.0 0 3.5 9 60 M M 0 M M
24 68 34 51 8 14 0 0.00 0.0 0 5.7 15 20 M M 0 M M
25 71 37 54 11 11 0 0.00 0.0 0 6.2 14 40 M M 0 M M
26 65 40 53 10 12 0 0.00 0.0 0 5.0 13 120 M M 0 M M
27 65 43 54 11 11 0 0.00 0.0 0 17.4 31 200 M M 3 46 200
28 59 36 48 5 17 0 0.00 0.0 0 7.9 16 300 M M 1 20 290
29 54 32 43 0 22 0 0.00 0.0 0 5.9 14 210 M M 2 22 210
30 51 31 41 -3 24 0 0.00 0.0 0 6.0 15 110 M M 7 22 110
31 60 43 52 8 13 0 0.07 0.0 0 13.8 28 190 M M 7 52 170
================================================================================
SM 1747 977 646 0 0.15 0.0 219.0 M 46
================================================================================
AV 56.4 31.5 7.1 FASTST M M 1 MAX(MPH)
MISC ----> # 36 190 58 190
================================================================================
NOTES:
# LAST OF SEVERAL OCCURRENCES
COLUMN 17 PEAK WIND IN M.P.H.
PRELIMINARY LOCAL CLIMATOLOGICAL DATA (WS FORM: F-6) , PAGE 2
STATION: DESERT ROCK-MERCURY NV
MONTH: DECEMBER
YEAR: 2022
LATITUDE: 36 37 N
LONGITUDE: 116 1 W
[TEMPERATURE DATA] [PRECIPITATION DATA] SYMBOLS USED IN COLUMN 16
AVERAGE MONTHLY: 43.9 TOTAL FOR MONTH: 0.15 1 = FOG OR MIST
DPTR FM NORMAL: 0.3 DPTR FM NORMAL: -0.48 2 = FOG REDUCING VISIBILITY
HIGHEST: 71 ON 25 GRTST 24HR 0.08 ON 11-11 TO 1/4 MILE OR LESS
LOWEST: 19 ON 19 3 = THUNDER
SNOW, ICE PELLETS, HAIL 4 = ICE PELLETS
TOTAL MONTH: 0.0 INCH 5 = HAIL
GRTST 24HR 0.0 6 = FREEZING RAIN OR DRIZZLE
GRTST DEPTH: 0 7 = DUSTSTORM OR SANDSTORM:
VSBY 1/2 MILE OR LESS
8 = SMOKE OR HAZE
[NO. OF DAYS WITH] [WEATHER - DAYS WITH] 9 = BLOWING SNOW
X = TORNADO
MAX 32 OR BELOW: 0 0.01 INCH OR MORE: 2
MAX 90 OR ABOVE: 0 0.10 INCH OR MORE: 0
MIN 32 OR BELOW: 18 0.50 INCH OR MORE: 0
MIN 0 OR BELOW: 0 1.00 INCH OR MORE: 0
[HDD (BASE 65) ]
TOTAL THIS MO. 646 CLEAR (SCALE 0-3) 26
DPTR FM NORMAL -17 PTCLDY (SCALE 4-7) 5
TOTAL FM JUL 1 1247 CLOUDY (SCALE 8-10) 0
DPTR FM NORMAL 67
[CDD (BASE 65) ]
TOTAL THIS MO. 0
DPTR FM NORMAL 0 [PRESSURE DATA]
TOTAL FM JAN 1 2704 HIGHEST SLP M ON M
DPTR FM NORMAL 372 LOWEST SLP M ON M
[REMARKS]
#FINAL-12-22#