000
CXUS55 KVEF 012134
CF6DRA
PRELIMINARY LOCAL CLIMATOLOGICAL DATA (WS FORM: F-6)
STATION: DESERT ROCK-MERCURY NV
MONTH: MAY
YEAR: 2022
LATITUDE: 36 37 N
LONGITUDE: 116 1 W
TEMPERATURE IN F: :PCPN: SNOW: WIND :SUNSHINE: SKY :PK WND
================================================================================
1 2 3 4 5 6A 6B 7 8 9 10 11 12 13 14 15 16 17 18
12Z AVG MX 2MIN
DY MAX MIN AVG DEP HDD CDD WTR SNW DPTH SPD SPD DIR MIN PSBL S-S WX SPD DR
================================================================================
1 78 57 68 4 0 3 0.00 0.0 0 14.3 23 340 M M 0 38 310
2 81 51 66 1 0 1 0.00 0.0 0 15.3 27 200 M M 0 43 200
3 77 53 65 0 0 0 0.00 0.0 0 15.2 37 20 M M 0 53 20
4 81 50 66 1 0 1 0.00 0.0 0 9.7 30 30 M M 0 41 30
5 88 49 69 3 0 4 0.00 0.0 0 10.1 23 180 M M 0 36 210
6 91 60 76 10 0 11 0.00 0.0 0 11.4 21 200 M M 0 37 210
7 88 66 77 11 0 12 0.00 0.0 0 14.0 22 200 M M 0 37 190
8 80 52 66 -1 0 1 0.00 0.0 0 17.5 32 220 M M 1 52 180
9 68 46 57 -10 8 0 0.00 0.0 0 18.3 29 210 M M 0 52 190
10 68 47 58 -9 7 0 0.00 0.0 0 16.2 24 190 M M 0 50 220
11 62 40 51 -17 14 0 T 0.0 0 12.5 25 300 M M 1 47 290
12 72 41 57 -11 8 0 0.00 0.0 0 7.3 13 20 M M 0 M M
13 85 44 65 -3 0 0 0.00 0.0 0 5.2 14 240 M M 0 21 240
14 93 49 71 2 0 6 0.00 0.0 0 5.2 10 230 M M 0 17 190
15 M 54 M M M M 0.00 0.0 0 M M M M M M M M
16 94 55 75 5 0 10 0.00 0.0 0 9.6 16 230 M M 0 24 240
17 92 64 78 8 0 13 0.00 0.0 0 9.1 16 250 M M 0 24 240
18 96 60 78 8 0 13 0.00 0.0 0 5.3 12 230 M M 0 21 180
19 97 65 81 11 0 16 0.00 0.0 0 11.7 21 220 M M 0 36 210
20 77 57 67 -4 0 2 0.00 0.0 0 18.7 35 40 M M 0 54 40
21 80 52 66 -5 0 1 0.00 0.0 0 9.6 15 40 M M 0 22 240
22 87 49 68 -4 0 3 0.00 0.0 0 6.8 15 240 M M 0 30 240
23 88 63 76 4 0 11 0.00 0.0 0 12.7 18 40 M M 0 30 290
24 91 62 77 5 0 12 0.00 0.0 0 8.7 14 30 M M 0 23 220
25 97 63 80 7 0 15 0.00 0.0 0 7.6 16 30 M M 0 20 260
26 98 62 80 7 0 15 0.00 0.0 0 9.9 22 200 M M 0 43 230
27 95 75 85 12 0 20 0.00 0.0 0 14.6 23 210 M M 0 44 210
28 88 70 79 5 0 14 0.00 0.0 0 17.9 23 240 M M 0 46 190
29 84 58 71 -3 0 6 0.00 0.0 0 12.7 24 10 M M 0 37 320
30 80 54 67 -7 0 2 0.00 0.0 0 7.9 16 40 M M 0 31 260
31 83 59 71 -4 0 6 0.00 0.0 0 14.7 28 20 M M 0 38 20
================================================================================
SM 2539 1727 37 198 T 0.0 349.7 M 2
================================================================================
AV 84.6 55.7 11.7 FASTST M M 0 MAX(MPH)
MISC ----> 37 20 54 40
================================================================================
NOTES:
# LAST OF SEVERAL OCCURRENCES
COLUMN 17 PEAK WIND IN M.P.H.
PRELIMINARY LOCAL CLIMATOLOGICAL DATA (WS FORM: F-6) , PAGE 2
STATION: DESERT ROCK-MERCURY NV
MONTH: MAY
YEAR: 2022
LATITUDE: 36 37 N
LONGITUDE: 116 1 W
[TEMPERATURE DATA] [PRECIPITATION DATA] SYMBOLS USED IN COLUMN 16
AVERAGE MONTHLY: 70.2 TOTAL FOR MONTH: T 1 = FOG OR MIST
DPTR FM NORMAL: 0.7 DPTR FM NORMAL: -0.18 2 = FOG REDUCING VISIBILITY
HIGHEST: 98 ON 26 GRTST 24HR T ON 11-11 TO 1/4 MILE OR LESS
LOWEST: 40 ON 11 3 = THUNDER
SNOW, ICE PELLETS, HAIL 4 = ICE PELLETS
TOTAL MONTH: 0.0 INCH 5 = HAIL
GRTST 24HR 0.0 6 = FREEZING RAIN OR DRIZZLE
GRTST DEPTH: 0 7 = DUSTSTORM OR SANDSTORM:
VSBY 1/2 MILE OR LESS
8 = SMOKE OR HAZE
[NO. OF DAYS WITH] [WEATHER - DAYS WITH] 9 = BLOWING SNOW
X = TORNADO
MAX 32 OR BELOW: 0 0.01 INCH OR MORE: 0
MAX 90 OR ABOVE: 10 0.10 INCH OR MORE: 0
MIN 32 OR BELOW: 0 0.50 INCH OR MORE: 0
MIN 0 OR BELOW: 0 1.00 INCH OR MORE: 0
[HDD (BASE 65) ]
TOTAL THIS MO. 37 CLEAR (SCALE 0-3) 30
DPTR FM NORMAL -12 PTCLDY (SCALE 4-7) 0
TOTAL FM JUL 1 2515 CLOUDY (SCALE 8-10) 1
DPTR FM NORMAL -324
[CDD (BASE 65) ]
TOTAL THIS MO. 198
DPTR FM NORMAL 9 [PRESSURE DATA]
TOTAL FM JAN 1 249 HIGHEST SLP M ON M
DPTR FM NORMAL 25 LOWEST SLP M ON M
[REMARKS]
#FINAL-05-22#