468
CXUS55 KGJT 011000
CF6DRO
PRELIMINARY LOCAL CLIMATOLOGICAL DATA (WS FORM: F-6)
STATION: DURANGO AIRPORT CO
MONTH: SEPTEMBER
YEAR: 2020
LATITUDE: 37 9 N
LONGITUDE: 107 45 W
TEMPERATURE IN F: :PCPN: SNOW: WIND :SUNSHINE: SKY :PK WND
================================================================================
1 2 3 4 5 6A 6B 7 8 9 10 11 12 13 14 15 16 17 18
12Z AVG MX 2MIN
DY MAX MIN AVG DEP HDD CDD WTR SNW DPTH SPD SPD DIR MIN PSBL S-S WX SPD DR
================================================================================
1 79 52 66 2 0 1 T M M 5.6 22 350 M M 2 29 360
2 85 42 64 1 1 0 0.00 M M 6.6 22 210 M M 0 8 34 210
3 89 43 66 3 0 1 0.00 M M 5.6 14 270 M M 0 8 24 250
4 90 49 70 7 0 5 0.00 M M 4.1 17 250 M M 0 30 250
5 92 51 72 10 0 7 0.00 M M 6.6 20 250 M M 0 25 280
6 93 48 71 9 0 6 0.00 M M 5.8 17 210 M M 0 24 230
7 89 48 69 7 0 4 0.00 M M 6.5 29 260 M M 1 8 39 270
8 75 37 56 -6 9 0 0.16 M M 8.1 31 300 M M 3 138 45 200
9 51 38 45 -16 20 0 0.04 M M 7.5 18 140 M M 10 1 25 150
10 52 38 45 -16 20 0 0.23 M M 5.7 14 140 M M 7 1 20 140
11 66 33 50 -10 15 0 0.00 M M 5.9 18 260 M M 2 25 260
12 76 36 56 -4 9 0 0.00 M M 3.4 14 220 M M 0 20 220
13 78 38 58 -2 7 0 0.00 M M 3.2 12 310 M M 0 17 310
14 81 42 62 3 3 0 0.00 M M 3.1 16 260 M M 0 20 260
15 81 41 61 2 4 0 0.00 M M 5.3 29 30 M M 0 42 20
16 82 40 61 2 4 0 0.00 M M 4.1 15 350 M M 0 24 160
17 80 42 61 3 4 0 0.00 M M 5.8 17 250 M M 0 23 230
18 79 42 61 3 4 0 0.00 M M 4.1 14 10 M M 1 16 10
19 79 48 64 6 1 0 0.00 M M 5.8 15 260 M M 1 20 250
20 81 47 64 7 1 0 0.00 M M 5.2 18 220 M M 2 23 260
21 80 44 62 5 3 0 0.00 M M 4.9 24 300 M M 1 30 340
22 79 42 61 5 4 0 T M M 5.2 18 280 M M 1 24 280
23 82 43 63 7 2 0 0.00 M M 5.6 16 340 M M 1 22 260
24 82 40 61 5 4 0 0.00 M M 5.4 15 260 M M 0 20 230
25 83 40 62 7 3 0 0.00 M M 6.9 24 270 M M 0 39 310
26 81 39 60 5 5 0 0.00 M M 7.2 25 270 M M 0 39 270
27 80 38 59 5 6 0 0.00 M M 11.6 33 260 M M 0 48 260
28 69 34 52 -2 13 0 0.00 M M 6.3 17 140 M M 0 24 140
29 73 30 52 -2 13 0 0.00 M M 4.8 13 260 M M 0 20 280
30 80 32 56 3 9 0 0.00 M M 4.9 17 220 M M 0 23 230
================================================================================
SM 2367 1237 164 24 0.43 M 170.8 M 32
================================================================================
AV 78.9 41.2 5.7 FASTST M M 1 MAX(MPH)
MISC ----> # 33 260 # 48 260
================================================================================
NOTES:
# LAST OF SEVERAL OCCURRENCES
COLUMN 17 PEAK WIND IN M.P.H.
PRELIMINARY LOCAL CLIMATOLOGICAL DATA (WS FORM: F-6) , PAGE 2
STATION: DURANGO AIRPORT CO
MONTH: SEPTEMBER
YEAR: 2020
LATITUDE: 37 9 N
LONGITUDE: 107 45 W
[TEMPERATURE DATA] [PRECIPITATION DATA] SYMBOLS USED IN COLUMN 16
AVERAGE MONTHLY: 60.1 TOTAL FOR MONTH: 0.43 1 = FOG OR MIST
DPTR FM NORMAL: 1.4 DPTR FM NORMAL: -1.48 2 = FOG REDUCING VISIBILITY
HIGHEST: 93 ON 6 GRTST 24HR 0.23 ON 10-10 TO 1/4 MILE OR LESS
LOWEST: 30 ON 29 3 = THUNDER
SNOW, ICE PELLETS, HAIL 4 = ICE PELLETS
TOTAL MONTH: M 5 = HAIL
GRTST 24HR M ON M 6 = FREEZING RAIN OR DRIZZLE
GRTST DEPTH: M ON M 7 = DUSTSTORM OR SANDSTORM:
VSBY 1/2 MILE OR LESS
8 = SMOKE OR HAZE
[NO. OF DAYS WITH] [WEATHER - DAYS WITH] 9 = BLOWING SNOW
X = TORNADO
MAX 32 OR BELOW: 0 0.01 INCH OR MORE: 3
MAX 90 OR ABOVE: 3 0.10 INCH OR MORE: 2
MIN 32 OR BELOW: 2 0.50 INCH OR MORE: 0
MIN 0 OR BELOW: 0 1.00 INCH OR MORE: 0
[HDD (BASE 65) ]
TOTAL THIS MO. 164 CLEAR (SCALE 0-3) 28
DPTR FM NORMAL -31 PTCLDY (SCALE 4-7) 1
TOTAL FM JUL 1 169 CLOUDY (SCALE 8-10) 1
DPTR FM NORMAL -55
[CDD (BASE 65) ]
TOTAL THIS MO. 24
DPTR FM NORMAL 18 [PRESSURE DATA]
TOTAL FM JAN 1 445 HIGHEST SLP 30.38 ON 29
DPTR FM NORMAL 202 LOWEST SLP 29.39 ON 8
[REMARKS]
#FINAL-09-20#