000
CXUS54 KFWD 010835
CF6DTO
PRELIMINARY LOCAL CLIMATOLOGICAL DATA (WS FORM: F-6)
STATION: DENTON
MONTH: FEBRUARY
YEAR: 2024
LATITUDE: 33 12 N
LONGITUDE: 97 12 W
TEMPERATURE IN F: :PCPN: SNOW: WIND :SUNSHINE: SKY :PK WND
================================================================================
1 2 3 4 5 6A 6B 7 8 9 10 11 12 13 14 15 16 17 18
12Z AVG MX 2MIN
DY MAX MIN AVG DEP HDD CDD WTR SNW DPTH SPD SPD DIR MIN PSBL S-S WX SPD DR
================================================================================
1 74 41 58 12 7 0 0.00 M M 9.2 21 170 M M 0 27 170
2 67 52 60 14 5 0 0.69 M M 11.5 28 270 M M 8 13 38 260
3 66 48 57 11 8 0 0.11 M M 9.1 23 100 M M 6 13 32 100
4 62 49 56 10 9 0 0.18 M M 12.1 30 320 M M 9 13 42 350
5 60 46 53 7 12 0 T M M 15.8 20 350 M M 6 30 340
6 66 32 49 3 16 0 0.00 M M 3.6 10 130 M M 0 1 14 120
7 66 49 58 11 7 0 0.00 M M 13.0 24 160 M M 1 32 190
8 68 49 59 12 6 0 0.00 M M 9.8 18 260 M M 1 25 260
9 69 44 57 10 8 0 0.00 M M 5.2 15 210 M M 0 20 220
10 58 44 51 4 14 0 0.15 M M 5.9 14 30 M M 7 1 18 60
11 52 37 45 -2 20 0 0.60 M M 14.8 24 360 M M 10 13 32 360
12 55 33 44 -4 21 0 0.00 M M 12.7 21 310 M M 4 1 30 330
13 63 27 45 -3 20 0 0.00 M M 5.5 15 190 M M 0 19 190
14 68 37 53 5 12 0 0.00 M M 10.4 22 170 M M 0 31 170
15 69 45 57 9 8 0 0.00 M M 5.8 10 180 M M 0 14 130
16 67 39 53 5 12 0 0.00 M M 14.2 26 360 M M 0 1 37 350
17 43 32 38 -11 27 0 0.00 M M 16.3 26 360 M M 5 35 350
18 53 22 38 -11 27 0 0.00 M M 3.9 12 230 M M 0 15 230
19 68 34 51 2 14 0 0.00 M M 9.2 24 200 M M 0 32 180
20 81 32 57 8 8 0 0.00 M M 7.3 22 180 M M 0 1 28 190
21 80 50 65 15 0 0 0.00 M M 15.6 26 180 M M 0 35 190
22 77 55 66 16 0 1 0.00 M M 12.2 22 180 M M 0 29 180
23 71 41 56 6 9 0 0.00 M M 8.5 18 330 M M 0 26 320
24 76 37 57 7 8 0 0.00 M M 6.2 17 200 M M 0 23 200
25 84 48 66 15 0 1 0.00 M M 10.0 21 200 M M 0 30 210
26 93 44 69 18 0 4 0.00 M M 9.4 21 200 M M 0 29 190
27 78 62 70 19 0 5 0.00 M M 14.3 28 350 M M 1 1 37 350
28 61 36 49 -2 16 0 0.00 M M 13.3 30 350 M M 2 41 350
29 49 37 43 -9 22 0 0.27 M M 6.8 15 50 M M 7 1 22 60
================================================================================
SM 1944 1202 316 11 2.00 M 291.6 M 67
================================================================================
AV 67.0 41.4 10.1 FASTST M M 2 MAX(MPH)
MISC ----> # 30 320 42 350
================================================================================
NOTES:
# LAST OF SEVERAL OCCURRENCES
COLUMN 17 PEAK WIND IN M.P.H.
PRELIMINARY LOCAL CLIMATOLOGICAL DATA (WS FORM: F-6) , PAGE 2
STATION: DENTON
MONTH: FEBRUARY
YEAR: 2024
LATITUDE: 33 12 N
LONGITUDE: 97 12 W
[TEMPERATURE DATA] [PRECIPITATION DATA] SYMBOLS USED IN COLUMN 16
AVERAGE MONTHLY: 54.2 TOTAL FOR MONTH: 2.00 1 = FOG OR MIST
DPTR FM NORMAL: 6.0 DPTR FM NORMAL: -0.48 2 = FOG REDUCING VISIBILITY
HIGHEST: 93 ON 26 GRTST 24HR 0.80 ON 2- 3 TO 1/4 MILE OR LESS
LOWEST: 22 ON 18 3 = THUNDER
SNOW, ICE PELLETS, HAIL 4 = ICE PELLETS
TOTAL MONTH: M 5 = HAIL
GRTST 24HR M ON M 6 = FREEZING RAIN OR DRIZZLE
GRTST DEPTH: M ON M 7 = DUSTSTORM OR SANDSTORM:
VSBY 1/2 MILE OR LESS
8 = SMOKE OR HAZE
[NO. OF DAYS WITH] [WEATHER - DAYS WITH] 9 = BLOWING SNOW
X = TORNADO
MAX 32 OR BELOW: 0 0.01 INCH OR MORE: 6
MAX 90 OR ABOVE: 1 0.10 INCH OR MORE: 6
MIN 32 OR BELOW: 5 0.50 INCH OR MORE: 2
MIN 0 OR BELOW: 0 1.00 INCH OR MORE: 0
[HDD (BASE 65) ]
TOTAL THIS MO. 316 CLEAR (SCALE 0-3) 20
DPTR FM NORMAL -159 PTCLDY (SCALE 4-7) 7
TOTAL FM JUL 1 2014 CLOUDY (SCALE 8-10) 2
DPTR FM NORMAL -204
[CDD (BASE 65) ]
TOTAL THIS MO. 11
DPTR FM NORMAL 6 [PRESSURE DATA]
TOTAL FM JAN 1 11 HIGHEST SLP 30.43 ON 29
DPTR FM NORMAL 5 LOWEST SLP 29.48 ON 4
[REMARKS]
#FINAL-02-24#