000
CXUS51 KPBZ 141252
CF6DUJ
PRELIMINARY LOCAL CLIMATOLOGICAL DATA (WS FORM: F-6)
STATION: DUBOIS PA
MONTH: NOVEMBER
YEAR: 2021
LATITUDE: 41 10 N
LONGITUDE: 78 54 W
TEMPERATURE IN F: :PCPN: SNOW: WIND :SUNSHINE: SKY :PK WND
================================================================================
1 2 3 4 5 6A 6B 7 8 9 10 11 12 13 14 15 16 17 18
12Z AVG MX 2MIN
DY MAX MIN AVG DEP HDD CDD WTR SNW DPTH SPD SPD DIR MIN PSBL S-S WX SPD DR
================================================================================
1 50 37 44 0 21 0 0.02 M M 10.1 22 290 M M 4 1 33 290
2 47 31 39 -5 26 0 0.00 M M 7.5 18 260 M M 9 24 270
3 45 30 38 -6 27 0 T M M 6.5 18 330 M M 8 1 23 330
4 46 25 36 -7 29 0 0.00 M M 2.3 9 310 M M 3 13 240
5 46 25 36 -7 29 0 0.00 M M 2.9 10 260 M M 1 12 15 340
6 53 24 39 -4 26 0 0.00 M M 5.1 9 130 M M 0 13 200
7 57 28 43 1 22 0 0.00 M M 4.2 12 240 M M 0 15 240
8 63 34 49 7 16 0 0.00 M M 5.1 14 250 M M 0 17 230
9 65 42 54 12 11 0 0.00 M M 6.3 14 230 M M 0 19 280
10 59 41 50 9 15 0 0.00 M M 5.4 12 340 M M 3 16 280
11 62 41 52 11 13 0 0.00 M M 14.0 22 130 M M 2 32 120
12 58 40 49 9 16 0 0.31 M M 8.0 24 250 M M 6 1 30 250
13 43 33 38 -2 27 0 0.03 M M 13.3 26 240 M M 9 18 36 230
14 36 33 35 -5 30 0 0.15 M M 10.2 21 250 M M 10 128 27 260
15 37 32 35 -4 30 0 0.01 M M 14.5 25 260 M M 9 18 34 260
16 42 30 36 -3 29 0 0.00 M M 7.5 16 250 M M 5 21 240
17 67 32 50 11 15 0 0.01 M M 8.6 26 230 M M 5 8 34 240
18 60 34 47 9 18 0 0.19 M M 12.4 22 260 M M 8 18 30 270
19 35 27 31 -7 34 0 T M M 11.3 23 250 M M 9 8 30 280
20 42 22 32 -6 33 0 0.00 M M 5.8 14 130 M M 1 21 150
21 41 31 36 -1 29 0 0.06 M M 6.1 18 240 M M 6 18 24 270
22 41 27 34 -3 31 0 T M M 10.3 22 300 M M 9 1 30 300
23 36 21 29 -7 36 0 T M M 7.8 15 300 M M 5 1 21 310
24 44 19 32 -4 33 0 0.00 M M 3.7 12 230 M M 0 14 230
25 47 38 43 7 22 0 0.04 M M 8.4 18 230 M M 9 18 24 230
26 42 26 34 -1 31 0 0.10 M M 15.0 25 270 M M 10 128 33 280
27 30 25 28 -7 37 0 0.02 M M 8.2 18 290 M M 10 18 23 270
28 34 29 32 -3 33 0 0.04 M M 11.0 21 260 M M 10 18 26 250
29 34 28 31 -3 34 0 0.01 M M 7.9 15 280 M M 10 1 21 230
30 38 28 33 -1 32 0 0.03 M M 8.3 21 270 M M 10 18 29 260
================================================================================
SM 1400 913 785 0 1.02 M 247.7 M 171
================================================================================
AV 46.7 30.4 8.3 FASTST M M 6 MAX(MPH)
MISC ----> # 26 230 36 230
================================================================================
NOTES:
# LAST OF SEVERAL OCCURRENCES
COLUMN 17 PEAK WIND IN M.P.H.
PRELIMINARY LOCAL CLIMATOLOGICAL DATA (WS FORM: F-6) , PAGE 2
STATION: DUBOIS PA
MONTH: NOVEMBER
YEAR: 2021
LATITUDE: 41 10 N
LONGITUDE: 78 54 W
[TEMPERATURE DATA] [PRECIPITATION DATA] SYMBOLS USED IN COLUMN 16
AVERAGE MONTHLY: 38.6 TOTAL FOR MONTH: 1.02 1 = FOG OR MIST
DPTR FM NORMAL: -0.7 DPTR FM NORMAL: -2.19 2 = FOG REDUCING VISIBILITY
HIGHEST: 67 ON 17 GRTST 24HR 0.31 ON 12-12 TO 1/4 MILE OR LESS
LOWEST: 19 ON 24 3 = THUNDER
SNOW, ICE PELLETS, HAIL 4 = ICE PELLETS
TOTAL MONTH: M 5 = HAIL
GRTST 24HR M ON M 6 = FREEZING RAIN OR DRIZZLE
GRTST DEPTH: M ON M 7 = DUSTSTORM OR SANDSTORM:
VSBY 1/2 MILE OR LESS
8 = SMOKE OR HAZE
[NO. OF DAYS WITH] [WEATHER - DAYS WITH] 9 = BLOWING SNOW
X = TORNADO
MAX 32 OR BELOW: 1 0.01 INCH OR MORE: 14
MAX 90 OR ABOVE: 0 0.10 INCH OR MORE: 4
MIN 32 OR BELOW: 20 0.50 INCH OR MORE: 0
MIN 0 OR BELOW: 0 1.00 INCH OR MORE: 0
[HDD (BASE 65) ]
TOTAL THIS MO. 785 CLEAR (SCALE 0-3) 10
DPTR FM NORMAL 11 PTCLDY (SCALE 4-7) 8
TOTAL FM JUL 1 1136 CLOUDY (SCALE 8-10) 12
DPTR FM NORMAL -317
[CDD (BASE 65) ]
TOTAL THIS MO. 0
DPTR FM NORMAL 0 [PRESSURE DATA]
TOTAL FM JAN 1 674 HIGHEST SLP 30.51 ON 20
DPTR FM NORMAL 260 LOWEST SLP 29.70 ON 26
[REMARKS]
#FINAL-11-21#