000
CXUS55 KDVN 011100
CF6DVN
PRELIMINARY LOCAL CLIMATOLOGICAL DATA (WS FORM: F-6)
STATION: DAVENPORT IA
MONTH: MARCH
YEAR: 2020
LATITUDE: 41 37 N
LONGITUDE: 90 35 W
TEMPERATURE IN F: :PCPN: SNOW: WIND :SUNSHINE: SKY :PK WND
================================================================================
1 2 3 4 5 6A 6B 7 8 9 10 11 12 13 14 15 16 17 18
12Z AVG MX 2MIN
DY MAX MIN AVG DEP HDD CDD WTR SNW DPTH SPD SPD DIR MIN PSBL S-S WX SPD DR
================================================================================
1 64 35 50 19 15 0 0.00 0.0 0 15.2 26 180 M M 1 42 170
2 39 28 34 2 31 0 0.00 0.0 0 8.0 15 270 M M 5 21 290
3 51 28 40 8 25 0 T 0.0 0 13.7 33 290 M M 4 44 300
4 50 30 40 7 25 0 T T 0 9.4 20 340 M M 2 23 340
5 53 33 43 10 22 0 T T 0 21.2 35 290 M M 5 45 290
6 47 27 37 3 28 0 0.00 0.0 0 12.0 30 320 M M 1 39 330
7 58 24 41 7 24 0 0.00 0.0 0 17.0 26 180 M M 0 35 180
8 69 42 56 21 9 0 0.00 0.0 0 19.2 32 190 M M 0 45 180
9 57 39 48 13 17 0 1.20 0.0 0 12.3 24 220 M M 9 13 35 220
10 50 34 42 6 23 0 T 0.0 0 9.2 20 320 M M 7 1 25 300
11 48 37 43 7 22 0 T 0.0 0 7.9 18 170 M M 8 18 22 180
12 58 36 47 11 18 0 0.03 0.0 0 14.7 30 310 M M 6 12 42 300
13 49 30 40 3 25 0 0.00 0.0 0 13.3 23 290 M M 1 32 280
14 38 30 34 -3 31 0 0.10 1.7 0 10.1 20 20 M M 9 12 25 20
15 36 28 32 -6 33 0 0.00 0.0 T 7.6 15 60 M M 9 19 70
16 41 33 37 -1 28 0 T T 0 5.4 9 260 M M 10 18 12 270
17 48 30 39 0 26 0 0.00 0.0 0 7.2 17 320 M M 2 18 24 320
18 47 39 43 4 22 0 0.19 0.0 0 10.3 15 140 M M 10 1 20 140
19 60 43 52 12 13 0 0.46 0.0 0 12.1 26 320 M M 10 12 36 310
20 45 32 39 -1 26 0 0.10 0.0 0 16.0 28 340 M M 9 1 36 340
21 37 28 33 -7 32 0 0.00 0.0 0 8.0 16 110 M M 8 20 90
22 36 26 31 -10 34 0 0.18 3.4 0 10.6 20 130 M M 8 128 25 120
23 40 29 35 -6 30 0 T T 3 3.8 12 160 M M 10 128 16 210
24 48 34 41 -1 24 0 0.00 0.0 0 8.6 20 130 M M 6 18 23 140
25 56 33 45 3 20 0 0.00 0.0 0 10.6 21 180 M M 5 12 28 160
26 52 42 47 4 18 0 T 0.0 0 9.7 18 50 M M 9 18 23 60
27 52 39 46 3 19 0 0.43 0.0 0 12.6 21 110 M M 7 138 29 110
28 68 48 58 15 7 0 0.38 0.0 0 13.8 29 140 M M 6 123 40 180
29 55 39 47 3 18 0 0.02 0.0 0 25.1 37 270 M M 8 18 50 280
30 62 33 48 4 17 0 0.00 0.0 0 9.4 21 310 M M 0 26 330
31 48 36 42 -3 23 0 0.00 0.0 0 9.8 17 40 M M 6 1 22 40
================================================================================
SM 1562 1045 705 0 3.09 5.1 363.8 M 181
================================================================================
AV 50.4 33.7 11.7 FASTST M M 6 MAX(MPH)
MISC ----> # 37 270 # 50 280
================================================================================
NOTES:
# LAST OF SEVERAL OCCURRENCES
COLUMN 17 PEAK WIND IN M.P.H.
PRELIMINARY LOCAL CLIMATOLOGICAL DATA (WS FORM: F-6) , PAGE 2
STATION: DAVENPORT IA
MONTH: MARCH
YEAR: 2020
LATITUDE: 41 37 N
LONGITUDE: 90 35 W
[TEMPERATURE DATA] [PRECIPITATION DATA] SYMBOLS USED IN COLUMN 16
AVERAGE MONTHLY: 42.1 TOTAL FOR MONTH: 3.09 1 = FOG OR MIST
DPTR FM NORMAL: 3.8 DPTR FM NORMAL: 0.57 2 = FOG REDUCING VISIBILITY
HIGHEST: 69 ON 8 GRTST 24HR 1.20 ON 9- 9 TO 1/4 MILE OR LESS
LOWEST: 24 ON 7 3 = THUNDER
SNOW, ICE PELLETS, HAIL 4 = ICE PELLETS
TOTAL MONTH: 5.1 INCHES 5 = HAIL
GRTST 24HR 3.4 ON 22-22 6 = FREEZING RAIN OR DRIZZLE
GRTST DEPTH: 3 ON 23 7 = DUSTSTORM OR SANDSTORM:
VSBY 1/2 MILE OR LESS
8 = SMOKE OR HAZE
[NO. OF DAYS WITH] [WEATHER - DAYS WITH] 9 = BLOWING SNOW
X = TORNADO
MAX 32 OR BELOW: 0 0.01 INCH OR MORE: 10
MAX 90 OR ABOVE: 0 0.10 INCH OR MORE: 8
MIN 32 OR BELOW: 13 0.50 INCH OR MORE: 1
MIN 0 OR BELOW: 0 1.00 INCH OR MORE: 1
[HDD (BASE 65) ]
TOTAL THIS MO. 705 CLEAR (SCALE 0-3) 8
DPTR FM NORMAL -128 PTCLDY (SCALE 4-7) 13
TOTAL FM JUL 1 5373 CLOUDY (SCALE 8-10) 10
DPTR FM NORMAL -485
[CDD (BASE 65) ]
TOTAL THIS MO. 0
DPTR FM NORMAL 0 [PRESSURE DATA]
TOTAL FM JAN 1 0 HIGHEST SLP 30.71 ON 15
DPTR FM NORMAL 0 LOWEST SLP 29.37 ON 28
[REMARKS]
#FINAL-03-20#