000
CXUS55 KPSR 011005
CF6DVT
PRELIMINARY LOCAL CLIMATOLOGICAL DATA (WS FORM: F-6)
STATION: DEER VLY/PHOENIX AZ
MONTH: JANUARY
YEAR: 2022
LATITUDE: 33 41 N
LONGITUDE: 112 4 W
TEMPERATURE IN F: :PCPN: SNOW: WIND :SUNSHINE: SKY :PK WND
================================================================================
1 2 3 4 5 6A 6B 7 8 9 10 11 12 13 14 15 16 17 18
12Z AVG MX 2MIN
DY MAX MIN AVG DEP HDD CDD WTR SNW DPTH SPD SPD DIR MIN PSBL S-S WX SPD DR
================================================================================
1 54 40 47 -6 18 0 0.10 M M 12.5 24 30 M M 2 1 36 360
2 59 31 45 -8 20 0 0.00 M M 3.9 13 50 M M 0 16 40
3 63 36 50 -4 15 0 0.00 M M 3.2 9 40 M M 0 13 50
4 63 38 51 -3 14 0 0.00 0.0 M 2.2 10 50 M M 0 14 60
5 63 38 51 -3 14 0 0.00 0.0 M 1.4 8 260 M M 0 11 60
6 65 40 53 -1 12 0 0.00 M M 2.9 10 50 M M 0 15 40
7 69 41 55 1 10 0 0.00 M M 2.3 8 50 M M 0 14 150
8 65 47 56 2 9 0 0.00 0.0 M 3.9 12 230 M M 0 17 220
9 72 43 58 4 7 0 0.00 M M 5.6 15 50 M M 0 23 50
10 72 47 60 6 5 0 0.00 M M 7.1 17 70 M M 0 28 60
11 71 46 59 5 6 0 0.00 M M 3.5 13 40 M M 0 8 16 50
12 68 43 56 1 9 0 0.00 M M 3.3 13 30 M M 0 17 50
13 69 43 56 1 9 0 0.00 M M 2.1 12 50 M M 0 14 50
14 68 51 60 5 5 0 0.00 M M 3.6 12 50 M M 3 16 60
15 70 46 58 3 7 0 0.00 M M 6.4 16 70 M M 0 22 70
16 70 44 57 2 8 0 0.00 M M 2.7 9 50 M M 0 13 50
17 68 45 57 2 8 0 0.00 M M 2.5 12 50 M M 0 15 50
18 66 49 58 3 7 0 T M M 2.4 10 50 M M 6 18 210
19 67 48 58 3 7 0 0.00 M M 3.5 13 50 M M 4 17 50
20 71 44 58 3 7 0 0.00 M M 3.9 13 40 M M 0 16 60
21 67 42 55 0 10 0 0.00 M M 3.0 13 40 M M 0 15 160
22 67 45 56 1 9 0 0.05 M M 8.8 24 150 M M 6 1 35 150
23 68 46 57 2 8 0 0.00 M M 4.9 16 40 M M 0 22 40
24 66 42 54 -1 11 0 0.00 M M 3.4 9 50 M M 0 8 14 290
25 66 41 54 -1 11 0 0.00 M M 3.9 16 220 M M 0 21 220
26 67 40 54 -2 11 0 0.00 M M 2.9 10 40 M M 0 15 10
27 67 37 52 -4 13 0 0.00 M M 4.7 20 70 M M 0 27 60
28 68 44 56 0 9 0 0.00 M M 9.7 26 40 M M 0 36 40
29 70 46 58 2 7 0 T M M 6.0 17 50 M M 0 33 360
30 70 46 58 2 7 0 0.00 M M 4.3 16 80 M M 2 24 80
31 67 41 54 -2 11 0 0.00 M M 3.1 10 250 M M 0 14 60
================================================================================
SM 2076 1330 304 0 0.15 0.0 133.6 M 23
================================================================================
AV 67.0 42.9 4.3 FASTST M M 1 MAX(MPH)
MISC ----> 26 40 # 36 360
================================================================================
NOTES:
# LAST OF SEVERAL OCCURRENCES
COLUMN 17 PEAK WIND IN M.P.H.
PRELIMINARY LOCAL CLIMATOLOGICAL DATA (WS FORM: F-6) , PAGE 2
STATION: DEER VLY/PHOENIX AZ
MONTH: JANUARY
YEAR: 2022
LATITUDE: 33 41 N
LONGITUDE: 112 4 W
[TEMPERATURE DATA] [PRECIPITATION DATA] SYMBOLS USED IN COLUMN 16
AVERAGE MONTHLY: 54.9 TOTAL FOR MONTH: 0.15 1 = FOG OR MIST
DPTR FM NORMAL: 0.1 DPTR FM NORMAL: -1.02 2 = FOG REDUCING VISIBILITY
HIGHEST: 72 ON 10, 9 GRTST 24HR 0.26 ON 31- 1 TO 1/4 MILE OR LESS
LOWEST: 31 ON 2 3 = THUNDER
SNOW, ICE PELLETS, HAIL 4 = ICE PELLETS
TOTAL MONTH: 0.0 INCH 5 = HAIL
GRTST 24HR 0.0 6 = FREEZING RAIN OR DRIZZLE
GRTST DEPTH: M ON M 7 = DUSTSTORM OR SANDSTORM:
VSBY 1/2 MILE OR LESS
8 = SMOKE OR HAZE
[NO. OF DAYS WITH] [WEATHER - DAYS WITH] 9 = BLOWING SNOW
X = TORNADO
MAX 32 OR BELOW: 0 0.01 INCH OR MORE: 2
MAX 90 OR ABOVE: 0 0.10 INCH OR MORE: 1
MIN 32 OR BELOW: 1 0.50 INCH OR MORE: 0
MIN 0 OR BELOW: 0 1.00 INCH OR MORE: 0
[HDD (BASE 65) ]
TOTAL THIS MO. 304 CLEAR (SCALE 0-3) 28
DPTR FM NORMAL -15 PTCLDY (SCALE 4-7) 3
TOTAL FM JUL 1 587 CLOUDY (SCALE 8-10) 0
DPTR FM NORMAL -242
[CDD (BASE 65) ]
TOTAL THIS MO. 0
DPTR FM NORMAL -1 [PRESSURE DATA]
TOTAL FM JAN 1 0 HIGHEST SLP 30.39 ON 2
DPTR FM NORMAL -1 LOWEST SLP 29.65 ON 1
[REMARKS]
#FINAL-01-22#